000
CXUS55 KPUB 231059
CF6ALS
PRELIMINARY LOCAL CLIMATOLOGICAL DATA (WS FORM: F-6)

                                          STATION:   ALAMOSA CO
                                          MONTH:     MAY
                                          YEAR:      2019
                                          LATITUDE:   37 27 N
                                          LONGITUDE: 105 52 W

  TEMPERATURE IN F:       :PCPN:    SNOW:  WIND      :SUNSHINE: SKY     :PK WND
================================================================================
1   2   3   4   5  6A  6B    7    8   9   10  11  12  13   14  15   16   17  18
                                     12Z  AVG MX 2MIN
DY MAX MIN AVG DEP HDD CDD  WTR  SNW DPTH SPD SPD DIR MIN PSBL S-S WX    SPD DR
================================================================================

 1  59  37  48   1  17   0    T  0.0    0 13.3 31 260   M    M   5        43 220
 2  66  29  48   1  17   0    T  0.0    0 10.0 29 250   M    M   2        41 240
 3  64  25  45  -2  20   0 0.00  0.0    0  7.4 18 220   M    M   0        26 360
 4  63  27  45  -3  20   0 0.00  0.0    0  8.0 30 310   M    M   2        45 330
 5  66  25  46  -2  19   0 0.00  0.0    0  6.8 31 280   M    M   1        39 270
 6  72  28  50   2  15   0 0.00  0.0    0  8.5 31 230   M    M   1        37 230
 7  68  39  54   5  11   0    T  0.0    0 13.2 31 200   M    M   2 8      42 190
 8  61  33  47  -2  18   0 0.05    T    0 11.5 30 100   M    M   5 13     45 100
 9  41  28  35 -14  30   0 0.48  4.0    3 11.5 24 100   M    M  10 18     33  90
10  49  32  41  -9  24   0 0.24  0.8    1  5.9 15 190   M    M  10 1      19 200
11  59  38  49  -1  16   0    T  0.0    0  5.4 15 220   M    M   5        22 260
12  66  30  48  -2  17   0 0.00  0.0    0  3.7 14 330   M    M   0        21 340
13  71  34  53   3  12   0    T  0.0    0  5.4 32 280   M    M   2        41 280
14  75  36  56   5   9   0 0.00  0.0    0  5.9 23 320   M    M   2        31 320
15  74  36  55   4  10   0 0.01  0.0    0  8.3 29 240   M    M   1        36 250
16  75  42  59   8   6   0    T  0.0    0 11.9 39 200   M    M   2 3      60 200
17  60  35  48  -4  17   0 0.00  0.0    0 17.4 41 210   M    M   2 8      56 210
18  59  30  45  -7  20   0    T  0.0    0 10.6 28 330   M    M   3        37 340
19  63  26  45  -7  20   0 0.00  0.0    0 13.3 35 200   M    M   3        46 200
20  59  30  45  -7  20   0 0.00  0.0    0 15.1 35 200   M    M   5        46 220
21  57  30  44  -9  21   0 0.08  1.5    1 11.0 32 240   M    M   7 1      41 240
22  56  30  43 -10  22   0 0.00  0.0    0 13.4 32 220   M    M   5        43 220
================================================================================
SM 1383  700       381   0  0.86     6.3 217.5          M       75
================================================================================
AV 62.9 31.8                               9.9 FASTST   M    M   3    MAX(MPH)
                                 MISC ---->  # 41 210               # 60  200
================================================================================
NOTES:
# LAST OF SEVERAL OCCURRENCES

COLUMN 17 PEAK WIND IN M.P.H.

PRELIMINARY LOCAL CLIMATOLOGICAL DATA (WS FORM: F-6) , PAGE 2

                                          STATION:  ALAMOSA CO
                                          MONTH:    MAY
                                          YEAR:     2019
                                          LATITUDE:   37 27 N
                                          LONGITUDE: 105 52 W

[TEMPERATURE DATA]      [PRECIPITATION DATA]       SYMBOLS USED IN COLUMN 16

AVERAGE MONTHLY: 47.3   TOTAL FOR MONTH:   0.86    1 = FOG OR MIST
DPTR FM NORMAL:  -2.6   DPTR FM NORMAL:    0.44    2 = FOG REDUCING VISIBILITY
HIGHEST:    75 ON 16,14 GRTST 24HR  0.48 ON  9- 9      TO 1/4 MILE OR LESS
LOWEST:     25 ON  5, 3                            3 = THUNDER
                        SNOW, ICE PELLETS, HAIL    4 = ICE PELLETS
                        TOTAL MONTH:   6.3 INCHES  5 = HAIL
                        GRTST 24HR   4.0 ON  9- 9  6 = FREEZING RAIN OR DRIZZLE
                        GRTST DEPTH:   3 ON  9     7 = DUSTSTORM OR SANDSTORM:
                                                       VSBY 1/2 MILE OR LESS
                                                   8 = SMOKE OR HAZE
[NO. OF DAYS WITH]      [WEATHER - DAYS WITH]      9 = BLOWING SNOW
                                                   X = TORNADO
MAX 32 OR BELOW:   0    0.01 INCH OR MORE:   5
MAX 90 OR ABOVE:   0    0.10 INCH OR MORE:   2
MIN 32 OR BELOW:  13    0.50 INCH OR MORE:   0
MIN  0 OR BELOW:   0    1.00 INCH OR MORE:   0

[HDD (BASE 65) ]
TOTAL THIS MO.   381    CLEAR  (SCALE 0-3)  14
DPTR FM NORMAL    50    PTCLDY (SCALE 4-7)   6
TOTAL FM JUL 1  8274    CLOUDY (SCALE 8-10)  2
DPTR FM NORMAL   -57

[CDD (BASE 65) ]
TOTAL THIS MO.     0
DPTR FM NORMAL     0    [PRESSURE DATA]
TOTAL FM JAN 1     0    HIGHEST SLP M ON M
DPTR FM NORMAL     0    LOWEST  SLP 29.39 ON 21

[REMARKS]
