000
CXUS55 KPUB 191059
CF6ALS
PRELIMINARY LOCAL CLIMATOLOGICAL DATA (WS FORM: F-6)

                                          STATION:   ALAMOSA CO
                                          MONTH:     MARCH
                                          YEAR:      2019
                                          LATITUDE:   37 27 N
                                          LONGITUDE: 105 52 W

  TEMPERATURE IN F:       :PCPN:    SNOW:  WIND      :SUNSHINE: SKY     :PK WND
================================================================================
1   2   3   4   5  6A  6B    7    8   9   10  11  12  13   14  15   16   17  18
                                     12Z  AVG MX 2MIN
DY MAX MIN AVG DEP HDD CDD  WTR  SNW DPTH SPD SPD DIR MIN PSBL S-S WX    SPD DR
================================================================================

 1  52  24  38  10  27   0 0.00  0.0    0  8.7 21 210   M    M   1        27 200
 2  51  31  41  12  24   0 0.03  0.0    0 13.2 29 200   M    M   3 1      38 210
 3  50  28  39  10  26   0 0.03  0.5    T 10.0 28 260   M    M   5 1      36 250
 4  37  26  32   2  33   0 0.18  1.7    1  4.8 21  20   M    M   8 1      26  10
 5  48  18  33   3  32   0 0.00  0.0    T  3.8 12 170   M    M   2        15 200
 6  56  27  42  12  23   0    T  0.0    0 11.7 32 230   M    M   2        43 250
 7  51  26  39   8  26   0 0.00  0.0    0 18.7 39 240   M    M   0        51 240
 8  52  22  37   6  28   0 0.00  0.0    0 18.0 40 210   M    M   2        56 210
 9  46  21  34   2  31   0 0.00  0.0    0  9.3 21 180   M    M   1        26 180
10  50  19  35   3  30   0 0.00  0.0    0  9.3 28 210   M    M   2        38 220
11  49  28  39   7  26   0 0.41  2.3    1  8.2 29 180   M    M   7 1      37 180
12  49  32  41   9  24   0 0.31  0.7    1  5.9 18 140   M    M   9 1      25 130
13  43  26  35   2  30   0 0.14  2.0    2 14.9 32 340   M    M   8 1      44 340
14  37  20  29  -4  36   0 0.00  0.0    0  7.0 21 340   M    M   3        29 350
15  43  19  31  -3  34   0 0.00  0.0    0  3.7 10  20   M    M   1        14  40
16  50  16  33  -1  32   0 0.00  0.0    0  2.9 10 110   M    M   0        17 330
17  52  20  36   2  29   0 0.00  0.0    0  7.8 25 100   M    M   0        35  90
18  52  22  37   3  28   0 0.00  0.0    0  6.6 21 260   M    M   3        26 190
================================================================================
SM  868  425       519   0  1.10     7.2 164.5          M       57
================================================================================
AV 48.2 23.6                               9.1 FASTST   M    M   3    MAX(MPH)
                                 MISC ---->  # 40 210               # 56  210
================================================================================
NOTES:
# LAST OF SEVERAL OCCURRENCES

COLUMN 17 PEAK WIND IN M.P.H.

PRELIMINARY LOCAL CLIMATOLOGICAL DATA (WS FORM: F-6) , PAGE 2

                                          STATION:  ALAMOSA CO
                                          MONTH:    MARCH
                                          YEAR:     2019
                                          LATITUDE:   37 27 N
                                          LONGITUDE: 105 52 W

[TEMPERATURE DATA]      [PRECIPITATION DATA]       SYMBOLS USED IN COLUMN 16

AVERAGE MONTHLY: 35.9   TOTAL FOR MONTH:   1.10    1 = FOG OR MIST
DPTR FM NORMAL:   4.4   DPTR FM NORMAL:    0.81    2 = FOG REDUCING VISIBILITY
HIGHEST:    56 ON  6    GRTST 24HR  0.41 ON 11-11      TO 1/4 MILE OR LESS
LOWEST:     16 ON 16                               3 = THUNDER
                        SNOW, ICE PELLETS, HAIL    4 = ICE PELLETS
                        TOTAL MONTH:   7.2 INCHES  5 = HAIL
                        GRTST 24HR   2.3 ON 11-11  6 = FREEZING RAIN OR DRIZZLE
                        GRTST DEPTH:   2 ON 13     7 = DUSTSTORM OR SANDSTORM:
                                                       VSBY 1/2 MILE OR LESS
                                                   8 = SMOKE OR HAZE
[NO. OF DAYS WITH]      [WEATHER - DAYS WITH]      9 = BLOWING SNOW
                                                   X = TORNADO
MAX 32 OR BELOW:   0    0.01 INCH OR MORE:   6
MAX 90 OR ABOVE:   0    0.10 INCH OR MORE:   4
MIN 32 OR BELOW:  18    0.50 INCH OR MORE:   0
MIN  0 OR BELOW:   0    1.00 INCH OR MORE:   0

[HDD (BASE 65) ]
TOTAL THIS MO.   519    CLEAR  (SCALE 0-3)  11
DPTR FM NORMAL   -82    PTCLDY (SCALE 4-7)   6
TOTAL FM JUL 1  6915    CLOUDY (SCALE 8-10)  1
DPTR FM NORMAL   -15

[CDD (BASE 65) ]
TOTAL THIS MO.     0
DPTR FM NORMAL     0    [PRESSURE DATA]
TOTAL FM JAN 1     0    HIGHEST SLP M ON M
DPTR FM NORMAL     0    LOWEST  SLP 29.04 ON 13

[REMARKS]
