000
CXUS56 KPDT 181832
CF6ALW
PRELIMINARY LOCAL CLIMATOLOGICAL DATA (WS FORM: F-6)

                                          STATION:   WALLA WALLA WA
                                          MONTH:     MARCH
                                          YEAR:      2019
                                          LATITUDE:   46  5 N
                                          LONGITUDE: 118 17 W

  TEMPERATURE IN F:       :PCPN:    SNOW:  WIND      :SUNSHINE: SKY     :PK WND
================================================================================
1   2   3   4   5  6A  6B    7    8   9   10  11  12  13   14  15   16   17  18
                                     12Z  AVG MX 2MIN
DY MAX MIN AVG DEP HDD CDD  WTR  SNW DPTH SPD SPD DIR MIN PSBL S-S WX    SPD DR
================================================================================

 1  25  13  19 -23  46   0    T    M    M  2.9  9 190   M    M   9 128    10 170
 2  25  14  20 -22  45   0 0.00    M    M  3.7  8 280   M    M  10 128     9 260
 3  24  20  22 -21  43   0 0.00    M    M  4.4  9 190   M    M  10 1      11 200
 4  20  11  16 -27  49   0 0.00    M    M  3.1  7 140   M    M   9         8 270
 5  21   7  14 -29  51   0 0.02    M    M  2.8 10  80   M    M   4        11  80
 6  29  20  25 -19  40   0 0.22    M    M  4.1 13 180   M    M  10 168    16 200
 7  42  27  35  -9  30   0 0.05    M    M 11.1 21 190   M    M   4 1      27 210
 8  36  25  31 -13  34   0    T    M    M  5.2 12 150   M    M   6 18     13 140
 9  30  24  27 -17  38   0 0.00    M    M  5.2 10 180   M    M   9 128    13 170
10  34  24  29 -16  36   0 0.00    M    M  4.1  9 100   M    M   9        11 100
11  34  17  26 -19  39   0 0.00    M    M  3.7 12  70   M    M   0        12  50
12  40  27  34 -11  31   0 0.37    M    M 10.0 21 210   M    M  10 16     24 220
13  42  34  38  -8  27   0 0.00    M    M 10.7 16 190   M    M   4        19 190
14  45  31  38  -8  27   0 0.00    M    M  6.8 13  50   M    M   3        19  60
15  45  29  37  -9  28   0 0.00    M    M  3.5  9 180   M    M   4 18     13 170
16  45  30  38  -8  27   0 0.00    M    M  4.4 23 150   M    M   0        25 150
17  49  31  40  -7  25   0 0.00  0.0    M  3.5 13  90   M    M   0        13  90
================================================================================
SM  586  384       616   0  0.66     0.0  89.2          M      101
================================================================================
AV 34.5 22.6                               5.2 FASTST   M    M   6    MAX(MPH)
                                 MISC ---->  # 23 150               # 27  210
================================================================================
NOTES:
# LAST OF SEVERAL OCCURRENCES

COLUMN 17 PEAK WIND IN M.P.H.

PRELIMINARY LOCAL CLIMATOLOGICAL DATA (WS FORM: F-6) , PAGE 2

                                          STATION:  WALLA WALLA WA
                                          MONTH:    MARCH
                                          YEAR:     2019
                                          LATITUDE:   46  5 N
                                          LONGITUDE: 118 17 W

[TEMPERATURE DATA]      [PRECIPITATION DATA]       SYMBOLS USED IN COLUMN 16

AVERAGE MONTHLY: 28.5   TOTAL FOR MONTH:   0.66    1 = FOG OR MIST
DPTR FM NORMAL: -15.9   DPTR FM NORMAL:   -0.58    2 = FOG REDUCING VISIBILITY
HIGHEST:    49 ON 17    GRTST 24HR  0.37 ON 12-12      TO 1/4 MILE OR LESS
LOWEST:      7 ON  5                               3 = THUNDER
                        SNOW, ICE PELLETS, HAIL    4 = ICE PELLETS
                        TOTAL MONTH:   0.0 INCH    5 = HAIL
                        GRTST 24HR     0.0         6 = FREEZING RAIN OR DRIZZLE
                        GRTST DEPTH:  M  ON   M    7 = DUSTSTORM OR SANDSTORM:
                                                       VSBY 1/2 MILE OR LESS
                                                   8 = SMOKE OR HAZE
[NO. OF DAYS WITH]      [WEATHER - DAYS WITH]      9 = BLOWING SNOW
                                                   X = TORNADO
MAX 32 OR BELOW:   7    0.01 INCH OR MORE:   4
MAX 90 OR ABOVE:   0    0.10 INCH OR MORE:   2
MIN 32 OR BELOW:  16    0.50 INCH OR MORE:   0
MIN  0 OR BELOW:   0    1.00 INCH OR MORE:   0

[HDD (BASE 65) ]
TOTAL THIS MO.   616    CLEAR  (SCALE 0-3)   4
DPTR FM NORMAL   267    PTCLDY (SCALE 4-7)   5
TOTAL FM JUL 1  4334    CLOUDY (SCALE 8-10)  8
DPTR FM NORMAL   208

[CDD (BASE 65) ]
TOTAL THIS MO.     0
DPTR FM NORMAL     0    [PRESSURE DATA]
TOTAL FM JAN 1     0    HIGHEST SLP M ON M
DPTR FM NORMAL     0    LOWEST  SLP 29.65 ON  6

[REMARKS]
