010
CXUS56 KPDT 261832
CF6ALW
PRELIMINARY LOCAL CLIMATOLOGICAL DATA (WS FORM: F-6)

                                          STATION:   WALLA WALLA WA
                                          MONTH:     MAY
                                          YEAR:      2019
                                          LATITUDE:   46  5 N
                                          LONGITUDE: 118 17 W

  TEMPERATURE IN F:       :PCPN:    SNOW:  WIND      :SUNSHINE: SKY     :PK WND
================================================================================
1   2   3   4   5  6A  6B    7    8   9   10  11  12  13   14  15   16   17  18
                                     12Z  AVG MX 2MIN
DY MAX MIN AVG DEP HDD CDD  WTR  SNW DPTH SPD SPD DIR MIN PSBL S-S WX    SPD DR
================================================================================

 1  69  38  54  -1  11   0 0.00    M    M  9.9 23 250   M    M   3        29 240
 2  65  42  54  -2  11   0 0.00    M    M  9.9 23 230   M    M   0        29 240
 3  72  46  59   3   6   0 0.00    M    M  8.1 16 210   M    M   0        23 220
 4  75  50  63   7   2   0 0.00    M    M  7.0 15 220   M    M   0        19 220
 5  75  50  63   7   2   0 0.00    M    M  8.0 17 200   M    M   0        22 260
 6  79  49  64   7   1   0 0.00    M    M  5.4 14  20   M    M   0        19 360
 7  79  52  66   9   0   1 0.00    M    M  6.1 16 320   M    M   2        20 320
 8  79  55  67  10   0   2 0.00    M    M  8.9 15  20   M    M   2        20  20
 9  78  49  64   6   1   0 0.00    M    M 11.8 26  30   M    M   0        33  30
10  82  51  67   9   0   2 0.00    M    M  4.7 10  90   M    M   0        13  20
11  85  52  69  11   0   4 0.00    M    M  5.8 12 180   M    M   0        14 280
12  84  63  74  16   0   9 0.00    M    M 12.1 23 220   M    M   0        27 210
13  78  58  68   9   0   3 0.00    M    M  9.4 17 190   M    M   0        23 210
14  75  56  66   7   0   1 0.02    M    M 10.2 21 250   M    M   4        25 260
15  71  46  59   0   6   0 0.10    M    M  5.2 17 190   M    M   6 12     20 190
16  62  52  57  -3   8   0 0.27    M    M  4.8 16 220   M    M   9 1      20 220
17  63  50  57  -3   8   0 0.83    M    M 13.4 21 240   M    M  10 1      27 240
18  71  46  59  -1   6   0 0.00    M    M  9.9 24 210   M    M   1        31 210
19  71  52  62   2   3   0 0.23    M    M  6.1 26  60   M    M   3 3      31  60
20  67  50  59  -1   6   0    T    M    M  8.1 22 190   M    M   5        27 180
21  59  48  54  -7  11   0 0.23    M    M  7.7 17 180   M    M  10        20 190
22  71  50  61   0   4   0 0.00    M    M  7.9 23  50   M    M   6        28  30
23  78  47  63   2   2   0 0.00    M    M  5.5 13 170   M    M   1        18 180
24  66  53  60  -1   5   0 0.08    M    M 12.4 23 180   M    M   8        29 170
25  71  51  61  -1   4   0 0.04    M    M  8.5 21 210   M    M   5 3      26 200
================================================================================
SM 1825 1256        97  22  1.80    M    206.8          M       75
================================================================================
AV 73.0 50.2                               8.3 FASTST   M    M   3    MAX(MPH)
                                 MISC ---->  # 26  30               # 33   30
================================================================================
NOTES:
# LAST OF SEVERAL OCCURRENCES

COLUMN 17 PEAK WIND IN M.P.H.

PRELIMINARY LOCAL CLIMATOLOGICAL DATA (WS FORM: F-6) , PAGE 2

                                          STATION:  WALLA WALLA WA
                                          MONTH:    MAY
                                          YEAR:     2019
                                          LATITUDE:   46  5 N
                                          LONGITUDE: 118 17 W

[TEMPERATURE DATA]      [PRECIPITATION DATA]       SYMBOLS USED IN COLUMN 16

AVERAGE MONTHLY: 61.6   TOTAL FOR MONTH:   1.80    1 = FOG OR MIST
DPTR FM NORMAL:   3.0   DPTR FM NORMAL:    0.10    2 = FOG REDUCING VISIBILITY
HIGHEST:    85 ON 11    GRTST 24HR  0.83 ON 17-17      TO 1/4 MILE OR LESS
LOWEST:     38 ON  1                               3 = THUNDER
                        SNOW, ICE PELLETS, HAIL    4 = ICE PELLETS
                        TOTAL MONTH:    M          5 = HAIL
                        GRTST 24HR    M  ON   M    6 = FREEZING RAIN OR DRIZZLE
                        GRTST DEPTH:  M  ON   M    7 = DUSTSTORM OR SANDSTORM:
                                                       VSBY 1/2 MILE OR LESS
                                                   8 = SMOKE OR HAZE
[NO. OF DAYS WITH]      [WEATHER - DAYS WITH]      9 = BLOWING SNOW
                                                   X = TORNADO
MAX 32 OR BELOW:   0    0.01 INCH OR MORE:   8
MAX 90 OR ABOVE:   0    0.10 INCH OR MORE:   5
MIN 32 OR BELOW:   0    0.50 INCH OR MORE:   1
MIN  0 OR BELOW:   0    1.00 INCH OR MORE:   0

[HDD (BASE 65) ]
TOTAL THIS MO.    97    CLEAR  (SCALE 0-3)  16
DPTR FM NORMAL   -86    PTCLDY (SCALE 4-7)   6
TOTAL FM JUL 1  4932    CLOUDY (SCALE 8-10)  3
DPTR FM NORMAL     8

[CDD (BASE 65) ]
TOTAL THIS MO.    22
DPTR FM NORMAL    -1    [PRESSURE DATA]
TOTAL FM JAN 1    23    HIGHEST SLP M ON M
DPTR FM NORMAL    -2    LOWEST  SLP 29.50 ON 16

[REMARKS]
