000
CXUS54 KAMA 191015
CF6AMA
PRELIMINARY LOCAL CLIMATOLOGICAL DATA (WS FORM: F-6)

                                          STATION:   AMARILLO
                                          MONTH:     MARCH
                                          YEAR:      2019
                                          LATITUDE:   35 13 N
                                          LONGITUDE: 101 42 W

  TEMPERATURE IN F:       :PCPN:    SNOW:  WIND      :SUNSHINE: SKY     :PK WND
================================================================================
1   2   3   4   5  6A  6B    7    8   9   10  11  12  13   14  15   16   17  18
                                     12Z  AVG MX 2MIN
DY MAX MIN AVG DEP HDD CDD  WTR  SNW DPTH SPD SPD DIR MIN PSBL S-S WX    SPD DR
================================================================================

 1  76  27  52   8  13   0 0.00  0.0    0 12.0 22  90   M    M   0        25 100
 2  39  26  33 -11  32   0 0.00  0.0    0  9.6 22  80   M    M   8 18     26  80
 3  27  11  19 -25  46   0    T  0.9    0 15.8 25  20   M    M  10 18     30  20
 4  23   9  16 -29  49   0    T  0.1    1  6.4 14  20   M    M  10 8      16 330
 5  44  20  32 -13  33   0 0.00  0.0    0  5.5 15 120   M    M   5        19 160
 6  65  24  45   0  20   0 0.00  0.0    0 22.0 37 210   M    M   0        43 210
 7  76  37  57  11   8   0 0.00  0.0    0 16.8 30 230   M    M   0        35 230
 8  66  28  47   1  18   0 0.00  0.0    0 13.0 40 210   M    M   1 1      50 200
 9  68  40  54   8  11   0 0.02  0.0    0 19.7 54 250   M    M   0 8      70 230
10  52  31  42  -4  23   0 0.00  0.0    0 12.5 21 100   M    M   1        30 100
11  48  35  42  -5  23   0 0.09  0.0    0 12.2 23 140   M    M   8 12     28 130
12  57  43  50   3  15   0 0.94  0.0    0 14.8 39 160   M    M  10 123    46 160
13  64  38  51   4  14   0 0.17  0.0    0 32.2 64 230   M    M   4 1      80 230
14  51  28  40  -7  25   0 0.00  0.0    0 18.5 32 350   M    M   3        40 350
15  51  19  35 -13  30   0 0.00  0.0    0  6.5 15 350   M    M   0        17 350
16  59  26  43  -5  22   0 0.00  0.0    0 11.0 18 210   M    M   0        25 220
17  63  31  47  -1  18   0 0.00  0.0    0 10.1 18 210   M    M   0        26 220
18  66  31  49   1  16   0 0.00  0.0    0 10.8 20 170   M    M   0        25 180
================================================================================
SM  995  504       416   0  1.22     1.0 249.4          M       60
================================================================================
AV 55.3 28.0                              13.9 FASTST   M    M   3    MAX(MPH)
                                 MISC ---->  # 64 230               # 80  230
================================================================================
NOTES:
# LAST OF SEVERAL OCCURRENCES

COLUMN 17 PEAK WIND IN M.P.H.

PRELIMINARY LOCAL CLIMATOLOGICAL DATA (WS FORM: F-6) , PAGE 2

                                          STATION:  AMARILLO
                                          MONTH:    MARCH
                                          YEAR:     2019
                                          LATITUDE:   35 13 N
                                          LONGITUDE: 101 42 W

[TEMPERATURE DATA]      [PRECIPITATION DATA]       SYMBOLS USED IN COLUMN 16

AVERAGE MONTHLY: 41.6   TOTAL FOR MONTH:   1.22    1 = FOG OR MIST
DPTR FM NORMAL:  -4.5   DPTR FM NORMAL:    0.48    2 = FOG REDUCING VISIBILITY
HIGHEST:    76 ON  7, 1 GRTST 24HR  0.94 ON 12-12      TO 1/4 MILE OR LESS
LOWEST:      9 ON  4                               3 = THUNDER
                        SNOW, ICE PELLETS, HAIL    4 = ICE PELLETS
                        TOTAL MONTH:   1.0 INCH    5 = HAIL
                        GRTST 24HR   0.9 ON  3- 3  6 = FREEZING RAIN OR DRIZZLE
                        GRTST DEPTH:   1 ON  4     7 = DUSTSTORM OR SANDSTORM:
                                                       VSBY 1/2 MILE OR LESS
                                                   8 = SMOKE OR HAZE
[NO. OF DAYS WITH]      [WEATHER - DAYS WITH]      9 = BLOWING SNOW
                                                   X = TORNADO
MAX 32 OR BELOW:   2    0.01 INCH OR MORE:   4
MAX 90 OR ABOVE:   0    0.10 INCH OR MORE:   2
MIN 32 OR BELOW:  13    0.50 INCH OR MORE:   1
MIN  0 OR BELOW:   0    1.00 INCH OR MORE:   0

[HDD (BASE 65) ]
TOTAL THIS MO.   416    CLEAR  (SCALE 0-3)  11
DPTR FM NORMAL    76    PTCLDY (SCALE 4-7)   3
TOTAL FM JUL 1  3599    CLOUDY (SCALE 8-10)  4
DPTR FM NORMAL   -18

[CDD (BASE 65) ]
TOTAL THIS MO.     0
DPTR FM NORMAL     0    [PRESSURE DATA]
TOTAL FM JAN 1     0    HIGHEST SLP M ON M
DPTR FM NORMAL     0    LOWEST  SLP 28.99 ON 13

[REMARKS]
