000
CXUS54 KAMA 241015
CF6AMA
PRELIMINARY LOCAL CLIMATOLOGICAL DATA (WS FORM: F-6)

                                          STATION:   AMARILLO
                                          MONTH:     MAY
                                          YEAR:      2019
                                          LATITUDE:   35 13 N
                                          LONGITUDE: 101 42 W

  TEMPERATURE IN F:       :PCPN:    SNOW:  WIND      :SUNSHINE: SKY     :PK WND
================================================================================
1   2   3   4   5  6A  6B    7    8   9   10  11  12  13   14  15   16   17  18
                                     12Z  AVG MX 2MIN
DY MAX MIN AVG DEP HDD CDD  WTR  SNW DPTH SPD SPD DIR MIN PSBL S-S WX    SPD DR
================================================================================

 1  82  52  67   6   0   2 0.00  0.0    0 12.3 30  10   M    M   5 12     37 360
 2  57  45  51 -10  14   0    T  0.0    0 13.5 33  20   M    M  10 12     41  20
 3  66  52  59  -3   6   0 0.01  0.0    M 11.1 20  20   M    M   M 1      23  20
 4  71  50  61  -1   4   0 0.11  0.0    0 10.1 35 130   M    M   7 13     47 210
 5  79  50  65   3   0   0    T  0.0    0 13.0 44 250   M    M   4 13     55 250
 6  83  57  70   7   0   5 0.19  0.0    0 18.4 48 200   M    M   1 3      62 210
 7  74  56  65   2   0   0 0.43  0.0    0 13.9 43 190   M    M   3 13     51 180
 8  71  47  59  -4   6   0 0.12  0.0    0 13.6 30 360   M    M   7 123    37 360
 9  50  42  46 -18  19   0 0.40    M    0 15.5 29  20   M    M  10 1      36  20
10  48  38  43 -21  22   0 0.09  0.0    0  8.1 15 100   M    M   9 1      17 100
11  63  43  53 -11  12   0 0.00  0.0    0  5.8 12 160   M    M   6 1      18 280
12  75  42  59  -5   6   0 0.00  0.0    0  7.0 16 250   M    M   0        21 250
13  79  51  65   0   0   0 0.00  0.0    0 12.8 21 220   M    M   0        25 220
14  82  50  66   1   0   1 0.00  0.0    0 11.1 17 220   M    M   1        23 220
15  84  51  68   3   0   3 0.00  0.0    0 12.9 22 190   M    M   0        27 180
16  86  60  73   7   0   8 0.00  0.0    0 18.7 28 210   M    M   0        33 170
17  88  60  74   8   0   9 0.00  0.0    0 18.1 30 200   M    M   3        37 200
18  77  50  64  -2   1   0 0.00  0.0    0 14.2 31 280   M    M   0        38 240
19  76  43  60  -7   5   0 0.00  0.0    0 12.6 25 140   M    M   0        31 140
20  65  50  58  -9   7   0 0.40  0.0    0 15.9 32 150   M    M   8 123    39 140
21  74  45  60  -7   5   0 0.00  0.0    0 21.1 38 260   M    M   3 12     52 260
22  85  40  63  -4   2   0 0.00  0.0    0  6.8 21 200   M    M   0        26 200
23  81  54  68   0   0   3 0.53  0.0    0 14.8 31 280   M    M   7 138    40 270
================================================================================
SM 1696 1128       109  31  2.28     0.0 301.3          M       84
================================================================================
AV 73.7 49.0                              13.1 FASTST   M    M   4    MAX(MPH)
                                 MISC ---->  # 48 200               # 62  210
================================================================================
NOTES:
# LAST OF SEVERAL OCCURRENCES

COLUMN 17 PEAK WIND IN M.P.H.

PRELIMINARY LOCAL CLIMATOLOGICAL DATA (WS FORM: F-6) , PAGE 2

                                          STATION:  AMARILLO
                                          MONTH:    MAY
                                          YEAR:     2019
                                          LATITUDE:   35 13 N
                                          LONGITUDE: 101 42 W

[TEMPERATURE DATA]      [PRECIPITATION DATA]       SYMBOLS USED IN COLUMN 16

AVERAGE MONTHLY: 61.4   TOTAL FOR MONTH:   2.28    1 = FOG OR MIST
DPTR FM NORMAL:  -3.0   DPTR FM NORMAL:    0.78    2 = FOG REDUCING VISIBILITY
HIGHEST:    88 ON 17    GRTST 24HR  0.53 ON 23-23      TO 1/4 MILE OR LESS
LOWEST:     38 ON 10                               3 = THUNDER
                        SNOW, ICE PELLETS, HAIL    4 = ICE PELLETS
                        TOTAL MONTH:   0.0 INCH    5 = HAIL
                        GRTST 24HR     0.0         6 = FREEZING RAIN OR DRIZZLE
                        GRTST DEPTH:   0           7 = DUSTSTORM OR SANDSTORM:
                                                       VSBY 1/2 MILE OR LESS
                                                   8 = SMOKE OR HAZE
[NO. OF DAYS WITH]      [WEATHER - DAYS WITH]      9 = BLOWING SNOW
                                                   X = TORNADO
MAX 32 OR BELOW:   0    0.01 INCH OR MORE:   9
MAX 90 OR ABOVE:   0    0.10 INCH OR MORE:   7
MIN 32 OR BELOW:   0    0.50 INCH OR MORE:   1
MIN  0 OR BELOW:   0    1.00 INCH OR MORE:   0

[HDD (BASE 65) ]
TOTAL THIS MO.   109    CLEAR  (SCALE 0-3)  11
DPTR FM NORMAL    35    PTCLDY (SCALE 4-7)   8
TOTAL FM JUL 1  4092    CLOUDY (SCALE 8-10)  3
DPTR FM NORMAL   -70

[CDD (BASE 65) ]
TOTAL THIS MO.    31
DPTR FM NORMAL   -30    [PRESSURE DATA]
TOTAL FM JAN 1    47    HIGHEST SLP M ON M
DPTR FM NORMAL   -35    LOWEST  SLP 29.32 ON 21

[REMARKS]
