000
CXUS52 KJAX 250800
CF6AMG
PRELIMINARY LOCAL CLIMATOLOGICAL DATA (WS FORM: F-6)

                                          STATION:   ALMA GA
                                          MONTH:     MAY
                                          YEAR:      2019
                                          LATITUDE:   31 32 N
                                          LONGITUDE:  82 30 W

  TEMPERATURE IN F:       :PCPN:    SNOW:  WIND      :SUNSHINE: SKY     :PK WND
================================================================================
1   2   3   4   5  6A  6B    7    8   9   10  11  12  13   14  15   16   17  18
                                     12Z  AVG MX 2MIN
DY MAX MIN AVG DEP HDD CDD  WTR  SNW DPTH SPD SPD DIR MIN PSBL S-S WX    SPD DR
================================================================================

 1  89  64  77   7   0  12 0.00  0.0    0  5.6 13 130   M    M   4 1      17 150
 2  88  63  76   6   0  11 0.00  0.0    0  4.6 13 100   M    M   1 1      18  90
 3  89  70  80  10   0  15 0.05  0.0    0  2.6 14 270   M    M   7 123    18 320
 4  90  68  79   8   0  14 0.11  0.0    0  7.1 17 200   M    M   5 123    23 210
 5  84  69  77   6   0  12 0.37  0.0    0  6.4 23 280   M    M   5 138    38 270
 6  87  60  74   3   0   9 0.00  0.0    0  3.4 12 320   M    M   0 12     15 300
 7  90  57  74   3   0   9 0.00  0.0    0  3.7  8 130   M    M   2 18     12 150
 8  88  66  77   5   0  12 0.00  0.0    0  4.6 13 120   M    M   5 12     18 130
 9  89  64  77   5   0  12 0.00  0.0    0  5.9 13 130   M    M   3        18 140
10  89  68  79   7   0  14 0.03  0.0    0  5.4 14 160   M    M   5 13     18 140
11  90  65  78   6   0  13 0.00  0.0    0  4.7 22 290   M    M   2 3      29 300
12  86  68  77   4   0  12 0.62  0.0    0  5.9 25 280   M    M   4 138    38 270
13  85  63  74   1   0   9 0.00  0.0    0  5.2 15 300   M    M   M        21 310
14  81  54  68  -5   0   3 0.00  0.0    0  4.7 16 300   M    M   0        21 290
15  84  53  69  -5   0   4 0.00  0.0    0  2.5  9 160   M    M   3        13 120
16  87  58  73  -1   0   8 0.00  0.0    0  3.0 12 210   M    M   1 1      14 220
17  92  65  79   5   0  14 0.00  0.0    0  5.1 13 290   M    M   2        20 230
18  94  66  80   6   0  15    T  0.0    0  3.5 16 120   M    M   2 1      24 100
19  92  63  78   3   0  13 0.00  0.0    0  6.2 14 160   M    M   0        19 190
20  93  65  79   4   0  14 0.00  0.0    0  2.6 13 300   M    M   2 1      20 280
21  96  65  81   6   0  16 0.00  0.0    0  2.4  9 170   M    M   0 1      13 280
22  95  70  83   8   0  18 0.00  0.0    0  5.3 15 120   M    M   3        22 110
23  93  67  80   4   0  15 0.00  0.0    0  3.3 12 130   M    M   2 1      18 120
24  96  62  79   3   0  14 0.00  0.0    0  2.1  8 330   M    M   1 1      11 330
================================================================================
SM 2147 1533         0 288  1.18     0.0 105.8          M       59
================================================================================
AV 89.5 63.9                               4.4 FASTST   M    M   3    MAX(MPH)
                                 MISC ---->  # 25 280               # 38  270
================================================================================
NOTES:
# LAST OF SEVERAL OCCURRENCES

COLUMN 17 PEAK WIND IN M.P.H.

PRELIMINARY LOCAL CLIMATOLOGICAL DATA (WS FORM: F-6) , PAGE 2

                                          STATION:  ALMA GA
                                          MONTH:    MAY
                                          YEAR:     2019
                                          LATITUDE:   31 32 N
                                          LONGITUDE:  82 30 W

[TEMPERATURE DATA]      [PRECIPITATION DATA]       SYMBOLS USED IN COLUMN 16

AVERAGE MONTHLY: 76.7   TOTAL FOR MONTH:   1.18    1 = FOG OR MIST
DPTR FM NORMAL:   3.8   DPTR FM NORMAL:   -0.56    2 = FOG REDUCING VISIBILITY
HIGHEST:    96 ON 24,21 GRTST 24HR  0.62 ON 12-12      TO 1/4 MILE OR LESS
LOWEST:     53 ON 15                               3 = THUNDER
                        SNOW, ICE PELLETS, HAIL    4 = ICE PELLETS
                        TOTAL MONTH:   0.0 INCH    5 = HAIL
                        GRTST 24HR     0.0         6 = FREEZING RAIN OR DRIZZLE
                        GRTST DEPTH:   0           7 = DUSTSTORM OR SANDSTORM:
                                                       VSBY 1/2 MILE OR LESS
                                                   8 = SMOKE OR HAZE
[NO. OF DAYS WITH]      [WEATHER - DAYS WITH]      9 = BLOWING SNOW
                                                   X = TORNADO
MAX 32 OR BELOW:   0    0.01 INCH OR MORE:   5
MAX 90 OR ABOVE:  11    0.10 INCH OR MORE:   3
MIN 32 OR BELOW:   0    0.50 INCH OR MORE:   1
MIN  0 OR BELOW:   0    1.00 INCH OR MORE:   0

[HDD (BASE 65) ]
TOTAL THIS MO.     0    CLEAR  (SCALE 0-3)  15
DPTR FM NORMAL    -3    PTCLDY (SCALE 4-7)   8
TOTAL FM JUL 1  1359    CLOUDY (SCALE 8-10)  0
DPTR FM NORMAL  -297

[CDD (BASE 65) ]
TOTAL THIS MO.   288
DPTR FM NORMAL    95    [PRESSURE DATA]
TOTAL FM JAN 1   524    HIGHEST SLP  0.00 ON 13
DPTR FM NORMAL   177    LOWEST  SLP 29.79 ON M

[REMARKS]
