000
CXUS53 KDMX 170920
CF6AMW
PRELIMINARY LOCAL CLIMATOLOGICAL DATA (WS FORM: F-6)

                                          STATION:   AMES IA
                                          MONTH:     JUNE
                                          YEAR:      2019
                                          LATITUDE:   41 59 N
                                          LONGITUDE:  93 37 W

  TEMPERATURE IN F:       :PCPN:    SNOW:  WIND      :SUNSHINE: SKY     :PK WND
================================================================================
1   2   3   4   5  6A  6B    7    8   9   10  11  12  13   14  15   16   17  18
                                     12Z  AVG MX 2MIN
DY MAX MIN AVG DEP HDD CDD  WTR  SNW DPTH SPD SPD DIR MIN PSBL S-S WX    SPD DR
================================================================================

 1  82  59  71   5   0   6 0.01  0.0    0 11.0 21 330   M    M   1 18     30 330
 2  78  51  65  -1   0   0 0.00  0.0    0  5.4 12 330   M    M   0        16 330
 3  71  51  61  -6   4   0 0.01  0.0    0  6.3 16 160   M    M   4        21 150
 4  84  60  72   5   0   7 0.00  0.0    0 10.4 20 210   M    M   3        27 200
 5  89  64  77  10   0  12 0.03  0.0    0  4.4 22  10   M    M   1 3      30 360
 6  88  63  76   8   0  11 0.00  0.0    0  3.2 13 180   M    M   1        17 170
 7  87  62  75   7   0  10 0.00  0.0    0  6.5 15 100   M    M   0        23 120
 8  85  59  72   4   0   7 0.00  0.0    0  5.5 16 130   M    M   0        21 130
 9  79  59  69   0   0   4 0.00  0.0    0 11.5 28 320   M    M   3 1      37 300
10  82  54  68  -1   0   3 0.00  0.0    0  9.6 24 300   M    M   2        33 270
11  78  50  64  -5   1   0 0.13  0.0    0  5.5 20 180   M    M   4 1      28 170
12  74  54  64  -5   1   0 0.03  0.0    0 12.8 25 340   M    M   4 1      36 350
13  77  48  63  -7   2   0 0.00  0.0    0  6.2 16 240   M    M   0        21 270
14  75  58  67  -3   0   2 0.01  0.0    0 12.2 25 180   M    M   5        37 200
15  88  60  74   4   0   9 0.74  0.0    0  5.8 54  10   M    M   3 123    72  20
16  78  59  69  -1   0   4 0.00  0.0    0  4.7 12  10   M    M   5 12     15  30
================================================================================
SM 1295  911         8  75  0.96     0.0 121.0          M       36
================================================================================
AV 80.9 56.9                               7.6 FASTST   M    M   2    MAX(MPH)
                                 MISC ---->  # 54  10               # 72   20
================================================================================
NOTES:
# LAST OF SEVERAL OCCURRENCES

COLUMN 17 PEAK WIND IN M.P.H.

PRELIMINARY LOCAL CLIMATOLOGICAL DATA (WS FORM: F-6) , PAGE 2

                                          STATION:  AMES IA
                                          MONTH:    JUNE
                                          YEAR:     2019
                                          LATITUDE:   41 59 N
                                          LONGITUDE:  93 37 W

[TEMPERATURE DATA]      [PRECIPITATION DATA]       SYMBOLS USED IN COLUMN 16

AVERAGE MONTHLY: 68.9   TOTAL FOR MONTH:   0.96    1 = FOG OR MIST
DPTR FM NORMAL:   0.6   DPTR FM NORMAL:   -1.67    2 = FOG REDUCING VISIBILITY
HIGHEST:    89 ON  5    GRTST 24HR  0.74 ON 15-15      TO 1/4 MILE OR LESS
LOWEST:     48 ON 13                               3 = THUNDER
                        SNOW, ICE PELLETS, HAIL    4 = ICE PELLETS
                        TOTAL MONTH:   0.0 INCH    5 = HAIL
                        GRTST 24HR     0.0         6 = FREEZING RAIN OR DRIZZLE
                        GRTST DEPTH:   0           7 = DUSTSTORM OR SANDSTORM:
                                                       VSBY 1/2 MILE OR LESS
                                                   8 = SMOKE OR HAZE
[NO. OF DAYS WITH]      [WEATHER - DAYS WITH]      9 = BLOWING SNOW
                                                   X = TORNADO
MAX 32 OR BELOW:   0    0.01 INCH OR MORE:   7
MAX 90 OR ABOVE:   0    0.10 INCH OR MORE:   2
MIN 32 OR BELOW:   0    0.50 INCH OR MORE:   1
MIN  0 OR BELOW:   0    1.00 INCH OR MORE:   0

[HDD (BASE 65) ]
TOTAL THIS MO.     8    CLEAR  (SCALE 0-3)  11
DPTR FM NORMAL   -13    PTCLDY (SCALE 4-7)   5
TOTAL FM JUL 1  7224    CLOUDY (SCALE 8-10)  0
DPTR FM NORMAL   396

[CDD (BASE 65) ]
TOTAL THIS MO.    75
DPTR FM NORMAL     2    [PRESSURE DATA]
TOTAL FM JAN 1   119    HIGHEST SLP 29.89 ON  9
DPTR FM NORMAL    -3    LOWEST  SLP 29.60 ON 15

[REMARKS]
