000
CXUS54 KBMX 251110
CF6ANB
PRELIMINARY LOCAL CLIMATOLOGICAL DATA (WS FORM: F-6)

                                          STATION:   ANNISTON
                                          MONTH:     MAY
                                          YEAR:      2019
                                          LATITUDE:   33 35 N
                                          LONGITUDE:  85 51 W

  TEMPERATURE IN F:       :PCPN:    SNOW:  WIND      :SUNSHINE: SKY     :PK WND
================================================================================
1   2   3   4   5  6A  6B    7    8   9   10  11  12  13   14  15   16   17  18
                                     12Z  AVG MX 2MIN
DY MAX MIN AVG DEP HDD CDD  WTR  SNW DPTH SPD SPD DIR MIN PSBL S-S WX    SPD DR
================================================================================

 1  86  62  74   8   0   9 0.00  0.0    0  5.1 14 240   M    M   2        20 170
 2  86  65  76  10   0  11 0.00  0.0    0  4.0 12 140   M    M   2        16 160
 3  85  64  75   9   0  10    T  0.0    0  4.1 14 250   M    M   2        19 230
 4  80  66  73   6   0   8 0.72  0.0    0  4.9 16 280   M    M   7 13     22 270
 5  76  55  66  -1   0   1 0.02  0.0    0  5.5 16 260   M    M   7 1      22 280
 6  81  51  66  -1   0   1 0.00  0.0    0  2.5 12 360   M    M   2 12     16  50
 7  85  55  70   2   0   5 0.00  0.0    0  3.3  7  10   M    M   0        11 110
 8  86  62  74   6   0   9 0.00  0.0    0  7.0 14 140   M    M   0        19 140
 9  81  65  73   5   0   8 1.07  0.0    0  5.3 29 280   M    M   5 138    37 280
10  82  64  73   5   0   8 0.05  0.0    0  4.7 12 250   M    M   6 13     15 260
11  82  68  75   6   0  10 0.04  0.0    0  5.2 16 220   M    M   6 3      21 220
12  76  66  71   2   0   6 0.46  0.0    0  4.6 13 250   M    M   7 13     17 260
13  74  53  64  -5   1   0    T  0.0    0  4.9 14 340   M    M   4        19 340
14  73  48  61  -8   4   0 0.00  0.0    0  3.4 13 360   M    M   0 12     20  10
15  77  48  63  -7   2   0 0.00  0.0    0  3.2 15 330   M    M   2 8      19 340
16  87  61  74   4   0   9 0.02  0.0    0  3.5 21  30   M    M   3 3      29  10
17  88  62  75   5   0  10 0.92  0.0    0  3.5 24 280   M    M   1 13     29 280
18  87  62  75   5   0  10 0.00  0.0    0  2.6 13 210   M    M   1 1      17 200
19  87  61  74   3   0   9 0.00  0.0    0  5.3 18 220   M    M   2 18     25 220
20  87  64  76   5   0  11    T  0.0    0  3.4 10 260   M    M   4        13 260
21  89  64  77   6   0  12 0.00  0.0    0  5.3 15 150   M    M   1        19 140
22  88  63  76   4   0  11 0.00  0.0    0  3.8 15 190   M    M   0        19 230
23  91  65  78   6   0  13 0.00  0.0    0  2.3  8  50   M    M   1        11  40
24  92  69  81   9   0  16 0.00  0.0    0  2.8 10 230   M    M   0 1      13 230
================================================================================
SM 2006 1463         7 187  3.30     0.0 100.2          M       65
================================================================================
AV 83.6 61.0                               4.2 FASTST   M    M   3    MAX(MPH)
                                 MISC ---->  # 29 280               # 37  280
================================================================================
NOTES:
# LAST OF SEVERAL OCCURRENCES

COLUMN 17 PEAK WIND IN M.P.H.

PRELIMINARY LOCAL CLIMATOLOGICAL DATA (WS FORM: F-6) , PAGE 2

                                          STATION:  ANNISTON
                                          MONTH:    MAY
                                          YEAR:     2019
                                          LATITUDE:   33 35 N
                                          LONGITUDE:  85 51 W

[TEMPERATURE DATA]      [PRECIPITATION DATA]       SYMBOLS USED IN COLUMN 16

AVERAGE MONTHLY: 72.3   TOTAL FOR MONTH:   3.30    1 = FOG OR MIST
DPTR FM NORMAL:   3.3   DPTR FM NORMAL:   -0.06    2 = FOG REDUCING VISIBILITY
HIGHEST:    92 ON 24    GRTST 24HR  1.07 ON  9- 9      TO 1/4 MILE OR LESS
LOWEST:     48 ON 15,14                            3 = THUNDER
                        SNOW, ICE PELLETS, HAIL    4 = ICE PELLETS
                        TOTAL MONTH:   0.0 INCH    5 = HAIL
                        GRTST 24HR     0.0         6 = FREEZING RAIN OR DRIZZLE
                        GRTST DEPTH:   0           7 = DUSTSTORM OR SANDSTORM:
                                                       VSBY 1/2 MILE OR LESS
                                                   8 = SMOKE OR HAZE
[NO. OF DAYS WITH]      [WEATHER - DAYS WITH]      9 = BLOWING SNOW
                                                   X = TORNADO
MAX 32 OR BELOW:   0    0.01 INCH OR MORE:   8
MAX 90 OR ABOVE:   2    0.10 INCH OR MORE:   4
MIN 32 OR BELOW:   0    0.50 INCH OR MORE:   3
MIN  0 OR BELOW:   0    1.00 INCH OR MORE:   1

[HDD (BASE 65) ]
TOTAL THIS MO.     7    CLEAR  (SCALE 0-3)  16
DPTR FM NORMAL   -17    PTCLDY (SCALE 4-7)   8
TOTAL FM JUL 1  2469    CLOUDY (SCALE 8-10)  0
DPTR FM NORMAL  -309

[CDD (BASE 65) ]
TOTAL THIS MO.   187
DPTR FM NORMAL    68    [PRESSURE DATA]
TOTAL FM JAN 1   273    HIGHEST SLP M ON M
DPTR FM NORMAL    92    LOWEST  SLP 29.72 ON  4

[REMARKS]
