000
CXUS54 KBMX 231110
CF6ANB
PRELIMINARY LOCAL CLIMATOLOGICAL DATA (WS FORM: F-6)

                                          STATION:   ANNISTON
                                          MONTH:     MARCH
                                          YEAR:      2019
                                          LATITUDE:   33 35 N
                                          LONGITUDE:  85 51 W

  TEMPERATURE IN F:       :PCPN:    SNOW:  WIND      :SUNSHINE: SKY     :PK WND
================================================================================
1   2   3   4   5  6A  6B    7    8   9   10  11  12  13   14  15   16   17  18
                                     12Z  AVG MX 2MIN
DY MAX MIN AVG DEP HDD CDD  WTR  SNW DPTH SPD SPD DIR MIN PSBL S-S WX    SPD DR
================================================================================

 1  66  54  60   9   5   0 0.05  0.0    0  6.6 18 250   M    M   9 1      23 260
 2  60  50  55   4  10   0 0.01  0.0    0  3.7 10 240   M    M   9        13 250
 3  58  39  49  -2  16   0 1.36  0.0    0  5.3 15 300   M    M   9 13     24 350
 4  41  33  37 -15  28   0 0.00  0.0    0  8.0 16 350   M    M   8        21 340
 5  45  26  36 -16  29   0 0.00  0.0    0  7.6 17 290   M    M   1        23 310
 6  49  24  37 -15  28   0 0.00  0.0    0  3.2 13 360   M    M   0        19  20
 7  57  27  42 -10  23   0 0.00  0.0    0  2.3  8 280   M    M   5        13 260
 8  71  50  61   8   4   0 0.01  0.0    0  5.2 18 240   M    M  10 1      24 230
 9  74  62  68  15   0   3 0.01  0.0    0  8.3 20 170   M    M   9 3      29 170
10  70  53  62   9   3   0 0.15  0.0    0  2.9 17 350   M    M   8 1      24 360
11  63  44  54   1  11   0 0.08  0.0    0  3.5 15  20   M    M   5 1      20  20
12  73  41  57   3   8   0 0.00  0.0    0  3.0 10  50   M    M   1 12     14  50
13  74  55  65  11   0   0 0.00  0.0    0  9.3 17 130   M    M   1        25 120
14  78  63  71  17   0   6 0.32  0.0    0  9.3 22 170   M    M   8 13     31 170
15  69  50  60   6   5   0 0.08  0.0    0  7.8 16 240   M    M   4 13     22  10
16  55  38  47  -8  18   0 0.00  0.0    0  5.9 16 360   M    M   0        24  30
17  65  37  51  -4  14   0 0.00  0.0    0  3.7 14 330   M    M   0        19 350
18  62  32  47  -8  18   0 0.00  0.0    0  6.3 17 360   M    M   0        24 350
19  61  32  47  -8  18   0 0.00  0.0    0  4.5 16  70   M    M   0        24  70
20  65  36  51  -5  14   0 0.00  0.0    0  4.2 10 210   M    M   1        14 250
21  65  43  54  -2  11   0    T  0.0    0  9.8 21 270   M    M   6        28 330
22  68  35  52  -4  13   0 0.00  0.0    0  5.4 16 270   M    M   0 8      21 260
================================================================================
SM 1389  924       276   9  2.07     0.0 125.8          M       94
================================================================================
AV 63.1 42.0                               5.7 FASTST   M    M   4    MAX(MPH)
                                 MISC ---->  # 22 170               # 31  170
================================================================================
NOTES:
# LAST OF SEVERAL OCCURRENCES

COLUMN 17 PEAK WIND IN M.P.H.

PRELIMINARY LOCAL CLIMATOLOGICAL DATA (WS FORM: F-6) , PAGE 2

                                          STATION:  ANNISTON
                                          MONTH:    MARCH
                                          YEAR:     2019
                                          LATITUDE:   33 35 N
                                          LONGITUDE:  85 51 W

[TEMPERATURE DATA]      [PRECIPITATION DATA]       SYMBOLS USED IN COLUMN 16

AVERAGE MONTHLY: 52.6   TOTAL FOR MONTH:   2.07    1 = FOG OR MIST
DPTR FM NORMAL:  -0.9   DPTR FM NORMAL:   -1.53    2 = FOG REDUCING VISIBILITY
HIGHEST:    78 ON 14    GRTST 24HR  1.36 ON  3- 3      TO 1/4 MILE OR LESS
LOWEST:     24 ON  6                               3 = THUNDER
                        SNOW, ICE PELLETS, HAIL    4 = ICE PELLETS
                        TOTAL MONTH:   0.0 INCH    5 = HAIL
                        GRTST 24HR     0.0         6 = FREEZING RAIN OR DRIZZLE
                        GRTST DEPTH:   0           7 = DUSTSTORM OR SANDSTORM:
                                                       VSBY 1/2 MILE OR LESS
                                                   8 = SMOKE OR HAZE
[NO. OF DAYS WITH]      [WEATHER - DAYS WITH]      9 = BLOWING SNOW
                                                   X = TORNADO
MAX 32 OR BELOW:   0    0.01 INCH OR MORE:   9
MAX 90 OR ABOVE:   0    0.10 INCH OR MORE:   3
MIN 32 OR BELOW:   5    0.50 INCH OR MORE:   1
MIN  0 OR BELOW:   0    1.00 INCH OR MORE:   1

[HDD (BASE 65) ]
TOTAL THIS MO.   276    CLEAR  (SCALE 0-3)  10
DPTR FM NORMAL    16    PTCLDY (SCALE 4-7)   6
TOTAL FM JUL 1  2285    CLOUDY (SCALE 8-10)  6
DPTR FM NORMAL  -247

[CDD (BASE 65) ]
TOTAL THIS MO.     9
DPTR FM NORMAL     9    [PRESSURE DATA]
TOTAL FM JAN 1    18    HIGHEST SLP M ON M
DPTR FM NORMAL    17    LOWEST  SLP 29.79 ON  3

[REMARKS]
