000
CXUS54 KBMX 241110
CF6ANB
PRELIMINARY LOCAL CLIMATOLOGICAL DATA (WS FORM: F-6)

                                          STATION:   ANNISTON
                                          MONTH:     MAY
                                          YEAR:      2018
                                          LATITUDE:   33 35 N
                                          LONGITUDE:  85 51 W

  TEMPERATURE IN F:       :PCPN:    SNOW:  WIND      :SUNSHINE: SKY     :PK WND
================================================================================
1   2   3   4   5  6A  6B    7    8   9   10  11  12  13   14  15   16   17  18
                                     12Z  AVG MX 2MIN
DY MAX MIN AVG DEP HDD CDD  WTR  SNW DPTH SPD SPD DIR MIN PSBL S-S WX    SPD DR
================================================================================

 1  82  49  66   0   0   1 0.00  0.0    0  4.2 13 190   M    M   1        18 180
 2  85  54  70   4   0   5 0.00  0.0    0  1.7 13 260   M    M   0 8      16 260
 3  85  56  71   5   0   6 0.00  0.0    0  2.3  9 140   M    M   0 1      13 270
 4  84  56  70   3   0   5 0.00  0.0    0  2.9 13 200   M    M   0        17 260
 5  80  60  70   3   0   5 0.09  0.0    0  3.3 24 270   M    M   4 128    32 260
 6  80  57  69   2   0   4 0.00  0.0    0  5.1 14 310   M    M   3 1      20 360
 7  85  54  70   2   0   5 0.00  0.0    0  3.9 14 360   M    M   3        19 360
 8  85  56  71   3   0   6 0.00  0.0    0  4.0 13 250   M    M   1        15 250
 9  87  59  73   5   0   8 0.00  0.0    0  2.9 10  70   M    M   1        13 280
10  88  58  73   5   0   8 0.00  0.0    0  4.8 16 250   M    M   0        21 230
11  88  61  75   6   0  10 0.00  0.0    0  3.0 12 240   M    M   0        15 230
12  90  60  75   6   0  10 0.00  0.0    0  1.5 12 270   M    M   0 1      15 240
13  91  59  75   6   0  10 0.00  0.0    0  3.1 13 360   M    M   0        16 360
14  92  62  77   8   0  12 0.00  0.0    0  2.3 13 360   M    M   1        17  30
15  84  67  76   6   0  11 0.00  0.0    0  4.2 10 100   M    M   1        14 110
16  85  69  77   7   0  12    T  0.0    0  2.4 12 100   M    M   3 3      17  80
17  81  65  73   3   0   8    T  0.0    0  3.4 13 150   M    M   3 13     16 160
18  84  63  74   4   0   9 0.08  0.0    0  3.8 14 180   M    M   6 1      20 230
19  88  66  77   6   0  12 0.00  0.0    0  3.1 12 280   M    M   3 1      16 280
20  91  65  78   7   0  13 0.99  0.0    0  3.3 21 100   M    M   1 138    34 110
21  79  67  73   2   0   8 0.01  0.0    0  4.9 14 160   M    M   7        19 120
22  80  69  75   3   0  10 0.33  0.0    0  4.0 12 240   M    M   8 1      13 150
23  88  70  79   7   0  14 0.00  0.0    0  2.7 10 360   M    M   6        17  20
================================================================================
SM 1962 1402         0 192  1.50     0.0  76.8          M       52
================================================================================
AV 85.3 61.0                               3.3 FASTST   M    M   2    MAX(MPH)
                                 MISC ---->  # 24 270               # 34  110
================================================================================
NOTES:
# LAST OF SEVERAL OCCURRENCES

COLUMN 17 PEAK WIND IN M.P.H.

PRELIMINARY LOCAL CLIMATOLOGICAL DATA (WS FORM: F-6) , PAGE 2

                                          STATION:  ANNISTON
                                          MONTH:    MAY
                                          YEAR:     2018
                                          LATITUDE:   33 35 N
                                          LONGITUDE:  85 51 W

[TEMPERATURE DATA]      [PRECIPITATION DATA]       SYMBOLS USED IN COLUMN 16

AVERAGE MONTHLY: 73.1   TOTAL FOR MONTH:   1.50    1 = FOG OR MIST
DPTR FM NORMAL:   4.3   DPTR FM NORMAL:   -1.73    2 = FOG REDUCING VISIBILITY
HIGHEST:    92 ON 14    GRTST 24HR  0.99 ON 20-20      TO 1/4 MILE OR LESS
LOWEST:     49 ON  1                               3 = THUNDER
                        SNOW, ICE PELLETS, HAIL    4 = ICE PELLETS
                        TOTAL MONTH:   0.0 INCH    5 = HAIL
                        GRTST 24HR     0.0         6 = FREEZING RAIN OR DRIZZLE
                        GRTST DEPTH:   0           7 = DUSTSTORM OR SANDSTORM:
                                                       VSBY 1/2 MILE OR LESS
                                                   8 = SMOKE OR HAZE
[NO. OF DAYS WITH]      [WEATHER - DAYS WITH]      9 = BLOWING SNOW
                                                   X = TORNADO
MAX 32 OR BELOW:   0    0.01 INCH OR MORE:   5
MAX 90 OR ABOVE:   4    0.10 INCH OR MORE:   2
MIN 32 OR BELOW:   0    0.50 INCH OR MORE:   1
MIN  0 OR BELOW:   0    1.00 INCH OR MORE:   0

[HDD (BASE 65) ]
TOTAL THIS MO.     0    CLEAR  (SCALE 0-3)  16
DPTR FM NORMAL   -24    PTCLDY (SCALE 4-7)   7
TOTAL FM JUL 1  2609    CLOUDY (SCALE 8-10)  0
DPTR FM NORMAL  -169

[CDD (BASE 65) ]
TOTAL THIS MO.   192
DPTR FM NORMAL    80    [PRESSURE DATA]
TOTAL FM JAN 1   241    HIGHEST SLP M ON M
DPTR FM NORMAL    67    LOWEST  SLP 29.80 ON 17

[REMARKS]
