000
CXAK56 PAFC 191320
CF6ANC
PRELIMINARY LOCAL CLIMATOLOGICAL DATA (WS FORM: F-6)

                                          STATION:   ANCHORAGE AK
                                          MONTH:     MARCH
                                          YEAR:      2019
                                          LATITUDE:   61 10 N
                                          LONGITUDE: 150  2 W

  TEMPERATURE IN F:       :PCPN:    SNOW:  WIND      :SUNSHINE: SKY     :PK WND
================================================================================
1   2   3   4   5  6A  6B    7    8   9   10  11  12  13   14  15   16   17  18
                                     12Z  AVG MX 2MIN
DY MAX MIN AVG DEP HDD CDD  WTR  SNW DPTH SPD SPD DIR MIN PSBL S-S WX    SPD DR
================================================================================

 1  32   8  20  -3  45   0 0.00  0.0   19  2.2  6 160   M    M   4 128    11 360
 2  34  11  23   0  42   0 0.00  0.0   19  2.1  6 330   M    M   6        10 140
 3  32  26  29   6  36   0    T    T   18  3.7  9 360   M    M  10 1      13 160
 4  32  17  25   1  40   0 0.00  0.0   18  2.6 10  50   M    M   8        12 350
 5  31  17  24   0  41   0 0.00  0.0   18  3.7 10  20   M    M   8        13  40
 6  35  26  31   7  34   0 0.00  0.0   18  3.2  9  30   M    M   8        11 170
 7  36  27  32   8  33   0 0.00  0.0   18  2.5  8 340   M    M   9        11  20
 8  38  30  34  10  31   0 0.00  0.0   18  4.5 15 160   M    M  10 8      22 170
 9  42  34  38  13  27   0 0.01    T   18 13.1 24 150   M    M  10        36 130
10  43  33  38  13  27   0 0.01    T   18 10.4 22 140   M    M   9 1      34 150
11  41  34  38  13  27   0    T  0.0   18 11.9 21 150   M    M   8        37 180
12  37  31  34   9  31   0 0.00  0.0   16  8.1 15 180   M    M   6        24 180
13  40  29  35   9  30   0    T    T   16  7.0 26  20   M    M   9        35  30
14  42  29  36  10  29   0    T    T   16 12.3 29 140   M    M  10        40 150
15  40  29  35   9  30   0    T    T   15  9.2 24 160   M    M   7        41 160
16  46  33  40  14  25   0 0.00  0.0   15  9.2 26 140   M    M  10        43 130
17  45  35  40  13  25   0 0.00  0.0   15  6.1 18 150   M    M   8        29 160
18  47  35  41  14  24   0 0.02    T   14 11.7 24 150   M    M   8        38 130
================================================================================
SM  693  484       577   0  0.04    T    123.5          M      148
================================================================================
AV 38.5 26.9                               6.9 FASTST   M    M   8    MAX(MPH)
                                 MISC ---->  # 29 140               # 43  130
================================================================================
NOTES:
# LAST OF SEVERAL OCCURRENCES

COLUMN 17 PEAK WIND IN M.P.H.

PRELIMINARY LOCAL CLIMATOLOGICAL DATA (WS FORM: F-6) , PAGE 2

                                          STATION:  ANCHORAGE AK
                                          MONTH:    MARCH
                                          YEAR:     2019
                                          LATITUDE:   61 10 N
                                          LONGITUDE: 150  2 W

[TEMPERATURE DATA]      [PRECIPITATION DATA]       SYMBOLS USED IN COLUMN 16

AVERAGE MONTHLY: 32.7   TOTAL FOR MONTH:   0.04    1 = FOG OR MIST
DPTR FM NORMAL:   7.9   DPTR FM NORMAL:   -0.33    2 = FOG REDUCING VISIBILITY
HIGHEST:    47 ON 18    GRTST 24HR  0.02 ON 18-18      TO 1/4 MILE OR LESS
LOWEST:      8 ON  1                               3 = THUNDER
                        SNOW, ICE PELLETS, HAIL    4 = ICE PELLETS
                        TOTAL MONTH:    T          5 = HAIL
                        GRTST 24HR    T  ON 18-18  6 = FREEZING RAIN OR DRIZZLE
                        GRTST DEPTH:  19 ON  2, 1  7 = DUSTSTORM OR SANDSTORM:
                                                       VSBY 1/2 MILE OR LESS
                                                   8 = SMOKE OR HAZE
[NO. OF DAYS WITH]      [WEATHER - DAYS WITH]      9 = BLOWING SNOW
                                                   X = TORNADO
MAX 32 OR BELOW:   4    0.01 INCH OR MORE:   3
MAX 90 OR ABOVE:   0    0.10 INCH OR MORE:   0
MIN 32 OR BELOW:  12    0.50 INCH OR MORE:   0
MIN  0 OR BELOW:   0    1.00 INCH OR MORE:   0

[HDD (BASE 65) ]
TOTAL THIS MO.   577    CLEAR  (SCALE 0-3)   0
DPTR FM NORMAL  -146    PTCLDY (SCALE 4-7)   9
TOTAL FM JUL 1  6668    CLOUDY (SCALE 8-10)  9
DPTR FM NORMAL -1384

[CDD (BASE 65) ]
TOTAL THIS MO.     0
DPTR FM NORMAL     0    [PRESSURE DATA]
TOTAL FM JAN 1     0    HIGHEST SLP M ON M
DPTR FM NORMAL     0    LOWEST  SLP 28.86 ON 10

[REMARKS]
