000
CXUS52 KGSP 240817
CF6AND
PRELIMINARY LOCAL CLIMATOLOGICAL DATA (WS FORM: F-6)

                                          STATION:   ANDERSON SC
                                          MONTH:     MARCH
                                          YEAR:      2019
                                          LATITUDE:   34 30 N
                                          LONGITUDE:  82 43 W

  TEMPERATURE IN F:       :PCPN:    SNOW:  WIND      :SUNSHINE: SKY     :PK WND
================================================================================
1   2   3   4   5  6A  6B    7    8   9   10  11  12  13   14  15   16   17  18
                                     12Z  AVG MX 2MIN
DY MAX MIN AVG DEP HDD CDD  WTR  SNW DPTH SPD SPD DIR MIN PSBL S-S WX    SPD DR
================================================================================

 1  65  57  61  12   4   0 0.78    M    M  6.9 16 190   M    M   9 13     17 190
 2  71  51  61  12   4   0 0.00    M    M  6.1 15 230   M    M   2        20 270
 3  62  49  56   7   9   0 1.13    M    M  4.1 16 300   M    M   8 1      18 300
 4  55  40  48  -2  17   0 0.00    M    M  6.7 16 250   M    M   7        22 250
 5  52  33  43  -7  22   0 0.00    M    M  9.6 24 280   M    M   4        31 270
 6  50  27  39 -11  26   0 0.00    M    M  8.6 17 250   M    M   0        20 240
 7  58  28  43  -7  22   0 0.00    M    M  3.9 10 190   M    M   3        13 250
 8  54  45  50   0  15   0 0.28    M    M  3.5 10  40   M    M  10 1      16  40
 9  50  46  48  -3  17   0 0.14    M    M  6.1 16  70   M    M  10 1      18  70
10  70  46  58   7   7   0    T    M    M  6.1 18 230   M    M   8 1      23 230
11  71  45  58   7   7   0 0.03    M    M  1.9 13 340   M    M   4 1      16 350
12  67  39  53   1  12   0 0.00    M    M  3.2 13 310   M    M   0 1      19 310
13  68  42  55   3  10   0 0.00    M    M  5.4 13  90   M    M   1        17  90
14  73  47  60   8   5   0 0.00    M    M  6.9 17 190   M    M   7        21 190
15  68  52  60   8   5   0 0.29    M    M 11.7 21 270   M    M   7 1      29 270
16  57  41  49  -4  16   0 0.00    M    M  2.7 13 300   M    M   0        16 300
17  62  35  49  -4  16   0 0.00    M    M  3.8 13 230   M    M   0        16 190
18  64  34  49  -4  16   0 0.00    M    M  6.6 20 330   M    M   0 8      24 320
19  56  37  47  -6  18   0 0.00    M    M  7.2 21  60   M    M   0        26  70
20  63  33  48  -6  17   0 0.00    M    M  2.7 14  60   M    M   0        20  70
21  64  38  51  -3  14   0    T    M    M  6.4 22 290   M    M   5        29 280
22  71  36  54   0  11   0 0.00    M    M 10.9 23 280   M    M   0        32 300
23  68  35  52  -2  13   0 0.00    M    M  2.4 12 250   M    M   0        14 240
================================================================================
SM 1439  936       303   0  2.65    M    133.4          M       85
================================================================================
AV 62.6 40.7                               5.8 FASTST   M    M   4    MAX(MPH)
                                 MISC ---->  # 24 280               # 32  300
================================================================================
NOTES:
# LAST OF SEVERAL OCCURRENCES

COLUMN 17 PEAK WIND IN M.P.H.

PRELIMINARY LOCAL CLIMATOLOGICAL DATA (WS FORM: F-6) , PAGE 2

                                          STATION:  ANDERSON SC
                                          MONTH:    MARCH
                                          YEAR:     2019
                                          LATITUDE:   34 30 N
                                          LONGITUDE:  82 43 W

[TEMPERATURE DATA]      [PRECIPITATION DATA]       SYMBOLS USED IN COLUMN 16

AVERAGE MONTHLY: 51.6   TOTAL FOR MONTH:   2.65    1 = FOG OR MIST
DPTR FM NORMAL:   0.1   DPTR FM NORMAL:   -0.65    2 = FOG REDUCING VISIBILITY
HIGHEST:    73 ON 14    GRTST 24HR  1.13 ON  3- 3      TO 1/4 MILE OR LESS
LOWEST:     27 ON  6                               3 = THUNDER
                        SNOW, ICE PELLETS, HAIL    4 = ICE PELLETS
                        TOTAL MONTH:    M          5 = HAIL
                        GRTST 24HR    M  ON   M    6 = FREEZING RAIN OR DRIZZLE
                        GRTST DEPTH:  M  ON   M    7 = DUSTSTORM OR SANDSTORM:
                                                       VSBY 1/2 MILE OR LESS
                                                   8 = SMOKE OR HAZE
[NO. OF DAYS WITH]      [WEATHER - DAYS WITH]      9 = BLOWING SNOW
                                                   X = TORNADO
MAX 32 OR BELOW:   0    0.01 INCH OR MORE:   6
MAX 90 OR ABOVE:   0    0.10 INCH OR MORE:   5
MIN 32 OR BELOW:   2    0.50 INCH OR MORE:   2
MIN  0 OR BELOW:   0    1.00 INCH OR MORE:   1

[HDD (BASE 65) ]
TOTAL THIS MO.   303    CLEAR  (SCALE 0-3)  11
DPTR FM NORMAL   -10    PTCLDY (SCALE 4-7)   8
TOTAL FM JUL 1  2519    CLOUDY (SCALE 8-10)  4
DPTR FM NORMAL  -289

[CDD (BASE 65) ]
TOTAL THIS MO.     0
DPTR FM NORMAL     0    [PRESSURE DATA]
TOTAL FM JAN 1     6    HIGHEST SLP  0.00 ON 11
DPTR FM NORMAL     6    LOWEST  SLP 29.67 ON  3

[REMARKS]
