000
CXUS53 KAPX 260631
CF6ANJ
PRELIMINARY LOCAL CLIMATOLOGICAL DATA (WS FORM: F-6)

                                          STATION:   SAULT STE MARIE MI
                                          MONTH:     MAY
                                          YEAR:      2019
                                          LATITUDE:   46 28 N
                                          LONGITUDE:  84 21 W

  TEMPERATURE IN F:       :PCPN:    SNOW:  WIND      :SUNSHINE: SKY     :PK WND
================================================================================
1   2   3   4   5  6A  6B    7    8   9   10  11  12  13   14  15   16   17  18
                                     12Z  AVG MX 2MIN
DY MAX MIN AVG DEP HDD CDD  WTR  SNW DPTH SPD SPD DIR MIN PSBL S-S WX    SPD DR
================================================================================

 1  45  35  40  -7  25   0 0.40  1.2    0 10.0 18  60   M    M  10 18     33  60
 2  42  35  39  -9  26   0 0.00  0.0    T  5.1 12 130   M    M  10 1      18 120
 3  51  34  43  -5  22   0 0.00  0.0    0  5.4 15 270   M    M   5 12     21 290
 4  65  29  47  -1  18   0 0.00  0.0    0  3.7 13 230   M    M   2 1      19 240
 5  70  39  55   6  10   0 0.05  0.0    0  6.8 17 300   M    M   3 1      25 220
 6  55  35  45  -4  20   0 0.00  0.0    0  8.8 22 320   M    M   5        32 310
 7  49  32  41  -8  24   0 0.00  0.0    0  7.9 16 290   M    M   0        23 310
 8  57  29  43  -7  22   0 0.12  0.0    0  8.6 22 110   M    M   3        36 100
 9  47  38  43  -7  22   0 0.88  0.0    0  9.7 23 110   M    M  10 1      41 120
10  45  35  40 -10  25   0 0.00  0.0    0 11.3 22 310   M    M   7 1      32 320
11  59  31  45  -5  20   0 0.00  0.0    0  3.1 16 190   M    M   1 1      20 190
12  60  36  48  -3  17   0 0.00  0.0    0  5.5 16 140   M    M   1        25  90
13  63  40  52   1  13   0 0.00  0.0    0  6.4 16 320   M    M   6        23 320
14  72  36  54   3  11   0 0.00  0.0    0  4.5 16 310   M    M   3        23 310
15  64  38  51  -1  14   0    T  0.0    0  8.7 22 310   M    M   4        33 300
16  49  37  43  -9  22   0 0.24  0.0    0  7.0 16 300   M    M   8 1      24 300
17  49  36  43  -9  22   0 0.00  0.0    0  9.9 21 300   M    M   5        29 310
18  50  35  43  -9  22   0 0.62  0.0    0  5.3 14 120   M    M   8 1      22 130
19  47  44  46  -7  19   0 1.28  0.0    0  8.0 15  80   M    M  10 1      26 110
20  53  39  46  -7  19   0 0.04  0.0    0 10.9 22 300   M    M   5 1      35 310
21  65  38  52  -1  13   0 0.00  0.0    0  6.2 14 310   M    M   0        20 300
22  58  49  54   0  11   0 0.35  0.0    0  9.5 21 130   M    M   6 13     38 120
23  66  43  55   1  10   0    T  0.0    0  9.0 20 310   M    M   9 1      28 340
24  65  41  53  -1  12   0 0.01  0.0    0  7.0 16 150   M    M   8 1      24 140
25  74  49  62   8   3   0 0.08    M    0  9.3 24 220   M    M   7 13     35 220
================================================================================
SM 1420  933       442   0  4.07     1.2 187.6          M      136
================================================================================
AV 56.8 37.3                               7.5 FASTST   M    M   5    MAX(MPH)
                                 MISC ---->  # 24 220               # 41  120
================================================================================
NOTES:
# LAST OF SEVERAL OCCURRENCES

COLUMN 17 PEAK WIND IN M.P.H.

PRELIMINARY LOCAL CLIMATOLOGICAL DATA (WS FORM: F-6) , PAGE 2

                                          STATION:  SAULT STE MARIE MI
                                          MONTH:    MAY
                                          YEAR:     2019
                                          LATITUDE:   46 28 N
                                          LONGITUDE:  84 21 W

[TEMPERATURE DATA]      [PRECIPITATION DATA]       SYMBOLS USED IN COLUMN 16

AVERAGE MONTHLY: 47.1   TOTAL FOR MONTH:   4.07    1 = FOG OR MIST
DPTR FM NORMAL:  -3.9   DPTR FM NORMAL:    2.04    2 = FOG REDUCING VISIBILITY
HIGHEST:    74 ON 25    GRTST 24HR  1.28 ON 19-19      TO 1/4 MILE OR LESS
LOWEST:     29 ON  8, 4                            3 = THUNDER
                        SNOW, ICE PELLETS, HAIL    4 = ICE PELLETS
                        TOTAL MONTH:   1.2 INCHES  5 = HAIL
                        GRTST 24HR   1.2 ON  1- 1  6 = FREEZING RAIN OR DRIZZLE
                        GRTST DEPTH:   T           7 = DUSTSTORM OR SANDSTORM:
                                                       VSBY 1/2 MILE OR LESS
                                                   8 = SMOKE OR HAZE
[NO. OF DAYS WITH]      [WEATHER - DAYS WITH]      9 = BLOWING SNOW
                                                   X = TORNADO
MAX 32 OR BELOW:   0    0.01 INCH OR MORE:  11
MAX 90 OR ABOVE:   0    0.10 INCH OR MORE:   7
MIN 32 OR BELOW:   4    0.50 INCH OR MORE:   3
MIN  0 OR BELOW:   0    1.00 INCH OR MORE:   1

[HDD (BASE 65) ]
TOTAL THIS MO.   442    CLEAR  (SCALE 0-3)   7
DPTR FM NORMAL    89    PTCLDY (SCALE 4-7)  13
TOTAL FM JUL 1  8629    CLOUDY (SCALE 8-10)  5
DPTR FM NORMAL   207

[CDD (BASE 65) ]
TOTAL THIS MO.     0
DPTR FM NORMAL     0    [PRESSURE DATA]
TOTAL FM JAN 1     0    HIGHEST SLP M ON M
DPTR FM NORMAL     0    LOWEST  SLP 29.57 ON M

[REMARKS]
