000
CXUS53 KAPX 230631
CF6ANJ
PRELIMINARY LOCAL CLIMATOLOGICAL DATA (WS FORM: F-6)

                                          STATION:   SAULT STE MARIE MI
                                          MONTH:     MAY
                                          YEAR:      2018
                                          LATITUDE:   46 28 N
                                          LONGITUDE:  84 21 W

  TEMPERATURE IN F:       :PCPN:    SNOW:  WIND      :SUNSHINE: SKY     :PK WND
================================================================================
1   2   3   4   5  6A  6B    7    8   9   10  11  12  13   14  15   16   17  18
                                     12Z  AVG MX 2MIN
DY MAX MIN AVG DEP HDD CDD  WTR  SNW DPTH SPD SPD DIR MIN PSBL S-S WX    SPD DR
================================================================================

 1  77  45  61  14   4   0 0.01  0.0    T 10.9 28 230   M    M   2        39 240
 2  59  34  47  -1  18   0 0.26  0.0    T  7.5 16 320   M    M   8 1      21 320
 3  58  33  46  -2  19   0 0.00  0.0    T  4.7 13 300   M    M   1        18 310
 4  58  41  50   2  15   0 0.80  0.0    T  6.0 15 300   M    M   7 1      20 270
 5  61  35  48  -1  17   0    T  0.0    T  6.4 14 310   M    M   2 12     20 310
 6  62  37  50   1  15   0 0.01  0.0    0  6.2 16 300   M    M   6        21 310
 7  68  34  51   2  14   0 0.00  0.0    0  6.0 16 200   M    M   0        22 200
 8  77  42  60  10   5   0 0.00  0.0    0  5.3  9 150   M    M   1         M  M
 9  68  50  59   9   6   0 0.07  0.0    0  7.7 14 120   M    M   6        20 130
10  53  36  45  -5  20   0 0.05  0.0    0 14.1 26 300   M    M   5 1      39 300
11  54  29  42  -8  23   0 0.00  0.0    0  4.5 13 150   M    M   0        17 130
12  61  33  47  -4  18   0 0.00  0.0    0  4.6 15 260   M    M   0        19 270
13  72  35  54   3  11   0 0.00  0.0    0  4.1 18 210   M    M   1        23 220
14  79  44  62  11   3   0 0.00  0.0    0  4.9 15 230   M    M   1        18 250
15  64  40  52   0  13   0 0.00  0.0    0  8.2 21 300   M    M   0        26 290
16  78  38  58   6   7   0    T  0.0    0  7.5 20 290   M    M   3        26 290
17  62  42  52   0  13   0 0.00  0.0    0  5.9 13 320   M    M   0        19  50
18  61  43  52   0  13   0 0.00  0.0    0 10.1 22 130   M    M   0        29 110
19  54  42  48  -5  17   0 0.35  0.0    0  6.0 15 310   M    M   7 1      21 290
20  60  40  50  -3  15   0 0.00  0.0    0  7.4 18 310   M    M   2        24 320
21  77  38  58   5   7   0 0.00  0.0    0  4.0 15 150   M    M   0        21 160
22  75  47  61   7   4   0 0.00  0.0    0  5.7 15 310   M    M   0        21 310
================================================================================
SM 1438  858       277   0  1.55     0.0 147.7          M       52
================================================================================
AV 65.4 39.0                               6.7 FASTST   M    M   2    MAX(MPH)
                                 MISC ---->  # 28 230               # 39  240
================================================================================
NOTES:
# LAST OF SEVERAL OCCURRENCES

COLUMN 17 PEAK WIND IN M.P.H.

PRELIMINARY LOCAL CLIMATOLOGICAL DATA (WS FORM: F-6) , PAGE 2

                                          STATION:  SAULT STE MARIE MI
                                          MONTH:    MAY
                                          YEAR:     2018
                                          LATITUDE:   46 28 N
                                          LONGITUDE:  84 21 W

[TEMPERATURE DATA]      [PRECIPITATION DATA]       SYMBOLS USED IN COLUMN 16

AVERAGE MONTHLY: 52.2   TOTAL FOR MONTH:   1.55    1 = FOG OR MIST
DPTR FM NORMAL:   1.6   DPTR FM NORMAL:   -0.22    2 = FOG REDUCING VISIBILITY
HIGHEST:    79 ON 14    GRTST 24HR  0.80 ON  4- 4      TO 1/4 MILE OR LESS
LOWEST:     29 ON 11                               3 = THUNDER
                        SNOW, ICE PELLETS, HAIL    4 = ICE PELLETS
                        TOTAL MONTH:   0.0 INCH    5 = HAIL
                        GRTST 24HR     0.0         6 = FREEZING RAIN OR DRIZZLE
                        GRTST DEPTH:   0           7 = DUSTSTORM OR SANDSTORM:
                                                       VSBY 1/2 MILE OR LESS
                                                   8 = SMOKE OR HAZE
[NO. OF DAYS WITH]      [WEATHER - DAYS WITH]      9 = BLOWING SNOW
                                                   X = TORNADO
MAX 32 OR BELOW:   0    0.01 INCH OR MORE:   7
MAX 90 OR ABOVE:   0    0.10 INCH OR MORE:   3
MIN 32 OR BELOW:   1    0.50 INCH OR MORE:   1
MIN  0 OR BELOW:   0    1.00 INCH OR MORE:   0

[HDD (BASE 65) ]
TOTAL THIS MO.   277    CLEAR  (SCALE 0-3)  15
DPTR FM NORMAL   -43    PTCLDY (SCALE 4-7)   7
TOTAL FM JUL 1  8220    CLOUDY (SCALE 8-10)  0
DPTR FM NORMAL  -169

[CDD (BASE 65) ]
TOTAL THIS MO.     0
DPTR FM NORMAL     0    [PRESSURE DATA]
TOTAL FM JAN 1     0    HIGHEST SLP M ON M
DPTR FM NORMAL     0    LOWEST  SLP 29.49 ON  4

[REMARKS]
