000
CXUS53 KAPX 190631
CF6ANJ
PRELIMINARY LOCAL CLIMATOLOGICAL DATA (WS FORM: F-6)

                                          STATION:   SAULT STE MARIE MI
                                          MONTH:     MARCH
                                          YEAR:      2019
                                          LATITUDE:   46 28 N
                                          LONGITUDE:  84 21 W

  TEMPERATURE IN F:       :PCPN:    SNOW:  WIND      :SUNSHINE: SKY     :PK WND
================================================================================
1   2   3   4   5  6A  6B    7    8   9   10  11  12  13   14  15   16   17  18
                                     12Z  AVG MX 2MIN
DY MAX MIN AVG DEP HDD CDD  WTR  SNW DPTH SPD SPD DIR MIN PSBL S-S WX    SPD DR
================================================================================

 1  29   4  17  -4  48   0    T    T   40  3.3 13 320   M    M   3 8      17 320
 2  25  15  20  -1  45   0 0.06  1.0   39  8.8 20 320   M    M   7 18     29 310
 3  15  -1   7 -15  58   0 0.05  1.1   39  7.4 15 320   M    M   9 18     22 270
 4  10 -10   0 -22  65   0 0.02  0.4   39  4.6 15 250   M    M   7 18     21 240
 5  14  -6   4 -18  61   0 0.02  0.2   39  6.5 17 300   M    M   5 18     27 310
 6  14  -8   3 -19  62   0    T    T   39  4.7 16 280   M    M   7 18     24 270
 7  16  -2   7 -16  58   0 0.01  0.1   39  8.0 20 310   M    M   2 18     29 310
 8  30  -6  12 -11  53   0 0.00  0.0   38  2.7 10 290   M    M   0        14 280
 9  32   7  20  -4  45   0 0.00  0.0   38  9.5 20 120   M    M   3        33 110
10  33  28  31   7  34   0 0.42  5.2   39 12.8 24 280   M    M  10 128    40 280
11  30  19  25   1  40   0 0.09  1.4   41 15.0 25 280   M    M  10 18     40 270
12  37   7  22  -2  43   0 0.00  0.0   40  5.3 16 210   M    M   2 18     23 210
13  37  32  35  10  30   0 0.30  0.2   39  8.1 17 120   M    M  10 126    29 120
14  43  35  39  14  26   0 0.12  0.0   38  9.8 18 110   M    M  10 12     28 110
15  40  25  33   7  32   0 0.15  0.7   33 15.5 24 290   M    M  10 128    37 290
16  25  18  22  -4  43   0 0.05  0.9   33 10.4 22 290   M    M  10 18     34 310
17  35  13  24  -2  41   0    T    T   34  5.2 13 320   M    M   2        19 190
18  35  14  25  -2  40   0 0.05  0.5   33  3.1 10 290   M    M   4 18     15 270
================================================================================
SM  500  184       824   0  1.34    11.7 140.7          M      111
================================================================================
AV 27.8 10.2                               7.8 FASTST   M    M   6    MAX(MPH)
                                 MISC ---->  # 25 280               # 40  280
================================================================================
NOTES:
# LAST OF SEVERAL OCCURRENCES

COLUMN 17 PEAK WIND IN M.P.H.

PRELIMINARY LOCAL CLIMATOLOGICAL DATA (WS FORM: F-6) , PAGE 2

                                          STATION:  SAULT STE MARIE MI
                                          MONTH:    MARCH
                                          YEAR:     2019
                                          LATITUDE:   46 28 N
                                          LONGITUDE:  84 21 W

[TEMPERATURE DATA]      [PRECIPITATION DATA]       SYMBOLS USED IN COLUMN 16

AVERAGE MONTHLY: 19.0   TOTAL FOR MONTH:   1.34    1 = FOG OR MIST
DPTR FM NORMAL:  -4.7   DPTR FM NORMAL:    0.29    2 = FOG REDUCING VISIBILITY
HIGHEST:    43 ON 14    GRTST 24HR  0.42 ON 10-10      TO 1/4 MILE OR LESS
LOWEST:    -10 ON  4                               3 = THUNDER
                        SNOW, ICE PELLETS, HAIL    4 = ICE PELLETS
                        TOTAL MONTH:  11.7 INCHES  5 = HAIL
                        GRTST 24HR   5.2 ON 10-10  6 = FREEZING RAIN OR DRIZZLE
                        GRTST DEPTH:  41 ON 11     7 = DUSTSTORM OR SANDSTORM:
                                                       VSBY 1/2 MILE OR LESS
                                                   8 = SMOKE OR HAZE
[NO. OF DAYS WITH]      [WEATHER - DAYS WITH]      9 = BLOWING SNOW
                                                   X = TORNADO
MAX 32 OR BELOW:  11    0.01 INCH OR MORE:  12
MAX 90 OR ABOVE:   0    0.10 INCH OR MORE:   4
MIN 32 OR BELOW:  17    0.50 INCH OR MORE:   0
MIN  0 OR BELOW:   6    1.00 INCH OR MORE:   0

[HDD (BASE 65) ]
TOTAL THIS MO.   824    CLEAR  (SCALE 0-3)   6
DPTR FM NORMAL    81    PTCLDY (SCALE 4-7)   5
TOTAL FM JUL 1  6960    CLOUDY (SCALE 8-10)  7
DPTR FM NORMAL    91

[CDD (BASE 65) ]
TOTAL THIS MO.     0
DPTR FM NORMAL     0    [PRESSURE DATA]
TOTAL FM JAN 1     0    HIGHEST SLP M ON M
DPTR FM NORMAL     0    LOWEST  SLP 29.28 ON 14

[REMARKS]
