000
CXUS53 KIWX 270800
CF6AOH
PRELIMINARY LOCAL CLIMATOLOGICAL DATA (WS FORM: F-6)

                                          STATION:   LIMA
                                          MONTH:     MAY
                                          YEAR:      2019
                                          LATITUDE:   40 42 N
                                          LONGITUDE:  84  1 W

  TEMPERATURE IN F:       :PCPN:    SNOW:  WIND      :SUNSHINE: SKY     :PK WND
================================================================================
1   2   3   4   5  6A  6B    7    8   9   10  11  12  13   14  15   16   17  18
                                     12Z  AVG MX 2MIN
DY MAX MIN AVG DEP HDD CDD  WTR  SNW DPTH SPD SPD DIR MIN PSBL S-S WX    SPD DR
================================================================================

 1  77  47  62   6   3   0 0.44  0.0    0 12.1 30 210   M    M   7 1      43 200
 2  72  58  65   8   0   0 0.01    M    M  5.9 15 230   M    M   8 12     21 240
 3  64  49  57   0   8   0 0.13    M    M  6.2 15  10   M    M  10 1      19  20
 4  54  47  51  -6  14   0 0.08    M    M  7.1 17  80   M    M   8 1      21 100
 5  67  45  56  -2   9   0 0.00  0.0    0  7.4 14 350   M    M   3 12     19  40
 6  75  51  63   5   2   0 0.00    M    M  7.8 17 240   M    M   1        22 220
 7  65  47  56  -2   9   0 0.00  0.0    0 10.4 20  40   M    M   3 12     25  70
 8  72  46  59   1   6   0 0.00  0.0    0 12.0 17  70   M    M   4        24  70
 9  74  59  67   8   0   2 0.61  0.0    0 14.0 30 250   M    M   6 18     38 260
10  65  43  54  -5  11   0 0.01  0.0    0 10.1 20 300   M    M   9 1      26 280
11  60  41  51  -8  14   0 0.27  0.0    0 10.7 21  30   M    M   5 1      30  20
12  51  44  48 -12  17   0 0.10  0.0    0  8.3 18  50   M    M  10 1      26  50
13  53  42  48 -12  17   0 0.14  0.0    0  7.6 17 310   M    M   7 1      22 310
14  65  39  52  -8  13   0 0.00  0.0    0  5.8 15 310   M    M   2        22 320
15  72  44  58  -3   7   0 0.00  0.0    0  7.1 17 260   M    M   2        22 240
16  75  51  63   2   2   0 0.66  0.0    0  9.6 21 240   M    M   1 13     27 210
17  78  60  69   8   0   4 1.04  0.0    0 10.2 21 310   M    M   7 13     27 270
18  85  57  71   9   0   6 0.00  0.0    0  9.7 21 240   M    M   3 1      30 240
19  77  61  69   7   0   4 1.02  0.0    0 11.7 25 220   M    M   5 138    41 220
20  63  49  56  -6   9   0 0.00  0.0    0 12.7 23 250   M    M   7        29 270
21  56  48  52 -10  13   0    T  0.0    0 10.4 20 100   M    M   8        27 100
22  74  52  63   0   2   0 0.07  0.0    0 10.1 20 120   M    M   5 1      27 120
23  82  62  72   9   0   7 0.10  0.0    0 15.2 31 240   M    M   2 13     42 240
24  76  53  65   2   0   0    T  0.0    0  5.2 14  20   M    M   2        16  30
25  88  68  78  14   0  13 0.30  0.0    0 12.1 35 290   M    M   1 13     47 300
26  75  64  70   6   0   5 0.64  0.0    0  7.7 32 290   M    M   4 13     44 300
================================================================================
SM 1815 1327       156  41  5.62     0.0 247.1          M      130
================================================================================
AV 69.8 51.0                               9.5 FASTST   M    M   5    MAX(MPH)
                                 MISC ---->  # 35 290               # 47  300
================================================================================
NOTES:
# LAST OF SEVERAL OCCURRENCES

COLUMN 17 PEAK WIND IN M.P.H.

PRELIMINARY LOCAL CLIMATOLOGICAL DATA (WS FORM: F-6) , PAGE 2

                                          STATION:  LIMA
                                          MONTH:    MAY
                                          YEAR:     2019
                                          LATITUDE:   40 42 N
                                          LONGITUDE:  84  1 W

[TEMPERATURE DATA]      [PRECIPITATION DATA]       SYMBOLS USED IN COLUMN 16

AVERAGE MONTHLY: 60.4   TOTAL FOR MONTH:   5.62    1 = FOG OR MIST
DPTR FM NORMAL:   0.3   DPTR FM NORMAL:    2.36    2 = FOG REDUCING VISIBILITY
HIGHEST:    88 ON 25    GRTST 24HR  1.04 ON 17-17      TO 1/4 MILE OR LESS
LOWEST:     39 ON 14                               3 = THUNDER
                        SNOW, ICE PELLETS, HAIL    4 = ICE PELLETS
                        TOTAL MONTH:   0.0 INCH    5 = HAIL
                        GRTST 24HR     0.0         6 = FREEZING RAIN OR DRIZZLE
                        GRTST DEPTH:   0           7 = DUSTSTORM OR SANDSTORM:
                                                       VSBY 1/2 MILE OR LESS
                                                   8 = SMOKE OR HAZE
[NO. OF DAYS WITH]      [WEATHER - DAYS WITH]      9 = BLOWING SNOW
                                                   X = TORNADO
MAX 32 OR BELOW:   0    0.01 INCH OR MORE:  16
MAX 90 OR ABOVE:   0    0.10 INCH OR MORE:  12
MIN 32 OR BELOW:   0    0.50 INCH OR MORE:   5
MIN  0 OR BELOW:   0    1.00 INCH OR MORE:   2

[HDD (BASE 65) ]
TOTAL THIS MO.   156    CLEAR  (SCALE 0-3)   8
DPTR FM NORMAL    -8    PTCLDY (SCALE 4-7)  15
TOTAL FM JUL 1  5814    CLOUDY (SCALE 8-10)  3
DPTR FM NORMAL     5

[CDD (BASE 65) ]
TOTAL THIS MO.    41
DPTR FM NORMAL     2    [PRESSURE DATA]
TOTAL FM JAN 1    41    HIGHEST SLP M ON M
DPTR FM NORMAL    -8    LOWEST  SLP 29.56 ON 19

[REMARKS]
