000
CXUS53 KIWX 220800
CF6AOH
PRELIMINARY LOCAL CLIMATOLOGICAL DATA (WS FORM: F-6)

                                          STATION:   LIMA
                                          MONTH:     MARCH
                                          YEAR:      2019
                                          LATITUDE:   40 42 N
                                          LONGITUDE:  84  1 W

  TEMPERATURE IN F:       :PCPN:    SNOW:  WIND      :SUNSHINE: SKY     :PK WND
================================================================================
1   2   3   4   5  6A  6B    7    8   9   10  11  12  13   14  15   16   17  18
                                     12Z  AVG MX 2MIN
DY MAX MIN AVG DEP HDD CDD  WTR  SNW DPTH SPD SPD DIR MIN PSBL S-S WX    SPD DR
================================================================================

 1  40  20  30  -4  35   0 0.00  0.0    0  6.5 15  20   M    M   0        19  70
 2  37  22  30  -4  35   0 0.00  0.0    0  4.2 16 340   M    M   6        21 290
 3  30  19  25  -9  40   0 0.03    M    0  8.8 20 320   M    M   8 18     25 320
 4  19   6  13 -22  52   0 0.00  0.0    0 14.2 24 270   M    M   5        32 260
 5  17   6  12 -23  53   0    T    M    M 16.2 28 270   M    M   6 8      36 260
 6  23   9  16 -19  49   0 0.00  0.0    M 13.8 22 240   M    M   4        28 250
 7  30  17  24 -12  41   0 0.00  0.0    M  6.9 18 230   M    M   4        24 240
 8  41  20  31  -5  34   0 0.00  0.0    M  5.0 10 130   M    M   7        12 120
 9  52  24  38   2  27   0 0.94    M    M 13.9 30 140   M    M   4 138    44 140
10  50  34  42   5  23   0 0.16    M    M 22.6 38 250   M    M   8 1      56 250
11  43  29  36  -1  29   0 0.00  0.0    M 12.9 22 290   M    M   2        28 290
12  44  24  34  -4  31   0 0.00  0.0    0  3.5 10 160   M    M   0        14 220
13  63  36  50  12  15   0 0.04    M    M 11.7 18 160   M    M   5 1      24 180
14  67  45  56  18   9   0 0.53    M    M 17.2 36 260   M    M   3 138    49 180
15  47  34  41   2  24   0 0.01    M    M 21.1 31 250   M    M   9 1      42 250
16  40  30  35  -4  30   0 0.00  0.0    M 12.4 21 300   M    M   5        28 270
17  38  23  31  -8  34   0 0.07    M    M  4.2 13 230   M    M   6 1      19 220
18  42  22  32  -8  33   0 0.01    M    M  6.8 15 320   M    M   5 12     20 320
19  47  27  37  -3  28   0 0.00  0.0    0  5.7 13 260   M    M   3        18 250
20  50  32  41   0  24   0 0.36    M    0 10.7 20 210   M    M   6 1      31 210
21  48  38  43   2  22   0 0.08    M    0  7.4 22 300   M    M  10 18     28 300
================================================================================
SM  868  517       668   0  2.23     0.0 225.7          M      106
================================================================================
AV 41.3 24.6                              10.7 FASTST   M    M   5    MAX(MPH)
                                 MISC ---->  # 38 250               # 56  250
================================================================================
NOTES:
# LAST OF SEVERAL OCCURRENCES

COLUMN 17 PEAK WIND IN M.P.H.

PRELIMINARY LOCAL CLIMATOLOGICAL DATA (WS FORM: F-6) , PAGE 2

                                          STATION:  LIMA
                                          MONTH:    MARCH
                                          YEAR:     2019
                                          LATITUDE:   40 42 N
                                          LONGITUDE:  84  1 W

[TEMPERATURE DATA]      [PRECIPITATION DATA]       SYMBOLS USED IN COLUMN 16

AVERAGE MONTHLY: 33.0   TOTAL FOR MONTH:   2.23    1 = FOG OR MIST
DPTR FM NORMAL:  -4.3   DPTR FM NORMAL:    0.74    2 = FOG REDUCING VISIBILITY
HIGHEST:    67 ON 14    GRTST 24HR  0.94 ON  9- 9      TO 1/4 MILE OR LESS
LOWEST:      6 ON  5, 4                            3 = THUNDER
                        SNOW, ICE PELLETS, HAIL    4 = ICE PELLETS
                        TOTAL MONTH:   0.0 INCH    5 = HAIL
                        GRTST 24HR     0.0         6 = FREEZING RAIN OR DRIZZLE
                        GRTST DEPTH:   0           7 = DUSTSTORM OR SANDSTORM:
                                                       VSBY 1/2 MILE OR LESS
                                                   8 = SMOKE OR HAZE
[NO. OF DAYS WITH]      [WEATHER - DAYS WITH]      9 = BLOWING SNOW
                                                   X = TORNADO
MAX 32 OR BELOW:   5    0.01 INCH OR MORE:  10
MAX 90 OR ABOVE:   0    0.10 INCH OR MORE:   4
MIN 32 OR BELOW:  16    0.50 INCH OR MORE:   2
MIN  0 OR BELOW:   0    1.00 INCH OR MORE:   0

[HDD (BASE 65) ]
TOTAL THIS MO.   668    CLEAR  (SCALE 0-3)   4
DPTR FM NORMAL    85    PTCLDY (SCALE 4-7)  14
TOTAL FM JUL 1  5028    CLOUDY (SCALE 8-10)  3
DPTR FM NORMAL    39

[CDD (BASE 65) ]
TOTAL THIS MO.     0
DPTR FM NORMAL     0    [PRESSURE DATA]
TOTAL FM JAN 1     0    HIGHEST SLP M ON M
DPTR FM NORMAL     0    LOWEST  SLP 29.29 ON 14

[REMARKS]
