000
CXUS51 KCTP 250700
CF6AOO
PRELIMINARY LOCAL CLIMATOLOGICAL DATA (WS FORM: F-6)

                                          STATION:   ALTOONA
                                          MONTH:     MAY
                                          YEAR:      2019
                                          LATITUDE:   40 17 N
                                          LONGITUDE:  78 19 W

  TEMPERATURE IN F:       :PCPN:    SNOW:  WIND      :SUNSHINE: SKY     :PK WND
================================================================================
1   2   3   4   5  6A  6B    7    8   9   10  11  12  13   14  15   16   17  18
                                     12Z  AVG MX 2MIN
DY MAX MIN AVG DEP HDD CDD  WTR  SNW DPTH SPD SPD DIR MIN PSBL S-S WX    SPD DR
================================================================================

 1  60  54  57   3   8   0 0.00    M    M  7.0 14 160   M    M  10 18     16 170
 2  79  57  68  14   0   3 0.00    M    M  5.0 18 280   M    M   6 12     25 260
 3  80  59  70  16   0   5 0.50    M    M  3.0 37 210   M    M   6 13     42 210
 4  71  59  65  10   0   0 0.47    M    M  2.9 12 320   M    M   9 128    14 310
 5  60  56  58   3   7   0 0.92    M    M  5.8 14  20   M    M  10 1      16  10
 6  72  54  63   8   2   0 0.00    M    M  4.6 14 330   M    M   4        17 330
 7  77  48  63   7   2   0 0.00    M    M  4.9 13  30   M    M   2        16  30
 8  73  51  62   6   3   0 0.00    M    M  7.3 14  80   M    M   3        17  20
 9  65  59  62   6   3   0 0.02    M    M  8.8 18 160   M    M  10 18     25 150
10  73  56  65   9   0   0 0.10    M    M 10.6 20 170   M    M   9 1      26 160
11  63  48  56  -1   9   0 0.56    M    M  6.2 14 320   M    M   7 1      18 310
12  51  45  48  -9  17   0 1.08    M    M  8.5 15  90   M    M  10 1      19  80
13  53  44  49  -8  16   0 0.30    M    M  7.8 18 310   M    M  10 1      24 280
14  52  43  48  -9  17   0 0.03    M    M 12.0 23 320   M    M   8 1      29 310
15  68  39  54  -4  11   0    T    M    M  9.0 20 300   M    M   4        26 310
16  73  49  61   3   4   0 0.08    M    M  7.4 18 290   M    M   4 1      24 290
17  75  54  65   7   0   0 0.02    M    M  8.6 20 270   M    M   6        25 270
18  80  59  70  11   0   5 0.00    M    M  3.4 10 290   M    M   6        13 290
19  85  58  72  13   0   7 0.08    M    M  7.1 26 230   M    M   2 13     35 230
20  78  56  67   8   0   2 0.03    M    M 14.5 29 270   M    M   5 1      34 270
21  65  47  56  -3   9   0 0.00    M    M  9.3 23 320   M    M   3        29 320
22  70  44  57  -3   8   0 0.00    M    M  5.7 15 150   M    M   1        20 160
23  82  59  71  11   0   6 0.12    M    M 11.4 28 280   M    M   5 13     37 290
24  77  56  67   7   0   2    T    M    M  8.3 21 290   M    M   3 1      27 310
================================================================================
SM 1682 1254       116  30  4.31    M    179.1          M      143
================================================================================
AV 70.1 52.3                               7.5 FASTST   M    M   6    MAX(MPH)
                                 MISC ---->  # 37 210               # 42  210
================================================================================
NOTES:
# LAST OF SEVERAL OCCURRENCES

COLUMN 17 PEAK WIND IN M.P.H.

PRELIMINARY LOCAL CLIMATOLOGICAL DATA (WS FORM: F-6) , PAGE 2

                                          STATION:  ALTOONA
                                          MONTH:    MAY
                                          YEAR:     2019
                                          LATITUDE:   40 17 N
                                          LONGITUDE:  78 19 W

[TEMPERATURE DATA]      [PRECIPITATION DATA]       SYMBOLS USED IN COLUMN 16

AVERAGE MONTHLY: 61.2   TOTAL FOR MONTH:   4.31    1 = FOG OR MIST
DPTR FM NORMAL:   4.1   DPTR FM NORMAL:    1.44    2 = FOG REDUCING VISIBILITY
HIGHEST:    85 ON 19    GRTST 24HR  1.08 ON 12-12      TO 1/4 MILE OR LESS
LOWEST:     39 ON 15                               3 = THUNDER
                        SNOW, ICE PELLETS, HAIL    4 = ICE PELLETS
                        TOTAL MONTH:    M          5 = HAIL
                        GRTST 24HR    M  ON   M    6 = FREEZING RAIN OR DRIZZLE
                        GRTST DEPTH:  M  ON   M    7 = DUSTSTORM OR SANDSTORM:
                                                       VSBY 1/2 MILE OR LESS
                                                   8 = SMOKE OR HAZE
[NO. OF DAYS WITH]      [WEATHER - DAYS WITH]      9 = BLOWING SNOW
                                                   X = TORNADO
MAX 32 OR BELOW:   0    0.01 INCH OR MORE:  14
MAX 90 OR ABOVE:   0    0.10 INCH OR MORE:   8
MIN 32 OR BELOW:   0    0.50 INCH OR MORE:   4
MIN  0 OR BELOW:   0    1.00 INCH OR MORE:   1

[HDD (BASE 65) ]
TOTAL THIS MO.   116    CLEAR  (SCALE 0-3)   5
DPTR FM NORMAL   -90    PTCLDY (SCALE 4-7)  12
TOTAL FM JUL 1  5670    CLOUDY (SCALE 8-10)  7
DPTR FM NORMAL  -454

[CDD (BASE 65) ]
TOTAL THIS MO.    30
DPTR FM NORMAL    16    [PRESSURE DATA]
TOTAL FM JAN 1    30    HIGHEST SLP M ON M
DPTR FM NORMAL    10    LOWEST  SLP 29.72 ON M

[REMARKS]
