000
CXUS55 KBOU 190738
CF6APA
PRELIMINARY LOCAL CLIMATOLOGICAL DATA (WS FORM: F-6)

                                          STATION:   CENTENNIAL CO
                                          MONTH:     MARCH
                                          YEAR:      2019
                                          LATITUDE:   39 33 N
                                          LONGITUDE: 104 51 W

  TEMPERATURE IN F:       :PCPN:    SNOW:  WIND      :SUNSHINE: SKY     :PK WND
================================================================================
1   2   3   4   5  6A  6B    7    8   9   10  11  12  13   14  15   16   17  18
                                     12Z  AVG MX 2MIN
DY MAX MIN AVG DEP HDD CDD  WTR  SNW DPTH SPD SPD DIR MIN PSBL S-S WX    SPD DR
================================================================================

 1  51  30  41   5  24   0    T    M    M  9.9 21 190   M    M   7 8      30 180
 2  30   2  16 -20  49   0 0.10    M    M 11.0 21 170   M    M   9 1      26 180
 3   8  -4   2 -34  63   0    T    M    M  4.4  9  40   M    M  10 18     13  80
 4  22   0  11 -26  54   0    T    M    M  2.3  8  30   M    M   6 18     12  60
 5  34   2  18 -19  47   0 0.00    M    M  3.7 12 360   M    M   3 18     14  10
 6  43  17  30  -7  35   0 0.07    M    M  5.0 15 350   M    M   7 1468   18 360
 7  56  28  42   4  23   0 0.02    M    M  6.7 25 360   M    M   6 1468   31 230
 8  61  31  46   8  19   0 0.05    M    M  9.8 30 230   M    M   6 18     39 200
 9  48  27  38   0  27   0 0.00    M    M 12.1 28 310   M    M   5        37 310
10  50  24  37  -1  28   0 0.00    M    M 12.2 28 180   M    M   4        37 180
11  53  25  39   1  26   0    T    M    M  5.9 15 170   M    M   5        20 210
12  66  35  51  12  14   0    T    M    M  9.3 26 220   M    M   8        36 220
13  42  26  34  -5  31   0 0.73    M    M 24.3 53 350   M    M   9 12389  70 350
14  31  17  24 -15  41   0 0.00    M    M 13.1 38 360   M    M   8 8      50 360
15  40  12  26 -14  39   0 0.00    M    M  8.1 15 150   M    M   1        20 140
16  43  19  31  -9  34   0 0.00    M    M  6.9 15 110   M    M   1        21 100
17  47  24  36  -4  29   0 0.00    M    M  5.0 13  60   M    M   3        19  60
18  52  29  41   1  24   0 0.00  0.0    0  7.0 24 180   M    M   7 8      34 170
================================================================================
SM  777  344       607   0  0.97     0.0 156.7          M      105
================================================================================
AV 43.2 19.1                               8.7 FASTST   M    M   6    MAX(MPH)
                                 MISC ---->  # 53 350               # 70  350
================================================================================
NOTES:
# LAST OF SEVERAL OCCURRENCES

COLUMN 17 PEAK WIND IN M.P.H.

PRELIMINARY LOCAL CLIMATOLOGICAL DATA (WS FORM: F-6) , PAGE 2

                                          STATION:  CENTENNIAL CO
                                          MONTH:    MARCH
                                          YEAR:     2019
                                          LATITUDE:   39 33 N
                                          LONGITUDE: 104 51 W

[TEMPERATURE DATA]      [PRECIPITATION DATA]       SYMBOLS USED IN COLUMN 16

AVERAGE MONTHLY: 31.1   TOTAL FOR MONTH:   0.97    1 = FOG OR MIST
DPTR FM NORMAL:  -7.0   DPTR FM NORMAL:    0.46    2 = FOG REDUCING VISIBILITY
HIGHEST:    66 ON 12    GRTST 24HR  0.73 ON 13-13      TO 1/4 MILE OR LESS
LOWEST:     -4 ON  3                               3 = THUNDER
                        SNOW, ICE PELLETS, HAIL    4 = ICE PELLETS
                        TOTAL MONTH:   0.0 INCH    5 = HAIL
                        GRTST 24HR     0.0         6 = FREEZING RAIN OR DRIZZLE
                        GRTST DEPTH:   0           7 = DUSTSTORM OR SANDSTORM:
                                                       VSBY 1/2 MILE OR LESS
                                                   8 = SMOKE OR HAZE
[NO. OF DAYS WITH]      [WEATHER - DAYS WITH]      9 = BLOWING SNOW
                                                   X = TORNADO
MAX 32 OR BELOW:   4    0.01 INCH OR MORE:   5
MAX 90 OR ABOVE:   0    0.10 INCH OR MORE:   2
MIN 32 OR BELOW:  17    0.50 INCH OR MORE:   1
MIN  0 OR BELOW:   2    1.00 INCH OR MORE:   0

[HDD (BASE 65) ]
TOTAL THIS MO.   607    CLEAR  (SCALE 0-3)   3
DPTR FM NORMAL   123    PTCLDY (SCALE 4-7)  11
TOTAL FM JUL 1  5092    CLOUDY (SCALE 8-10)  4
DPTR FM NORMAL   144

[CDD (BASE 65) ]
TOTAL THIS MO.     0
DPTR FM NORMAL     0    [PRESSURE DATA]
TOTAL FM JAN 1     0    HIGHEST SLP M ON M
DPTR FM NORMAL     0    LOWEST  SLP 28.91 ON 13

[REMARKS]
