000
CXUS55 KBOU 260736
CF6APA
PRELIMINARY LOCAL CLIMATOLOGICAL DATA (WS FORM: F-6)

                                          STATION:   CENTENNIAL CO
                                          MONTH:     MAY
                                          YEAR:      2019
                                          LATITUDE:   39 33 N
                                          LONGITUDE: 104 51 W

  TEMPERATURE IN F:       :PCPN:    SNOW:  WIND      :SUNSHINE: SKY     :PK WND
================================================================================
1   2   3   4   5  6A  6B    7    8   9   10  11  12  13   14  15   16   17  18
                                     12Z  AVG MX 2MIN
DY MAX MIN AVG DEP HDD CDD  WTR  SNW DPTH SPD SPD DIR MIN PSBL S-S WX    SPD DR
================================================================================

 1  50  36  43  -8  22   0 0.07    M    M  8.1 17 360   M    M  10 128    21 350
 2  59  33  46  -5  19   0    T    M    M  6.6 20 200   M    M   5 3      27 170
 3  68  33  51   0  14   0 0.00    M    M  6.2 18 170   M    M   3        23 180
 4  71  39  55   3  10   0 0.00    M    M  5.9 32 220   M    M   4        46 240
 5  74  46  60   8   5   0 0.00    M    M  6.1 24 250   M    M   6        34 250
 6  71  42  57   5   8   0 0.08    M    M  6.1 21 220   M    M   6 38     30 200
 7  60  47  54   1  11   0 0.28    M    M  8.4 22 320   M    M   9 123    29 320
 8  49  33  41 -12  24   0 0.50    M    M 12.5 21 360   M    M  10 12     28  20
 9  41  32  37 -17  28   0 0.07    M    M  9.6 14 150   M    M  10 18     20 110
10  55  33  44 -10  21   0    T    M    M  7.1 20 170   M    M   7        26 170
11  63  34  49  -5  16   0    T    M    M  6.2 20 320   M    M   4        33 330
12  72  35  54   0  11   0 0.00    M    M  7.3 15 200   M    M   2        22  50
13  78  46  62   7   3   0 0.00    M    M  7.2 21 210   M    M   4        32 200
14  80  44  62   7   3   0 0.00    M    M  7.5 22 360   M    M   4        29  30
15  81  46  64   8   1   0 0.00    M    M  6.8 31 250   M    M   5        48 250
16  78  49  64   8   1   0 0.05    M    M  6.6 30 150   M    M   6 3      47 140
17  75  40  58   2   7   0 0.02    M    M 10.7 22  10   M    M   5        28  20
18  62  35  49  -7  16   0 0.12    M    M  8.0 29 310   M    M   6 135    36 310
19  59  38  49  -8  16   0 0.03    M    M  8.2 20 340   M    M   9 1      25 340
20  46  32  39 -18  26   0 1.08    M    M  7.5 14 360   M    M  10 1      18 330
21  40  31  36 -21  29   0 0.02    M    M  9.3 16 350   M    M  10 1      20 310
22  50  35  43 -15  22   0    T    M    M  5.5 15  90   M    M   9        21 100
23  46  34  40 -18  25   0 0.00    M    M  6.7 15 140   M    M   9 18     22 130
24  70  34  52  -6  13   0 0.00    M    M 10.2 24 280   M    M   3 1      33 250
25  74  37  56  -3   9   0 0.00  0.0    0 10.4 26 150   M    M   3        43 150
================================================================================
SM 1572  944       360   0  2.32     0.0 194.7          M      159
================================================================================
AV 62.9 37.8                               7.8 FASTST   M    M   6    MAX(MPH)
                                 MISC ---->  # 32 220               # 48  250
================================================================================
NOTES:
# LAST OF SEVERAL OCCURRENCES

COLUMN 17 PEAK WIND IN M.P.H.

PRELIMINARY LOCAL CLIMATOLOGICAL DATA (WS FORM: F-6) , PAGE 2

                                          STATION:  CENTENNIAL CO
                                          MONTH:    MAY
                                          YEAR:     2019
                                          LATITUDE:   39 33 N
                                          LONGITUDE: 104 51 W

[TEMPERATURE DATA]      [PRECIPITATION DATA]       SYMBOLS USED IN COLUMN 16

AVERAGE MONTHLY: 50.3   TOTAL FOR MONTH:   2.32    1 = FOG OR MIST
DPTR FM NORMAL:  -4.4   DPTR FM NORMAL:    0.40    2 = FOG REDUCING VISIBILITY
HIGHEST:    81 ON 15    GRTST 24HR  1.08 ON 20-20      TO 1/4 MILE OR LESS
LOWEST:     31 ON 21                               3 = THUNDER
                        SNOW, ICE PELLETS, HAIL    4 = ICE PELLETS
                        TOTAL MONTH:   0.0 INCH    5 = HAIL
                        GRTST 24HR     0.0         6 = FREEZING RAIN OR DRIZZLE
                        GRTST DEPTH:   0           7 = DUSTSTORM OR SANDSTORM:
                                                       VSBY 1/2 MILE OR LESS
                                                   8 = SMOKE OR HAZE
[NO. OF DAYS WITH]      [WEATHER - DAYS WITH]      9 = BLOWING SNOW
                                                   X = TORNADO
MAX 32 OR BELOW:   0    0.01 INCH OR MORE:  11
MAX 90 OR ABOVE:   0    0.10 INCH OR MORE:   4
MIN 32 OR BELOW:   3    0.50 INCH OR MORE:   2
MIN  0 OR BELOW:   0    1.00 INCH OR MORE:   1

[HDD (BASE 65) ]
TOTAL THIS MO.   360    CLEAR  (SCALE 0-3)   4
DPTR FM NORMAL   100    PTCLDY (SCALE 4-7)  12
TOTAL FM JUL 1  6199    CLOUDY (SCALE 8-10)  9
DPTR FM NORMAL   122

[CDD (BASE 65) ]
TOTAL THIS MO.     0
DPTR FM NORMAL    -1    [PRESSURE DATA]
TOTAL FM JAN 1     0    HIGHEST SLP M ON M
DPTR FM NORMAL    -1    LOWEST  SLP 29.27 ON 17

[REMARKS]
