000
CXUS52 KMFL 261000
CF6APF
PRELIMINARY LOCAL CLIMATOLOGICAL DATA (WS FORM: F-6)

                                          STATION:   NAPLES
                                          MONTH:     MAY
                                          YEAR:      2019
                                          LATITUDE:   26  8 N
                                          LONGITUDE:  81 46 W

  TEMPERATURE IN F:       :PCPN:    SNOW:  WIND      :SUNSHINE: SKY     :PK WND
================================================================================
1   2   3   4   5  6A  6B    7    8   9   10  11  12  13   14  15   16   17  18
                                     12Z  AVG MX 2MIN
DY MAX MIN AVG DEP HDD CDD  WTR  SNW DPTH SPD SPD DIR MIN PSBL S-S WX    SPD DR
================================================================================

 1  87  70  79   3   0  14    T  0.0    0 12.6 29  70   M    M   3        36  50
 2  85  72  79   3   0  14 0.00  0.0    0  9.0 18 200   M    M   4        23 220
 3  87  72  80   4   0  15 0.00  0.0    0  7.1 17 220   M    M   3        22 220
 4  90  73  82   6   0  17 0.00  0.0    0  9.5 20 210   M    M   1        23 220
 5  87  75  81   5   0  16 0.00  0.0    0  7.5 21 230   M    M   3        24 220
 6  89  76  83   6   0  18 0.00  0.0    0  5.9 15 230   M    M   1        19 220
 7  90  71  81   4   0  16 0.04  0.0    0  7.5 22  80   M    M   2 3      26  90
 8  90  70  80   3   0  15 0.61  0.0    0  7.9 15 280   M    M   5 138    20 270
 9  89  71  80   3   0  15 0.74  0.0    0  8.4 18 110   M    M   3 13     26  20
10  89  70  80   3   0  15 2.41  0.0    0  7.2 33 110   M    M   3 138    44 120
11  89  72  81   4   0  16    T  0.0    0  8.6 18 210   M    M   1        22 200
12  88  74  81   3   0  16 0.00  0.0    0  8.8 18 220   M    M   1        23 200
13  87  76  82   4   0  17 0.21  0.0    0 10.2 24 270   M    M   2 38     32 280
14  84  75  80   2   0  15 0.00  0.0    0  6.8 16 300   M    M   3        19 240
15  83  74  79   1   0  14 0.03  0.0    0  3.4 12 280   M    M   7 1      14 290
16  87  70  79   1   0  14 0.08  0.0    0  8.0 21 130   M    M   3 13     26 140
17  89  67  78   0   0  13 0.00  0.0    0  9.4 13  80   M    M   0        18 120
18  89  67  78   0   0  13 0.00  0.0    0  7.3 15 110   M    M   1 3      19 130
19  90  71  81   2   0  16 0.00  0.0    0  7.6 14  70   M    M   2 3      19 290
20  89  73  81   2   0  16 0.01  0.0    0  5.7 16 140   M    M   4 13     19 250
21  87  74  81   2   0  16 0.00  0.0    0  6.8 14 260   M    M   5        19 250
22  93  72  83   4   0  18 0.00  0.0    0  9.8 18  80   M    M   1        24  70
23  92  72  82   3   0  17 0.00  0.0    0 12.7 21  60   M    M   2        27  90
24  91  68  80   1   0  15 0.00  0.0    0 11.3 20  70   M    M   1        25  60
25  91  68  80   0   0  15 0.00  0.0    0 12.1 21  70   M    M   0        27  50
================================================================================
SM 2212 1793         0 386  4.13     0.0 211.1          M       61
================================================================================
AV 88.5 71.7                               8.4 FASTST   M    M   2    MAX(MPH)
                                 MISC ---->  # 33 110               # 44  120
================================================================================
NOTES:
# LAST OF SEVERAL OCCURRENCES

COLUMN 17 PEAK WIND IN M.P.H.

PRELIMINARY LOCAL CLIMATOLOGICAL DATA (WS FORM: F-6) , PAGE 2

                                          STATION:  NAPLES
                                          MONTH:    MAY
                                          YEAR:     2019
                                          LATITUDE:   26  8 N
                                          LONGITUDE:  81 46 W

[TEMPERATURE DATA]      [PRECIPITATION DATA]       SYMBOLS USED IN COLUMN 16

AVERAGE MONTHLY: 80.1   TOTAL FOR MONTH:   4.13    1 = FOG OR MIST
DPTR FM NORMAL:   2.4   DPTR FM NORMAL:    1.86    2 = FOG REDUCING VISIBILITY
HIGHEST:    93 ON 22    GRTST 24HR  2.41 ON 10-10      TO 1/4 MILE OR LESS
LOWEST:     67 ON 18,17                            3 = THUNDER
                        SNOW, ICE PELLETS, HAIL    4 = ICE PELLETS
                        TOTAL MONTH:   0.0 INCH    5 = HAIL
                        GRTST 24HR     0.0         6 = FREEZING RAIN OR DRIZZLE
                        GRTST DEPTH:   0           7 = DUSTSTORM OR SANDSTORM:
                                                       VSBY 1/2 MILE OR LESS
                                                   8 = SMOKE OR HAZE
[NO. OF DAYS WITH]      [WEATHER - DAYS WITH]      9 = BLOWING SNOW
                                                   X = TORNADO
MAX 32 OR BELOW:   0    0.01 INCH OR MORE:   8
MAX 90 OR ABOVE:   8    0.10 INCH OR MORE:   4
MIN 32 OR BELOW:   0    0.50 INCH OR MORE:   3
MIN  0 OR BELOW:   0    1.00 INCH OR MORE:   1

[HDD (BASE 65) ]
TOTAL THIS MO.     0    CLEAR  (SCALE 0-3)  19
DPTR FM NORMAL     0    PTCLDY (SCALE 4-7)   6
TOTAL FM JUL 1   142    CLOUDY (SCALE 8-10)  0
DPTR FM NORMAL  -118

[CDD (BASE 65) ]
TOTAL THIS MO.   386
DPTR FM NORMAL    68    [PRESSURE DATA]
TOTAL FM JAN 1  1290    HIGHEST SLP M ON M
DPTR FM NORMAL   352    LOWEST  SLP 29.85 ON  5

[REMARKS]
