000
CXUS53 KAPX 220631
CF6APN
PRELIMINARY LOCAL CLIMATOLOGICAL DATA (WS FORM: F-6)

                                          STATION:   ALPENA MI
                                          MONTH:     MARCH
                                          YEAR:      2019
                                          LATITUDE:   45  4 N
                                          LONGITUDE:  83 34 W

  TEMPERATURE IN F:       :PCPN:    SNOW:  WIND      :SUNSHINE: SKY     :PK WND
================================================================================
1   2   3   4   5  6A  6B    7    8   9   10  11  12  13   14  15   16   17  18
                                     12Z  AVG MX 2MIN
DY MAX MIN AVG DEP HDD CDD  WTR  SNW DPTH SPD SPD DIR MIN PSBL S-S WX    SPD DR
================================================================================

 1  34  -4  15  -8  50   0 0.00  0.0   20  4.1 13 110   M    M   4        16  90
 2  28  17  23  -1  42   0 0.18  3.5   22  7.7 21 320   M    M   9 18     29 300
 3  20  -4   8 -16  57   0 0.02  0.3   21  6.4 13 310   M    M   6 18     19 320
 4  14 -17  -1 -25  66   0    T    T   21  4.9 15 240   M    M   6 18     23 230
 5  17   1   9 -15  56   0    T    T   20  7.9 18 270   M    M   8 18     28 260
 6  18  -7   6 -19  59   0 0.00  0.0   20  5.9 16 240   M    M   6 8      24 320
 7  22  -4   9 -16  56   0    T    T   20  5.9 16 260   M    M   2        24 320
 8  35 -11  12 -14  53   0 0.00  0.0   20  3.5 13  50   M    M   0        20 220
 9  32  -2  15 -11  50   0 0.01    T   19 10.3 24 100   M    M   1        35 110
10  36  29  33   7  32   0 0.38  2.0   20 11.9 23 250   M    M  10 126    37 240
11  34  22  28   1  37   0    T    T   19 10.9 23 270   M    M  10 1      36 290
12  44   3  24  -3  41   0 0.00  0.0   19  4.7 13 210   M    M   1        22 250
13  39  33  36   9  29   0 0.24  0.8   19  6.3 13 140   M    M  10 1      17 140
14  54  34  44  16  21   0 0.25  0.0   18  8.0 21 220   M    M   8 12     33 210
15  43  27  35   7  30   0    T    T   13 11.6 23 230   M    M  10        36 230
16  31  18  25  -3  40   0 0.01  0.1   13  9.9 21 310   M    M   8 1      35 290
17  37   7  22  -7  43   0 0.00  0.0   13  3.5 13 110   M    M   2        17 120
18  40   9  25  -4  40   0 0.00  0.0   13  4.6 18 360   M    M   5        25 360
19  45  21  33   3  32   0 0.00  0.0   12  5.0 13 210   M    M   5        19 210
20  48  32  40  10  25   0    T  0.0   11  8.9 14 190   M    M   8        22 180
21  42  32  37   6  28   0 0.00  0.0   10  3.8 15 320   M    M  10 12     19 320
================================================================================
SM  713  236       887   0  1.09     6.7 145.7          M      129
================================================================================
AV 34.0 11.2                               6.9 FASTST   M    M   6    MAX(MPH)
                                 MISC ---->  # 24 100               # 37  240
================================================================================
NOTES:
# LAST OF SEVERAL OCCURRENCES

COLUMN 17 PEAK WIND IN M.P.H.

PRELIMINARY LOCAL CLIMATOLOGICAL DATA (WS FORM: F-6) , PAGE 2

                                          STATION:  ALPENA MI
                                          MONTH:    MARCH
                                          YEAR:     2019
                                          LATITUDE:   45  4 N
                                          LONGITUDE:  83 34 W

[TEMPERATURE DATA]      [PRECIPITATION DATA]       SYMBOLS USED IN COLUMN 16

AVERAGE MONTHLY: 22.6   TOTAL FOR MONTH:   1.09    1 = FOG OR MIST
DPTR FM NORMAL:  -4.1   DPTR FM NORMAL:   -0.12    2 = FOG REDUCING VISIBILITY
HIGHEST:    54 ON 14    GRTST 24HR  0.38 ON 10-10      TO 1/4 MILE OR LESS
LOWEST:    -17 ON  4                               3 = THUNDER
                        SNOW, ICE PELLETS, HAIL    4 = ICE PELLETS
                        TOTAL MONTH:   6.7 INCHES  5 = HAIL
                        GRTST 24HR   3.5 ON  2- 2  6 = FREEZING RAIN OR DRIZZLE
                        GRTST DEPTH:  22 ON  2     7 = DUSTSTORM OR SANDSTORM:
                                                       VSBY 1/2 MILE OR LESS
                                                   8 = SMOKE OR HAZE
[NO. OF DAYS WITH]      [WEATHER - DAYS WITH]      9 = BLOWING SNOW
                                                   X = TORNADO
MAX 32 OR BELOW:   8    0.01 INCH OR MORE:   7
MAX 90 OR ABOVE:   0    0.10 INCH OR MORE:   4
MIN 32 OR BELOW:  19    0.50 INCH OR MORE:   0
MIN  0 OR BELOW:   7    1.00 INCH OR MORE:   0

[HDD (BASE 65) ]
TOTAL THIS MO.   887    CLEAR  (SCALE 0-3)   5
DPTR FM NORMAL    85    PTCLDY (SCALE 4-7)  10
TOTAL FM JUL 1  6617    CLOUDY (SCALE 8-10)  6
DPTR FM NORMAL    83

[CDD (BASE 65) ]
TOTAL THIS MO.     0
DPTR FM NORMAL     0    [PRESSURE DATA]
TOTAL FM JAN 1     0    HIGHEST SLP M ON M
DPTR FM NORMAL     0    LOWEST  SLP 29.28 ON 14

[REMARKS]
