769
CXUS53 KAPX 220631
CF6APX
PRELIMINARY LOCAL CLIMATOLOGICAL DATA (WS FORM: F-6)

                                          STATION:   GAYLORD  WFO
                                          MONTH:     MARCH
                                          YEAR:      2019
                                          LATITUDE:   45  4 N
                                          LONGITUDE:  84 43 W

  TEMPERATURE IN F:       :PCPN:    SNOW:  WIND      :SUNSHINE: SKY     :PK WND
================================================================================
1   2   3   4   5  6A  6B    7    8   9   10  11  12  13   14  15   16   17  18
                                     12Z  AVG MX 2MIN
DY MAX MIN AVG DEP HDD CDD  WTR  SNW DPTH SPD SPD DIR MIN PSBL S-S WX    SPD DR
================================================================================

 1  33  13  23   1  42   0    T    T   27   M   M   M   M    M   M         M  M
 2  23  12  18  -5  47   0 0.14  2.5   27   M   M   M   M    M   M         M  M
 3  16   1   9 -14  56   0 0.04  1.9   28   M   M   M   M    M   M         M  M
 4  11  -2   5 -18  60   0    T    T   28   M   M   M   M    M   M         M  M
 5  15   2   9 -15  56   0 0.10  1.3   26   M   M   M   M    M   M         M  M
 6  16  -1   8 -16  57   0 0.03  0.7   26   M   M   M   M    M   M         M  M
 7  19   4  12 -12  53   0    T  0.4   26   M   M   M   M    M   M         M  M
 8  31   8  20  -5  45   0 0.00  0.0   26   M   M   M   M    M   M         M  M
 9  37  17  27   2  38   0 0.02    T   25   M   M   M   M    M   M 46      M  M
10  32  27  30   5  35   0 0.46  4.5   26   M   M   M   M    M   M 69      M  M
11  29  17  23  -3  42   0 0.01  0.2   27   M   M   M   M    M   M         M  M
12  42  16  29   3  36   0    T    T   27   M   M   M   M    M   M         M  M
13  40  32  36  10  29   0 0.37  0.2   26   M   M   M   M    M   M 14      M  M
14  52  36  44  17  21   0 0.28  0.0   23   M   M   M   M    M   M 12      M  M
15  37  23  30   3  35   0 0.16  1.3   17   M   M   M   M    M   M         M  M
16  25  17  21  -7  44   0 0.03  0.5   17   M   M   M   M    M   M         M  M
17  38  16  27  -1  38   0 0.00  0.0   17   M   M   M   M    M   M         M  M
18  38  16  27  -1  38   0 0.00  0.0   16   M   M   M   M    M   M         M  M
19  44  25  35   6  30   0 0.00  0.0   16   M   M   M   M    M   M         M  M
20  43  30  37   8  28   0 0.04  0.2   15   M   M   M   M    M   M 1       M  M
21  36  31  34   4  31   0    T    T   14   M   M   M   M    M   M 12      M  M
================================================================================
SM  657  340       861   0  1.68    13.7     M          M        M
================================================================================
AV 31.3 16.2                                 M FASTST   M    M   6    MAX(MPH)
                                 MISC ---->     M   M                  M    M
================================================================================
NOTES:
# LAST OF SEVERAL OCCURRENCES

COLUMN 17 PEAK WIND IN M.P.H.

PRELIMINARY LOCAL CLIMATOLOGICAL DATA (WS FORM: F-6) , PAGE 2

                                          STATION:  GAYLORD  WFO
                                          MONTH:    MARCH
                                          YEAR:     2019
                                          LATITUDE:   45  4 N
                                          LONGITUDE:  84 43 W

[TEMPERATURE DATA]      [PRECIPITATION DATA]       SYMBOLS USED IN COLUMN 16

AVERAGE MONTHLY: 23.7   TOTAL FOR MONTH:   1.68    1 = FOG OR MIST
DPTR FM NORMAL:  -2.1   DPTR FM NORMAL:    0.43    2 = FOG REDUCING VISIBILITY
HIGHEST:    52 ON 14    GRTST 24HR  0.46 ON 10-10      TO 1/4 MILE OR LESS
LOWEST:     -2 ON  4                               3 = THUNDER
                        SNOW, ICE PELLETS, HAIL    4 = ICE PELLETS
                        TOTAL MONTH:  13.7 INCHES  5 = HAIL
                        GRTST 24HR   4.5 ON 10-10  6 = FREEZING RAIN OR DRIZZLE
                        GRTST DEPTH:  28 ON  4, 3  7 = DUSTSTORM OR SANDSTORM:
                                                       VSBY 1/2 MILE OR LESS
                                                   8 = SMOKE OR HAZE
[NO. OF DAYS WITH]      [WEATHER - DAYS WITH]      9 = BLOWING SNOW
                                                   X = TORNADO
MAX 32 OR BELOW:  10    0.01 INCH OR MORE:  12
MAX 90 OR ABOVE:   0    0.10 INCH OR MORE:   6
MIN 32 OR BELOW:  20    0.50 INCH OR MORE:   0
MIN  0 OR BELOW:   2    1.00 INCH OR MORE:   0

[HDD (BASE 65) ]
TOTAL THIS MO.   861    CLEAR  (SCALE 0-3)   0
DPTR FM NORMAL    38    PTCLDY (SCALE 4-7)   0
TOTAL FM JUL 1  6781    CLOUDY (SCALE 8-10)  0
DPTR FM NORMAL   -90

[CDD (BASE 65) ]
TOTAL THIS MO.     0
DPTR FM NORMAL     0    [PRESSURE DATA]
TOTAL FM JAN 1     0    HIGHEST SLP M ON M
DPTR FM NORMAL     0    LOWEST  SLP M ON M

[REMARKS]
