000
CXUS51 KALY 230710
CF6AQW
PRELIMINARY LOCAL CLIMATOLOGICAL DATA (WS FORM: F-6)

                                          STATION:   NORTH ADAMS    ASOS
                                          MONTH:     MAY
                                          YEAR:      2019
                                          LATITUDE:   42 42 N
                                          LONGITUDE:  73 10 W

  TEMPERATURE IN F:       :PCPN:    SNOW:  WIND      :SUNSHINE: SKY     :PK WND
================================================================================
1   2   3   4   5  6A  6B    7    8   9   10  11  12  13   14  15   16   17  18
                                     12Z  AVG MX 2MIN
DY MAX MIN AVG DEP HDD CDD  WTR  SNW DPTH SPD SPD DIR MIN PSBL S-S WX    SPD DR
================================================================================

 1  53  35  44   M  21   0 0.06    M    M  7.1 21 100   M    M   9 1      27 100
 2  57  47  52   M  13   0 0.17    M    M  5.2 12 100   M    M   9 1      17  70
 3  60  48  54   M  11   0 0.25    M    M  5.0 14  90   M    M  10 1      19 100
 4  66  53  60   M   5   0 0.06    M    M  2.8  9 330   M    M  10 1      14 320
 5  58  52  55   M  10   0 0.06    M    M  5.6 15 110   M    M  10        19 110
 6  72  43  58   M   7   0    T    M    M  4.0 14 130   M    M   7        18 140
 7  69  48  59   M   6   0 0.07    M    0  3.8 12 340   M    M   8 1      17 350
 8  63  37  50   M  15   0 0.00  0.0    0  4.5 13 340   M    M   2        19 250
 9  67  34  51   M  14   0 0.01    M    M  8.3 23 110   M    M   7        33 110
10  68  48  58   M   7   0 0.10    M    M  9.5 24 100   M    M  10 1      39 100
11  62  43  53   M  12   0 0.00    M    M  7.1 24 270   M    M   5        33 280
12  49  40  45   M  20   0 0.22    M    M  5.6 14 110   M    M   9 1      20  90
13  53  39  46   M  19   0 0.38    M    M  9.7 26 120   M    M  10 1      34 130
14  48  38  43   M  22   0 0.16    M    M  4.4 14 110   M    M  10 1      18  90
15  61  41  51   M  14   0 0.08    M    M  3.8 14 260   M    M   9 1      18 270
16  67  42  55   M  10   0 0.00    M    M  4.2 14 270   M    M   5 12     19 280
17  68  45  57   M   8   0 0.11    M    M  7.2 18 260   M    M   7 1      26 260
18  70  42  56   M   9   0 0.00    M    M  5.4 18 250   M    M   2        24 240
19  84  46  65   M   0   0 0.21    M    0  6.8 18 230   M    M   4 1      29 230
20  79  51  65   M   0   0 0.24  0.0    0  8.6 21 260   M    M   8 1      33 270
21  64  44  54   M  11   0 0.00    M    M 11.8 25 280   M    M   6        39 280
22  67  36  52   M  13   0 0.00    M    M  4.4 14 280   M    M   0        22 270
================================================================================
SM 1405  952       247   0  2.18     0.0 134.8          M      157
================================================================================
AV 63.9 43.3                               6.1 FASTST   M    M   7    MAX(MPH)
                                 MISC ---->  # 26 120               # 39  100
================================================================================
NOTES:
# LAST OF SEVERAL OCCURRENCES

COLUMN 17 PEAK WIND IN M.P.H.

PRELIMINARY LOCAL CLIMATOLOGICAL DATA (WS FORM: F-6) , PAGE 2

                                          STATION:  NORTH ADAMS    ASOS
                                          MONTH:    MAY
                                          YEAR:     2019
                                          LATITUDE:   42 42 N
                                          LONGITUDE:  73 10 W

[TEMPERATURE DATA]      [PRECIPITATION DATA]       SYMBOLS USED IN COLUMN 16

AVERAGE MONTHLY: 53.6   TOTAL FOR MONTH:   2.18    1 = FOG OR MIST
DPTR FM NORMAL:     M   DPTR FM NORMAL:       M    2 = FOG REDUCING VISIBILITY
HIGHEST:    84 ON 19    GRTST 24HR  0.38 ON 13-13      TO 1/4 MILE OR LESS
LOWEST:     34 ON  9                               3 = THUNDER
                        SNOW, ICE PELLETS, HAIL    4 = ICE PELLETS
                        TOTAL MONTH:   0.0 INCH    5 = HAIL
                        GRTST 24HR     0.0         6 = FREEZING RAIN OR DRIZZLE
                        GRTST DEPTH:   0           7 = DUSTSTORM OR SANDSTORM:
                                                       VSBY 1/2 MILE OR LESS
                                                   8 = SMOKE OR HAZE
[NO. OF DAYS WITH]      [WEATHER - DAYS WITH]      9 = BLOWING SNOW
                                                   X = TORNADO
MAX 32 OR BELOW:   0    0.01 INCH OR MORE:  15
MAX 90 OR ABOVE:   0    0.10 INCH OR MORE:   9
MIN 32 OR BELOW:   0    0.50 INCH OR MORE:   0
MIN  0 OR BELOW:   0    1.00 INCH OR MORE:   0

[HDD (BASE 65) ]
TOTAL THIS MO.   247    CLEAR  (SCALE 0-3)   3
DPTR FM NORMAL     M    PTCLDY (SCALE 4-7)   9
TOTAL FM JUL 1  6716    CLOUDY (SCALE 8-10) 10
DPTR FM NORMAL     M

[CDD (BASE 65) ]
TOTAL THIS MO.     0
DPTR FM NORMAL     M    [PRESSURE DATA]
TOTAL FM JAN 1     0    HIGHEST SLP M ON M
DPTR FM NORMAL     M    LOWEST  SLP 29.64 ON 20

[REMARKS]
