000
CXUS51 KALY 200710
CF6AQW
PRELIMINARY LOCAL CLIMATOLOGICAL DATA (WS FORM: F-6)

                                          STATION:   NORTH ADAMS    ASOS
                                          MONTH:     MARCH
                                          YEAR:      2019
                                          LATITUDE:   42 42 N
                                          LONGITUDE:  73 10 W

  TEMPERATURE IN F:       :PCPN:    SNOW:  WIND      :SUNSHINE: SKY     :PK WND
================================================================================
1   2   3   4   5  6A  6B    7    8   9   10  11  12  13   14  15   16   17  18
                                     12Z  AVG MX 2MIN
DY MAX MIN AVG DEP HDD CDD  WTR  SNW DPTH SPD SPD DIR MIN PSBL S-S WX    SPD DR
================================================================================

 1  37   6  22   M  43   0    T    M    0  2.0  9 100   M    M   4        12 100
 2  37  24  31   M  34   0    T    M    0  4.4 14 250   M    M  10        18 250
 3  38  29  34   M  31   0 0.08    M    M  5.2 21 260   M    M   8 1      26 260
 4  32  15  24   M  41   0 0.12    M    M 10.3 26 260   M    M   8 1      37 270
 5  26   7  17   M  48   0    T    M    M  8.8 21 270   M    M   4        26 280
 6  21   5  13   M  52   0    T    M    M 11.4 28 260   M    M   6        36 260
 7  23   7  15   M  50   0    T    M    M 12.0 24 270   M    M   5        35 270
 8  34  11  23   M  42   0 0.00    M    M  4.7 15 250   M    M   3        19 270
 9  40   6  23   M  42   0 0.00    M    M  3.8 23 100   M    M   0        31 100
10  38  28  33   M  32   0 0.07    M    M 13.5 30 100   M    M   8 1      49 100
11  41  31  36   M  29   0 0.00    M    M 16.2 31 270   M    M   9        41 260
12  37  24  31   M  34   0    T    M    M 13.2 25 270   M    M   7        33 290
13  46  16  31   M  34   0    T    M    M  2.5  9 250   M    M   4        13 100
14  57  36  47   M  18   0 0.00    M    M 10.7 23 110   M    M   6        36 100
15  67  42  55   M  10   0    T    M    M  7.6 20  90   M    M   5        38 130
16  46  29  38   M  27   0    T    M    M 16.7 32 270   M    M   8        43 280
17  33  24  29   M  36   0    T    M    M 15.0 25 260   M    M   6        33 270
18  39  25  32   M  33   0 0.00    M    M  8.5 17 270   M    M   6        23 260
19  41  23  32   M  33   0    T    M    M  6.4 21 260   M    M   6        27 270
================================================================================
SM  733  388       669   0  0.27    M    172.9          M      113
================================================================================
AV 38.6 20.4                               9.1 FASTST   M    M   6    MAX(MPH)
                                 MISC ---->  # 32 270               # 49  100
================================================================================
NOTES:
# LAST OF SEVERAL OCCURRENCES

COLUMN 17 PEAK WIND IN M.P.H.

PRELIMINARY LOCAL CLIMATOLOGICAL DATA (WS FORM: F-6) , PAGE 2

                                          STATION:  NORTH ADAMS    ASOS
                                          MONTH:    MARCH
                                          YEAR:     2019
                                          LATITUDE:   42 42 N
                                          LONGITUDE:  73 10 W

[TEMPERATURE DATA]      [PRECIPITATION DATA]       SYMBOLS USED IN COLUMN 16

AVERAGE MONTHLY: 29.5   TOTAL FOR MONTH:   0.27    1 = FOG OR MIST
DPTR FM NORMAL:     M   DPTR FM NORMAL:       M    2 = FOG REDUCING VISIBILITY
HIGHEST:    67 ON 15    GRTST 24HR  0.12 ON  4- 4      TO 1/4 MILE OR LESS
LOWEST:      5 ON  6                               3 = THUNDER
                        SNOW, ICE PELLETS, HAIL    4 = ICE PELLETS
                        TOTAL MONTH:    M          5 = HAIL
                        GRTST 24HR    M  ON   M    6 = FREEZING RAIN OR DRIZZLE
                        GRTST DEPTH:   0           7 = DUSTSTORM OR SANDSTORM:
                                                       VSBY 1/2 MILE OR LESS
                                                   8 = SMOKE OR HAZE
[NO. OF DAYS WITH]      [WEATHER - DAYS WITH]      9 = BLOWING SNOW
                                                   X = TORNADO
MAX 32 OR BELOW:   4    0.01 INCH OR MORE:   3
MAX 90 OR ABOVE:   0    0.10 INCH OR MORE:   1
MIN 32 OR BELOW:  17    0.50 INCH OR MORE:   0
MIN  0 OR BELOW:   0    1.00 INCH OR MORE:   0

[HDD (BASE 65) ]
TOTAL THIS MO.   669    CLEAR  (SCALE 0-3)   2
DPTR FM NORMAL     M    PTCLDY (SCALE 4-7)  13
TOTAL FM JUL 1  5595    CLOUDY (SCALE 8-10)  4
DPTR FM NORMAL     M

[CDD (BASE 65) ]
TOTAL THIS MO.     0
DPTR FM NORMAL     M    [PRESSURE DATA]
TOTAL FM JAN 1     0    HIGHEST SLP M ON M
DPTR FM NORMAL     M    LOWEST  SLP 29.62 ON 15

[REMARKS]
