000
CXUS54 KLCH 220830
CF6ARA
PRELIMINARY LOCAL CLIMATOLOGICAL DATA (WS FORM: F-6)

                                          STATION:   NEW IBERIA
                                          MONTH:     MAY
                                          YEAR:      2019
                                          LATITUDE:   30  1 N
                                          LONGITUDE:  91 53 W

  TEMPERATURE IN F:       :PCPN:    SNOW:  WIND      :SUNSHINE: SKY     :PK WND
================================================================================
1   2   3   4   5  6A  6B    7    8   9   10  11  12  13   14  15   16   17  18
                                     12Z  AVG MX 2MIN
DY MAX MIN AVG DEP HDD CDD  WTR  SNW DPTH SPD SPD DIR MIN PSBL S-S WX    SPD DR
================================================================================

 1  85  71  78   6   0  13    T  0.0    0 14.2 25 160   M    M   4        30 150
 2  87  71  79   6   0  14 0.07  0.0    0  9.5 25 280   M    M   3        30 280
 3  84  69  77   4   0  12 0.00  0.0    0  7.3 16 150   M    M   2        20 130
 4  82  67  75   2   0  10 1.77  0.0    0  5.8 17 290   M    M   6 3      23 300
 5  83  64  74   0   0   9 0.00  0.0    0  6.1 13  20   M    M   0        17  20
 6  85  63  74   0   0   9 0.00  0.0    0  7.0 15 190   M    M   1        18 200
 7  87  68  78   4   0  13 0.00  0.0    0  8.9 16 170   M    M   1        21 180
 8  84  72  78   4   0  13 0.31  0.0    0 13.1 26 150   M    M   7 3      34 150
 9  84  67  76   1   0  11 1.04  0.0    0 12.5 23 150   M    M   9 3      30 150
10  78  65  72  -3   0   7 1.83  0.0    0  6.6 25 310   M    M   4 13     33 300
11  83  67  75   0   0  10 0.15  0.0    0  5.8 20 330   M    M   7 13     26 200
12  81  67  74  -2   0   9 0.02  0.0    0  5.9 14 360   M    M   6 3      16 360
13  83  62  73  -3   0   8 0.00  0.0    0  8.6 15  30   M    M   0        21  30
14  85  62  74  -2   0   9 0.00  0.0    0  6.8 18  40   M    M   0        26  50
15  87  63  75  -1   0  10 0.00  0.0    0  3.7 12  80   M    M   1        15 210
16  87  65  76   0   0  11 0.00  0.0    0  5.1 14 190   M    M   1        19 140
17  85  64  75  -2   0  10 0.00  0.0    0  8.9 17 150   M    M   1        27 190
18  88  69  79   2   0  14 0.00  0.0    0 15.4 24 170   M    M   4        32 160
19  82  66  74  -3   0   9 2.58  0.0    0  9.4 39 350   M    M   6 13     56 280
20  87  73  80   3   0  15 0.00  0.0    0 11.1 20 160   M    M   5 1      24 180
21  87  76  82   4   0  17    T  0.0    0 16.1 30 150   M    M   6 8      37 160
================================================================================
SM 1774 1411         0 233  7.77     0.0 187.8          M       74
================================================================================
AV 84.5 67.2                               8.9 FASTST   M    M   4    MAX(MPH)
                                 MISC ---->  # 39 350               # 56  280
================================================================================
NOTES:
# LAST OF SEVERAL OCCURRENCES

COLUMN 17 PEAK WIND IN M.P.H.

PRELIMINARY LOCAL CLIMATOLOGICAL DATA (WS FORM: F-6) , PAGE 2

                                          STATION:  NEW IBERIA
                                          MONTH:    MAY
                                          YEAR:     2019
                                          LATITUDE:   30  1 N
                                          LONGITUDE:  91 53 W

[TEMPERATURE DATA]      [PRECIPITATION DATA]       SYMBOLS USED IN COLUMN 16

AVERAGE MONTHLY: 75.8   TOTAL FOR MONTH:   7.77    1 = FOG OR MIST
DPTR FM NORMAL:   0.7   DPTR FM NORMAL:    5.10    2 = FOG REDUCING VISIBILITY
HIGHEST:    88 ON 18    GRTST 24HR  2.58 ON 19-19      TO 1/4 MILE OR LESS
LOWEST:     62 ON 14,13                            3 = THUNDER
                        SNOW, ICE PELLETS, HAIL    4 = ICE PELLETS
                        TOTAL MONTH:   0.0 INCH    5 = HAIL
                        GRTST 24HR     0.0         6 = FREEZING RAIN OR DRIZZLE
                        GRTST DEPTH:   0           7 = DUSTSTORM OR SANDSTORM:
                                                       VSBY 1/2 MILE OR LESS
                                                   8 = SMOKE OR HAZE
[NO. OF DAYS WITH]      [WEATHER - DAYS WITH]      9 = BLOWING SNOW
                                                   X = TORNADO
MAX 32 OR BELOW:   0    0.01 INCH OR MORE:   8
MAX 90 OR ABOVE:   0    0.10 INCH OR MORE:   6
MIN 32 OR BELOW:   0    0.50 INCH OR MORE:   4
MIN  0 OR BELOW:   0    1.00 INCH OR MORE:   4

[HDD (BASE 65) ]
TOTAL THIS MO.     0    CLEAR  (SCALE 0-3)   9
DPTR FM NORMAL     0    PTCLDY (SCALE 4-7)  11
TOTAL FM JUL 1  1268    CLOUDY (SCALE 8-10)  1
DPTR FM NORMAL  -140

[CDD (BASE 65) ]
TOTAL THIS MO.   233
DPTR FM NORMAL    19    [PRESSURE DATA]
TOTAL FM JAN 1   455    HIGHEST SLP M ON M
DPTR FM NORMAL    21    LOWEST  SLP 29.75 ON 21

[REMARKS]
