000
CXUS54 KLCH 260942
CF6ARA
PRELIMINARY LOCAL CLIMATOLOGICAL DATA (WS FORM: F-6)

                                          STATION:   NEW IBERIA
                                          MONTH:     MARCH
                                          YEAR:      2019
                                          LATITUDE:   30  1 N
                                          LONGITUDE:  91 53 W

  TEMPERATURE IN F:       :PCPN:    SNOW:  WIND      :SUNSHINE: SKY     :PK WND
================================================================================
1   2   3   4   5  6A  6B    7    8   9   10  11  12  13   14  15   16   17  18
                                     12Z  AVG MX 2MIN
DY MAX MIN AVG DEP HDD CDD  WTR  SNW DPTH SPD SPD DIR MIN PSBL S-S WX    SPD DR
================================================================================

 1  76  58  67   8   0   2 0.01  0.0    0  4.6 10  10   M    M   6 1      12 110
 2  70  63  67   8   0   2    T  0.0    0  5.4 10 360   M    M   8 12     12  30
 3  75  43  59   0   6   0 0.57    M    0 13.9 29 350   M    M   9 12     36 350
 4  46  35  41 -19  24   0 0.04    M    0 16.6 26  30   M    M   9        33  10
 5  50  30  40 -20  25   0 0.00    M    0 12.9 23  10   M    M   2        38 360
 6  58  31  45 -15  20   0 0.00  0.0    0  5.7 14  40   M    M   0        18  50
 7  65  41  53  -7  12   0    T    M    0  9.6 22 160   M    M  10        26 140
 8  74  58  66   6   0   1    T  0.0    0 13.5 24 190   M    M  10        31 180
 9  75  66  71  10   0   6 0.01  0.0    0 14.8 31 170   M    M  10 12     38 160
10  80  67  74  13   0   9 0.00  0.0    0  5.8 14 190   M    M   9 12     17 180
11  82  64  73  12   0   8 0.00  0.0    0  6.6 16 360   M    M   5 1      19 360
12  75  62  69   8   0   4 0.00  0.0    0  9.7 21 130   M    M   6        24 130
13  80  65  73  12   0   8    T  0.0    0 21.7 33 160   M    M  10        42 150
14  78  61  70   8   0   5 0.09  0.0    0 12.2 24 170   M    M  10 18     30 170
15  65  52  59  -3   6   0 0.29  0.0    0 12.6 22  10   M    M   8 3      28  10
16  62  51  57  -5   8   0 0.01  0.0    0  9.4 18  50   M    M   3        24  40
17  63  44  54  -8  11   0 0.00  0.0    0  8.2 15  30   M    M   1        20  30
18  66  44  55  -7  10   0 0.00  0.0    0  6.9 14  40   M    M   0        18  80
19  70  47  59  -4   6   0 0.00    M    0  8.0 17  40   M    M   0        23  40
20  72  42  57  -6   8   0 0.00  0.0    0  4.4 10  10   M    M   0        16  40
21  72  45  59  -4   6   0 0.00    M    0  6.5 14 310   M    M   0        23 340
22  77  45  61  -2   4   0 0.00    M    0  4.3 15 190   M    M   0 1      19 190
23  76  50  63   0   2   0    T  0.0    0  5.8 18 180   M    M   5 12     22 160
24  75  50  63  -1   2   0 0.00  0.0    0  7.5 16 200   M    M   3        20 170
25  81  58  70   6   0   5 0.00  0.0    0  6.7 15  30   M    M   5 1      21 250
================================================================================
SM 1763 1272       150  50  1.02     0.0 233.3          M      129
================================================================================
AV 70.5 50.9                               9.3 FASTST   M    M   5    MAX(MPH)
                                 MISC ---->  # 33 160               # 42  150
================================================================================
NOTES:
# LAST OF SEVERAL OCCURRENCES

COLUMN 17 PEAK WIND IN M.P.H.

PRELIMINARY LOCAL CLIMATOLOGICAL DATA (WS FORM: F-6) , PAGE 2

                                          STATION:  NEW IBERIA
                                          MONTH:    MARCH
                                          YEAR:     2019
                                          LATITUDE:   30  1 N
                                          LONGITUDE:  91 53 W

[TEMPERATURE DATA]      [PRECIPITATION DATA]       SYMBOLS USED IN COLUMN 16

AVERAGE MONTHLY: 60.7   TOTAL FOR MONTH:   1.02    1 = FOG OR MIST
DPTR FM NORMAL:  -0.7   DPTR FM NORMAL:   -2.01    2 = FOG REDUCING VISIBILITY
HIGHEST:    82 ON 11    GRTST 24HR  0.57 ON  3- 3      TO 1/4 MILE OR LESS
LOWEST:     30 ON  5                               3 = THUNDER
                        SNOW, ICE PELLETS, HAIL    4 = ICE PELLETS
                        TOTAL MONTH:   0.0 INCH    5 = HAIL
                        GRTST 24HR     0.0         6 = FREEZING RAIN OR DRIZZLE
                        GRTST DEPTH:   0           7 = DUSTSTORM OR SANDSTORM:
                                                       VSBY 1/2 MILE OR LESS
                                                   8 = SMOKE OR HAZE
[NO. OF DAYS WITH]      [WEATHER - DAYS WITH]      9 = BLOWING SNOW
                                                   X = TORNADO
MAX 32 OR BELOW:   0    0.01 INCH OR MORE:   7
MAX 90 OR ABOVE:   0    0.10 INCH OR MORE:   2
MIN 32 OR BELOW:   2    0.50 INCH OR MORE:   1
MIN  0 OR BELOW:   0    1.00 INCH OR MORE:   0

[HDD (BASE 65) ]
TOTAL THIS MO.   150    CLEAR  (SCALE 0-3)  10
DPTR FM NORMAL    21    PTCLDY (SCALE 4-7)   6
TOTAL FM JUL 1  1198    CLOUDY (SCALE 8-10)  9
DPTR FM NORMAL  -147

[CDD (BASE 65) ]
TOTAL THIS MO.    50
DPTR FM NORMAL    15    [PRESSURE DATA]
TOTAL FM JAN 1    90    HIGHEST SLP M ON M
DPTR FM NORMAL    24    LOWEST  SLP 29.80 ON 13

[REMARKS]
