000
CXUS54 KLZK 051546
CF6ARG

PRELIMINARY LOCAL CLIMATOLOGICAL DATA (WS FORM: F-6)

                                          STATION:   WALNUT RIDGE AIRPORT
                                          MONTH:     APRIL
                                          YEAR:      2019
                                          LATITUDE:   36  7 N
                                          LONGITUDE:  90 55 W

  TEMPERATURE IN F:       :PCPN:    SNOW:  WIND      :SUNSHINE: SKY     :PK WND
================================================================================
1   2   3   4   5  6A  6B    7    8   9   10  11  12  13   14  15   16   17  18
                                     12Z  AVG MX 2MIN
DY MAX MIN AVG DEP HDD CDD  WTR  SNW DPTH SPD SPD DIR MIN PSBL S-S WX    SPD DR
================================================================================

 1  51  31  41   M  24   0 0.00  0.0    0  5.2 12  90   M    M   0         M  M
 2  67  34  51   M  14   0 0.00  0.0    0  7.7 15 190   M    M   0        18 240
 3  73  43  58   M   7   0 0.00  0.0    0  8.9 20 180   M    M   0 8      22 180
 4  56  51  54   M  11   0 0.48  0.0    0  7.5 22 140   M    M   9 12     30 140
 5  67  52  60   M   5   0 0.01  0.0    0  4.4  9 360   M    M   6 128     M  M
 6  75  46  61   M   4   0 0.15  0.0    0  6.2 12 130   M    M   4 123     M  M
 7  71  61  66   M   0   1 0.01  0.0    0 11.5 23 200   M    M   6 1      32 200
 8  76  58  67   M   0   2 0.00  0.0    0  4.1 12 160   M    M   4 18      M  M
 9  82  53  68   M   0   3 0.00  0.0    0  5.6 12  20   M    M   1 12      M  M
10  83  52  68   M   0   3 0.00  0.0    0 12.0 25 180   M    M   0 8      35 180
11  79  58  69   M   0   4 0.03  0.0    0 19.5 31 190   M    M   3        40 180
12  68  45  57   M   8   0 0.00  0.0    0  7.0 13 300   M    M   0         M  M
13  56  46  51   M  14   0 1.50  0.0    0 14.8 31  50   M    M   7 3      47  50
14  53  42  48   M  17   0 0.07  0.0    M 12.1 22 320   M    M   6 1      31 320
15  70  39  55   M  10   0 0.00  0.0    0  9.0 17 170   M    M   0 1      23 190
16  75  52  64   M   1   0 0.00  0.0    0 15.4 24 190   M    M   0        32 200
17  70  58  64   M   1   0 0.00  0.0    0 14.6 21 200   M    M   6        30 200
18  66  48  57   M   8   0 1.97  0.0    0 14.6 24 350   M    M   9 13     36 350
19  56  46  51   M  14   0 0.04  0.0    0 13.9 25 340   M    M   7        30 350
20  73  44  59   M   6   0 0.00  0.0    0 11.5 18 330   M    M   0        22 340
21  78  46  62   M   3   0 0.00  0.0    0  7.4 16 190   M    M   0        24 180
22  79  57  68   M   0   3 0.00  0.0    0 12.7 22 190   M    M   0        25 180
23  80  57  69   M   0   4 0.00  0.0    0  8.9 18 200   M    M   0 8       M  M
24  81  59  70   M   0   5 0.48  0.0    0  9.9 20 190   M    M   5 13     25 200
25  72  61  67   M   0   2 0.21  0.0    0  9.9 17 340   M    M   8 13      M  M
26  75  51  63   M   2   0 0.00  0.0    0 10.8 22 330   M    M   0        30 330
27  79  52  66   M   0   1    T  0.0    0 12.7 23 220   M    M   4        35 220
28  65  49  57   M   8   0 0.00  0.0    0 11.0 17  50   M    M   2        21  50
29  80  54  67   M   0   2 0.00  0.0    0 11.5 25 210   M    M   3 8      36 210
30  85  66  76   M   0  11 0.00  0.0    0 13.8 23 180   M    M   7        33 200
================================================================================
SM 2141 1511       139  41  4.95     0.0 314.1          M       97
================================================================================
AV 71.4 50.4                              10.5 FASTST   M    M   3    MAX(MPH)
                                 MISC ---->  # 31 190               # 47   50
================================================================================
NOTES:
# LAST OF SEVERAL OCCURRENCES

COLUMN 17 PEAK WIND IN M.P.H.

PRELIMINARY LOCAL CLIMATOLOGICAL DATA (WS FORM: F-6) , PAGE 2

                                          STATION:  WALNUT RIDGE AIRPORT
                                          MONTH:    APRIL
                                          YEAR:     2019
                                          LATITUDE:   36  7 N
                                          LONGITUDE:  90 55 W

[TEMPERATURE DATA]      [PRECIPITATION DATA]       SYMBOLS USED IN COLUMN 16

AVERAGE MONTHLY: 60.9   TOTAL FOR MONTH:   4.95    1 = FOG OR MIST
DPTR FM NORMAL:     M   DPTR FM NORMAL:       M    2 = FOG REDUCING VISIBILITY
HIGHEST:    85 ON 30    GRTST 24HR  1.97 ON 18-18      TO 1/4 MILE OR LESS
LOWEST:     31 ON  1                               3 = THUNDER
                        SNOW, ICE PELLETS, HAIL    4 = ICE PELLETS
                        TOTAL MONTH:   0.0 INCH    5 = HAIL
                        GRTST 24HR     0.0         6 = FREEZING RAIN OR DRIZZLE
                        GRTST DEPTH:   0           7 = DUSTSTORM OR SANDSTORM:
                                                       VSBY 1/2 MILE OR LESS
                                                   8 = SMOKE OR HAZE
[NO. OF DAYS WITH]      [WEATHER - DAYS WITH]      9 = BLOWING SNOW
                                                   X = TORNADO
MAX 32 OR BELOW:   0    0.01 INCH OR MORE:  11
MAX 90 OR ABOVE:   0    0.10 INCH OR MORE:   6
MIN 32 OR BELOW:   1    0.50 INCH OR MORE:   2
MIN  0 OR BELOW:   0    1.00 INCH OR MORE:   2

[HDD (BASE 65) ]
TOTAL THIS MO.   139    CLEAR  (SCALE 0-3)  16
DPTR FM NORMAL     M    PTCLDY (SCALE 4-7)  11
TOTAL FM JUL 1  3369    CLOUDY (SCALE 8-10)  3
DPTR FM NORMAL     M

[CDD (BASE 65) ]
TOTAL THIS MO.    41
DPTR FM NORMAL     M    [PRESSURE DATA]
TOTAL FM JAN 1    41    HIGHEST SLP 30.41 ON  1
DPTR FM NORMAL     M    LOWEST  SLP 29.45 ON 14

[REMARKS]
#FINAL-04-19#
