000
CXUS54 KLZK 070722
CF6ARG
PRELIMINARY LOCAL CLIMATOLOGICAL DATA (WS FORM: F-6)

                                          STATION:   Walnut Ridge Airport
                                          MONTH:     FEBRUARY
                                          YEAR:      2019
                                          LATITUDE:   36  7 N
                                          LONGITUDE:  90 55 W

  TEMPERATURE IN F:       :PCPN:    SNOW:  WIND      :SUNSHINE: SKY     :PK WND
================================================================================
1   2   3   4   5  6A  6B    7    8   9   10  11  12  13   14  15   16   17  18
                                     12Z  AVG MX 2MIN
DY MAX MIN AVG DEP HDD CDD  WTR  SNW DPTH SPD SPD DIR MIN PSBL S-S WX    SPD DR
================================================================================

 1  50  33  42   M  23   0 0.11  0.0    0  3.5  9 340   M    M   8 128     M  M
 2  63  41  52   M  13   0 0.00  0.0    0  5.3 15 190   M    M   6 12      M  M
 3  68  38  53   M  12   0 0.00  0.0    0 10.0 16 200   M    M   2 1      24 190
 4  72  57  65   M   0   0 0.00  0.0    0 15.0 21 200   M    M   7 1      30 200
 5  60  44  52   M  13   0    T  0.0    0  8.1 15  50   M    M  10 12      M  M
 6  66  48  57   M   8   0 0.76  0.0    0  6.3 14 160   M    M  10 13      M  M
 7  68  23  46   M  19   0 0.95  0.0    0 17.8 24 320   M    M   7 13     33 320
 8  32  18  25   M  40   0 0.00  0.0    0  9.7 21 320   M    M   0        27 320
 9  35  22  29   M  36   0    T  0.0    0 13.1 20  40   M    M   2         M  M
10  41  32  37   M  28   0 1.94    T    0  5.1 12 190   M    M   9 1       M  M
11  49  40  45   M  20   0 3.15  0.0    0  6.6 12  80   M    M  10 1       M  M
12  51  37  44   M  21   0 0.01  0.0    0 13.9 29 310   M    M   5 12     37 310
13  54  31  43   M  22   0 0.00  0.0    0 10.1 18 170   M    M   0         M  M
14  58  45  52   M  13   0 0.00  0.0    0 17.9 29 200   M    M   2        38 210
15  52  30  41   M  24   0 0.10    T    0 13.9 20  40   M    M   7 1      28  40
16  33  26  30   M  35   0 0.04    T    0 11.7 17  20   M    M  10 1      22  20
17  41  32  37   M  28   0    T    T    0  9.9 17 320   M    M   7 1       M  M
18  39  23  31   M  34   0 0.00  0.0    0 10.1 17 330   M    M   0 8       M  M
19  39  30  35   M  30   0 1.40    T    0 16.7 21  50   M    M   4 13     29  70
20  53  35  44   M  21   0 0.29    T    0  6.4 14 280   M    M   5 13      M  M
21  44  32  38   M  27   0 0.04  0.0    0  8.7 17  50   M    M   5 18      M  M
22  43  39  41   M  24   0 0.30  0.0    0 11.5 18  70   M    M  10 1      23  70
23  64  43  54   M  11   0 0.39  0.0    0 12.6 17 220   M    M   7 123     M  M
24  52   M   M   M   M   M 0.00  0.0    0 21.0 29 280   M    M   1        50 280
25   M   M   M   M   M   M 0.00  0.0    0   M   M   M   M    M   0         M  M
26   M   M   M   M   M   M 0.00  0.0    0   M   M   M   M    M   0         M  M
27   M   M   M   M   M   M 0.00  0.0    0   M   M   M   M    M   0         M  M
28  36  30  33   M  32   0 0.00  0.0    0 10.4 15 360   M    M   6 18      M  M
================================================================================
SM 1263  829       546   0  9.48    T    275.3          M      140
================================================================================
AV 50.5 34.5                              11.0 FASTST   M    M   5    MAX(MPH)
                                 MISC ---->  # 29 310               # 50  280
================================================================================
NOTES:
# LAST OF SEVERAL OCCURRENCES

COLUMN 17 PEAK WIND IN M.P.H.

PRELIMINARY LOCAL CLIMATOLOGICAL DATA (WS FORM: F-6) , PAGE 2

                                          STATION:  Walnut Ridge Airport
                                          MONTH:    FEBRUARY
                                          YEAR:     2019
                                          LATITUDE:   36  7 N
                                          LONGITUDE:  90 55 W

[TEMPERATURE DATA]      [PRECIPITATION DATA]       SYMBOLS USED IN COLUMN 16

AVERAGE MONTHLY: 42.5   TOTAL FOR MONTH:   9.48    1 = FOG OR MIST
DPTR FM NORMAL:     M   DPTR FM NORMAL:       M    2 = FOG REDUCING VISIBILITY
HIGHEST:    72 ON  4    GRTST 24HR  3.15 ON 11-11      TO 1/4 MILE OR LESS
LOWEST:     18 ON  8                               3 = THUNDER
                        SNOW, ICE PELLETS, HAIL    4 = ICE PELLETS
                        TOTAL MONTH:    T          5 = HAIL
                        GRTST 24HR    T  ON 20-20  6 = FREEZING RAIN OR DRIZZLE
                        GRTST DEPTH:   0           7 = DUSTSTORM OR SANDSTORM:
                                                       VSBY 1/2 MILE OR LESS
                                                   8 = SMOKE OR HAZE
[NO. OF DAYS WITH]      [WEATHER - DAYS WITH]      9 = BLOWING SNOW
                                                   X = TORNADO
MAX 32 OR BELOW:   1    0.01 INCH OR MORE:  13
MAX 90 OR ABOVE:   0    0.10 INCH OR MORE:  10
MIN 32 OR BELOW:  12    0.50 INCH OR MORE:   5
MIN  0 OR BELOW:   0    1.00 INCH OR MORE:   3

[HDD (BASE 65) ]
TOTAL THIS MO.   546    CLEAR  (SCALE 0-3)  10
DPTR FM NORMAL     M    PTCLDY (SCALE 4-7)  11
TOTAL FM JUL 1  2661    CLOUDY (SCALE 8-10)  7
DPTR FM NORMAL     M

[CDD (BASE 65) ]
TOTAL THIS MO.     0
DPTR FM NORMAL     M    [PRESSURE DATA]
TOTAL FM JAN 1     0    HIGHEST SLP 30.82 ON  9
DPTR FM NORMAL     M    LOWEST  SLP 29.58 ON 23

[REMARKS]
#FINAL-02-19#
