000
CXUS51 KBUF 191205
CF6ART
PRELIMINARY LOCAL CLIMATOLOGICAL DATA (WS FORM: F-6)

                                          STATION:   WATERTOWN NY
                                          MONTH:     MARCH
                                          YEAR:      2019
                                          LATITUDE:   43 59 N
                                          LONGITUDE:  76  2 W

  TEMPERATURE IN F:       :PCPN:    SNOW:  WIND      :SUNSHINE: SKY     :PK WND
================================================================================
1   2   3   4   5  6A  6B    7    8   9   10  11  12  13   14  15   16   17  18
                                     12Z  AVG MX 2MIN
DY MAX MIN AVG DEP HDD CDD  WTR  SNW DPTH SPD SPD DIR MIN PSBL S-S WX    SPD DR
================================================================================

 1  31  -3  14 -11  51   0 0.00    M    M  3.4  9 270   M    M   0        12 270
 2  34  11  23  -2  42   0 0.03    M    M  3.7  8  70   M    M   6 128    10  80
 3  28  15  22  -3  43   0 0.01    M    M  4.5 14 260   M    M   7 18     17 230
 4  24   7  16 -10  49   0 0.03    M    M  7.4 23 270   M    M   7 128    28 270
 5  18  -8   5 -21  60   0 0.02    M    M  6.6 22 260   M    M   9 128    30 260
 6  16 -16   0 -26  65   0 0.00    M    M  8.1 23 260   M    M   1 128    29 260
 7  19  -6   7 -20  58   0    T    M    M  6.6 20 260   M    M   5 18     27 260
 8  27  -5  11 -16  54   0    T    M    M  6.4 17 220   M    M   1 18     23 210
 9  37  -3  17 -11  48   0 0.00    M    M  5.8 15  40   M    M   0 18     17  50
10  41  34  38  10  27   0 0.19    M    M 17.6 33 160   M    M   9 18     51 170
11  36  31  34   6  31   0    T    M    M 19.7 28 230   M    M   9 1      44 230
12  32  27  30   1  35   0    T    M    M 10.8 20 280   M    M   5 8      25 280
13  41  25  33   4  32   0 0.04    M    M  4.4  9  50   M    M   6 1      12  90
14  59  37  48  18  17   0 0.04    M    M  6.4 25 190   M    M   5        42 180
15  56  37  47  17  18   0 0.32    M    M 15.4 25 230   M    M   9 1      36 220
16  37  28  33   3  32   0    T    M    M 18.1 29 270   M    M   9 1      38 270
17  31  20  26  -5  39   0    T    M    M 11.5 22 220   M    M   8 18     28 230
18  35  14  25  -6  40   0    T    M    M  5.8 15 260   M    M   3 18     20 260
================================================================================
SM  602  245       741   0  0.68    M    162.2          M       99
================================================================================
AV 33.4 13.6                               9.0 FASTST   M    M   6    MAX(MPH)
                                 MISC ---->  # 33 160               # 51  170
================================================================================
NOTES:
# LAST OF SEVERAL OCCURRENCES

COLUMN 17 PEAK WIND IN M.P.H.

PRELIMINARY LOCAL CLIMATOLOGICAL DATA (WS FORM: F-6) , PAGE 2

                                          STATION:  WATERTOWN NY
                                          MONTH:    MARCH
                                          YEAR:     2019
                                          LATITUDE:   43 59 N
                                          LONGITUDE:  76  2 W

[TEMPERATURE DATA]      [PRECIPITATION DATA]       SYMBOLS USED IN COLUMN 16

AVERAGE MONTHLY: 23.5   TOTAL FOR MONTH:   0.68    1 = FOG OR MIST
DPTR FM NORMAL:  -4.3   DPTR FM NORMAL:   -0.65    2 = FOG REDUCING VISIBILITY
HIGHEST:    59 ON 14    GRTST 24HR  0.32 ON 15-15      TO 1/4 MILE OR LESS
LOWEST:    -16 ON  6                               3 = THUNDER
                        SNOW, ICE PELLETS, HAIL    4 = ICE PELLETS
                        TOTAL MONTH:    M          5 = HAIL
                        GRTST 24HR    M  ON   M    6 = FREEZING RAIN OR DRIZZLE
                        GRTST DEPTH:  M  ON   M    7 = DUSTSTORM OR SANDSTORM:
                                                       VSBY 1/2 MILE OR LESS
                                                   8 = SMOKE OR HAZE
[NO. OF DAYS WITH]      [WEATHER - DAYS WITH]      9 = BLOWING SNOW
                                                   X = TORNADO
MAX 32 OR BELOW:   9    0.01 INCH OR MORE:   8
MAX 90 OR ABOVE:   0    0.10 INCH OR MORE:   2
MIN 32 OR BELOW:  15    0.50 INCH OR MORE:   0
MIN  0 OR BELOW:   6    1.00 INCH OR MORE:   0

[HDD (BASE 65) ]
TOTAL THIS MO.   741    CLEAR  (SCALE 0-3)   5
DPTR FM NORMAL    72    PTCLDY (SCALE 4-7)   8
TOTAL FM JUL 1  6239    CLOUDY (SCALE 8-10)  5
DPTR FM NORMAL   129

[CDD (BASE 65) ]
TOTAL THIS MO.     0
DPTR FM NORMAL     0    [PRESSURE DATA]
TOTAL FM JAN 1     0    HIGHEST SLP M ON M
DPTR FM NORMAL     0    LOWEST  SLP 29.51 ON 15

[REMARKS]
