000
CXUS51 KBUF 261205
CF6ART
PRELIMINARY LOCAL CLIMATOLOGICAL DATA (WS FORM: F-6)

                                          STATION:   WATERTOWN NY
                                          MONTH:     MAY
                                          YEAR:      2019
                                          LATITUDE:   43 59 N
                                          LONGITUDE:  76  2 W

  TEMPERATURE IN F:       :PCPN:    SNOW:  WIND      :SUNSHINE: SKY     :PK WND
================================================================================
1   2   3   4   5  6A  6B    7    8   9   10  11  12  13   14  15   16   17  18
                                     12Z  AVG MX 2MIN
DY MAX MIN AVG DEP HDD CDD  WTR  SNW DPTH SPD SPD DIR MIN PSBL S-S WX    SPD DR
================================================================================

 1  57  42  50   0  15   0 0.33    M    M  6.0 16  60   M    M   9 1      19  60
 2  47  39  43  -7  22   0 0.01    M    M  7.1 13  30   M    M  10 18     16  30
 3  53  44  49  -2  16   0 0.30    M    M  5.2 10  10   M    M  10 1      14  20
 4  56  38  47  -4  18   0    T    M    M  5.8 13  30   M    M   9 12     15  40
 5  68  37  53   2  12   0 0.00    M    M  5.4 14  50   M    M   5 12     17  30
 6  68  50  59   7   6   0 0.03    M    M  6.3 17 270   M    M   5 1      21 270
 7  55  36  46  -6  19   0 0.18    M    M  5.8 17 220   M    M   6 1      22 210
 8  57  35  46  -6  19   0 0.00    M    M 10.0 18 360   M    M   0 1      24 360
 9  69  44  57   5   8   0 0.32    M    M  9.8 20 160   M    M   8 1      31 160
10  65  43  54   1  11   0 0.60    M    M 12.6 21 220   M    M  10 1      35 180
11  56  41  49  -4  16   0 0.00    M    M  7.0 16 260   M    M   5        20 260
12  55  45  50  -4  15   0    T    M    M  4.3 10  90   M    M  10        16 130
13  51  40  46  -8  19   0 0.74    M    M  6.6 15 110   M    M  10 1      22 100
14  52  38  45  -9  20   0 0.15    M    M  8.0 18 360   M    M   9 1      23 350
15  59  38  49  -5  16   0 0.18    M    M  5.7 17 310   M    M   7 1      31 300
16  59  39  49  -6  16   0 0.07    M    M  4.2 15 260   M    M   3 12     20 260
17  60  39  50  -5  15   0 0.06    M    M  8.3 20 250   M    M   4 18     30 230
18  59  33  46  -9  19   0    T    M    M  4.1 16 260   M    M   4 1      20 260
19  79  50  65   9   0   0 0.46    M    M  4.5 24 240   M    M   3 138    42 230
20  68  48  58   2   7   0 0.01    M    M 13.6 22 260   M    M   9        35 220
21  63  43  53  -3  12   0 0.00    M    M  9.0 18 270   M    M   5        23 270
22  69  34  52  -4  13   0    T    M    M  3.9 16  60   M    M   3        21  50
23  71  55  63   6   2   0 0.69    M    M  7.2 30 290   M    M   6 13     37 280
24  64  44  54  -3  11   0 0.00    M    M  7.0 18 330   M    M   8 1      23 320
25  71  44  58   1   7   0 0.71    M    0  6.6 18 160   M    M   5 138    25 200
================================================================================
SM 1531 1039       334   0  4.84    M    174.0          M      163
================================================================================
AV 61.2 41.6                               7.0 FASTST   M    M   7    MAX(MPH)
                                 MISC ---->  # 30 290               # 42  230
================================================================================
NOTES:
# LAST OF SEVERAL OCCURRENCES

COLUMN 17 PEAK WIND IN M.P.H.

PRELIMINARY LOCAL CLIMATOLOGICAL DATA (WS FORM: F-6) , PAGE 2

                                          STATION:  WATERTOWN NY
                                          MONTH:    MAY
                                          YEAR:     2019
                                          LATITUDE:   43 59 N
                                          LONGITUDE:  76  2 W

[TEMPERATURE DATA]      [PRECIPITATION DATA]       SYMBOLS USED IN COLUMN 16

AVERAGE MONTHLY: 51.4   TOTAL FOR MONTH:   4.84    1 = FOG OR MIST
DPTR FM NORMAL:  -2.3   DPTR FM NORMAL:    2.39    2 = FOG REDUCING VISIBILITY
HIGHEST:    79 ON 19    GRTST 24HR  0.74 ON 13-13      TO 1/4 MILE OR LESS
LOWEST:     33 ON 18                               3 = THUNDER
                        SNOW, ICE PELLETS, HAIL    4 = ICE PELLETS
                        TOTAL MONTH:    M          5 = HAIL
                        GRTST 24HR    M  ON   M    6 = FREEZING RAIN OR DRIZZLE
                        GRTST DEPTH:   0           7 = DUSTSTORM OR SANDSTORM:
                                                       VSBY 1/2 MILE OR LESS
                                                   8 = SMOKE OR HAZE
[NO. OF DAYS WITH]      [WEATHER - DAYS WITH]      9 = BLOWING SNOW
                                                   X = TORNADO
MAX 32 OR BELOW:   0    0.01 INCH OR MORE:  16
MAX 90 OR ABOVE:   0    0.10 INCH OR MORE:  11
MIN 32 OR BELOW:   0    0.50 INCH OR MORE:   4
MIN  0 OR BELOW:   0    1.00 INCH OR MORE:   0

[HDD (BASE 65) ]
TOTAL THIS MO.   334    CLEAR  (SCALE 0-3)   2
DPTR FM NORMAL    45    PTCLDY (SCALE 4-7)  14
TOTAL FM JUL 1  7620    CLOUDY (SCALE 8-10)  9
DPTR FM NORMAL   188

[CDD (BASE 65) ]
TOTAL THIS MO.     0
DPTR FM NORMAL    -2    [PRESSURE DATA]
TOTAL FM JAN 1     0    HIGHEST SLP M ON M
DPTR FM NORMAL    -3    LOWEST  SLP 29.64 ON 17

[REMARKS]
