240
CXUS53 KARX 260930
CF6ARX
PRELIMINARY LOCAL CLIMATOLOGICAL DATA (WS FORM: F-6)

                                          STATION:   La Crosse Weather Office WI
                                          MONTH:     MAY
                                          YEAR:      2019
                                          LATITUDE:   43 49 N
                                          LONGITUDE:  91 12 W

  TEMPERATURE IN F:       :PCPN:    SNOW:  WIND      :SUNSHINE: SKY     :PK WND
================================================================================
1   2   3   4   5  6A  6B    7    8   9   10  11  12  13   14  15   16   17  18
                                     12Z  AVG MX 2MIN
DY MAX MIN AVG DEP HDD CDD  WTR  SNW DPTH SPD SPD DIR MIN PSBL S-S WX    SPD DR
================================================================================

 1  44  36  40 -12  25   0 0.17  0.0    0   M   M   M   M    M   M        21  M
 2  53  42  48  -5  17   0    T  0.0    0   M   M   M   M    M   M 1       M  M
 3  58  41  50  -3  15   0 0.00  0.0    0   M   M   M   M    M   M         M  M
 4  69  45  57   4   8   0 0.00  0.0    0   M   M   M   M    M   M         M  M
 5  71  50  61   7   4   0 0.12    T    0   M   M   M   M    M   M         M  M
 6  58  45  52  -2  13   0    T  0.0    0   M   M   M   M    M   M         M  M
 7  62  44  53  -1  12   0 0.00  0.0    0   M   M   M   M    M   M         M  M
 8  46  39  43 -12  22   0 1.02  0.0    0   M   M   M   M    M   M         M  M
 9  47  38  43 -12  22   0 0.04  0.0    0   M   M   M   M    M   M 1       M  M
10  58  38  48  -7  17   0 0.00  0.0    0   M   M   M   M    M   M         M  M
11  59  44  52  -3  13   0 0.01  0.0    0   M   M   M   M    M   M         M  M
12  58  39  49  -7  16   0 0.00  0.0    0   M   M   M   M    M   M         M  M
13  67  42  55  -1  10   0 0.00  0.0    0   M   M   M   M    M   M         M  M
14  69  49  59   3   6   0 0.00  0.0    0   M   M   M   M    M   M         M  M
15  75  50  63   7   2   0 0.00  0.0    0   M   M   M   M    M   M         M  M
16  80  57  69  12   0   4 0.98  0.0    0   M   M   M   M    M   M 3       M  M
17  61  46  54  -3  11   0 0.18  0.0    0   M   M   M   M    M   M 3       M  M
18  58  42  50  -7  15   0 1.09  0.0    0   M   M   M   M    M   M 12      M  M
19  49  36  43 -15  22   0 0.43  0.0    0   M   M   M   M    M   M         M  M
20  58  36  47 -11  18   0 0.01  0.0    0   M   M   M   M    M   M         M  M
21  53  42  48 -10  17   0 0.37  0.0    0   M   M   M   M    M   M         M  M
22  73  45  59   1   6   0 0.02  0.0    0   M   M   M   M    M   M         M  M
23  63  49  56  -3   9   0 0.00  0.0    0   M   M   M   M    M   M         M  M
24  71  49  60   1   5   0 0.80  0.0    0   M   M   M   M    M   M        34 120
25  75  56  66   7   0   1 0.00  0.0    0   M   M   M   M    M   M        24 290
================================================================================
SM 1535 1100       305   5  5.24    T        M          M        M
================================================================================
AV 61.4 44.0                                 M FASTST   M    M   6    MAX(MPH)
                                 MISC ---->     M   M               # 34  120
================================================================================
NOTES:
# LAST OF SEVERAL OCCURRENCES

COLUMN 17 PEAK WIND IN M.P.H.

PRELIMINARY LOCAL CLIMATOLOGICAL DATA (WS FORM: F-6) , PAGE 2

                                          STATION:  La Crosse Weather Office WI
                                          MONTH:    MAY
                                          YEAR:     2019
                                          LATITUDE:   43 49 N
                                          LONGITUDE:  91 12 W

[TEMPERATURE DATA]      [PRECIPITATION DATA]       SYMBOLS USED IN COLUMN 16

AVERAGE MONTHLY: 52.7   TOTAL FOR MONTH:   5.24    1 = FOG OR MIST
DPTR FM NORMAL:  -3.2   DPTR FM NORMAL:    2.07    2 = FOG REDUCING VISIBILITY
HIGHEST:    80 ON 16    GRTST 24HR  1.09 ON 18-18      TO 1/4 MILE OR LESS
LOWEST:     36 ON 20,19                            3 = THUNDER
                        SNOW, ICE PELLETS, HAIL    4 = ICE PELLETS
                        TOTAL MONTH:    T          5 = HAIL
                        GRTST 24HR    T  ON  5- 5  6 = FREEZING RAIN OR DRIZZLE
                        GRTST DEPTH:   0           7 = DUSTSTORM OR SANDSTORM:
                                                       VSBY 1/2 MILE OR LESS
                                                   8 = SMOKE OR HAZE
[NO. OF DAYS WITH]      [WEATHER - DAYS WITH]      9 = BLOWING SNOW
                                                   X = TORNADO
MAX 32 OR BELOW:   0    0.01 INCH OR MORE:  13
MAX 90 OR ABOVE:   0    0.10 INCH OR MORE:   9
MIN 32 OR BELOW:   0    0.50 INCH OR MORE:   4
MIN  0 OR BELOW:   0    1.00 INCH OR MORE:   2

[HDD (BASE 65) ]
TOTAL THIS MO.   305    CLEAR  (SCALE 0-3)   0
DPTR FM NORMAL    68    PTCLDY (SCALE 4-7)   0
TOTAL FM JUL 1  8111    CLOUDY (SCALE 8-10)  0
DPTR FM NORMAL   483

[CDD (BASE 65) ]
TOTAL THIS MO.     5
DPTR FM NORMAL    -3    [PRESSURE DATA]
TOTAL FM JAN 1     9    HIGHEST SLP M ON M
DPTR FM NORMAL     0    LOWEST  SLP M ON M

[REMARKS]
