000
CXUS53 KARX 190930
CF6ARX
PRELIMINARY LOCAL CLIMATOLOGICAL DATA (WS FORM: F-6)

                                          STATION:   La Crosse Weather Office WI
                                          MONTH:     MARCH
                                          YEAR:      2019
                                          LATITUDE:   43 49 N
                                          LONGITUDE:  91 12 W

  TEMPERATURE IN F:       :PCPN:    SNOW:  WIND      :SUNSHINE: SKY     :PK WND
================================================================================
1   2   3   4   5  6A  6B    7    8   9   10  11  12  13   14  15   16   17  18
                                     12Z  AVG MX 2MIN
DY MAX MIN AVG DEP HDD CDD  WTR  SNW DPTH SPD SPD DIR MIN PSBL S-S WX    SPD DR
================================================================================

 1  27  12  20  -6  45   0 0.16  3.2   15   M   M   M   M    M   M        12  M
 2  23   9  16 -10  49   0    T  0.1   18   M   M   M   M    M   M        16  M
 3   9 -11  -1 -27  66   0    T    T   16   M   M   M   M    M   M        24  M
 4   6 -15  -4 -31  69   0    T    T   16   M   M   M   M    M   M        30  M
 5  14  -1   7 -20  58   0    T    T   16   M   M   M   M    M   M        13  M
 6  24   1  13 -15  52   0 0.00  0.0   16   M   M   M   M    M   M        27  M
 7  24   4  14 -14  51   0 0.00  0.0   16   M   M   M   M    M   M        21  M
 8  40  16  28   0  37   0 0.00  0.0   16   M   M   M   M    M   M        15  M
 9  37  26  32   3  33   0 0.49  2.3   15   M   M   M   M    M   M 1      21  M
10  31  19  25  -4  40   0 0.03  0.6   16   M   M   M   M    M   M 12      M  M
11  33  14  24  -6  41   0 0.00  0.0   15   M   M   M   M    M   M         M  M
12  40  22  31   1  34   0 0.63  0.0   14   M   M   M   M    M   M 1       M  M
13  48  35  42  11  23   0 0.09  0.0   12   M   M   M   M    M   M 12      M  M
14  52  32  42  11  23   0 0.23    T    5   M   M   M   M    M   M         M  M
15  38  25  32   0  33   0    T    T    1   M   M   M   M    M   M         M  M
16  34  21  28  -4  37   0 0.00  0.0    1   M   M   M   M    M   M         M  M
17  32  20  26  -6  39   0    T    T    T   M   M   M   M    M   M         M  M
18  41  25  33   0  32   0    T    T    T   M   M   M   M    M   M         M  M
================================================================================
SM  553  254       762   0  1.63     6.2     M          M        M
================================================================================
AV 30.7 14.1                                 M FASTST   M    M   6    MAX(MPH)
                                 MISC ---->     M   M                 30    M
================================================================================
NOTES:
# LAST OF SEVERAL OCCURRENCES

COLUMN 17 PEAK WIND IN M.P.H.

PRELIMINARY LOCAL CLIMATOLOGICAL DATA (WS FORM: F-6) , PAGE 2

                                          STATION:  La Crosse Weather Office WI
                                          MONTH:    MARCH
                                          YEAR:     2019
                                          LATITUDE:   43 49 N
                                          LONGITUDE:  91 12 W

[TEMPERATURE DATA]      [PRECIPITATION DATA]       SYMBOLS USED IN COLUMN 16

AVERAGE MONTHLY: 22.4   TOTAL FOR MONTH:   1.63    1 = FOG OR MIST
DPTR FM NORMAL:  -6.8   DPTR FM NORMAL:    0.71    2 = FOG REDUCING VISIBILITY
HIGHEST:    52 ON 14    GRTST 24HR  0.63 ON 12-12      TO 1/4 MILE OR LESS
LOWEST:    -15 ON  4                               3 = THUNDER
                        SNOW, ICE PELLETS, HAIL    4 = ICE PELLETS
                        TOTAL MONTH:   6.2 INCHES  5 = HAIL
                        GRTST 24HR   3.2 ON  1- 1  6 = FREEZING RAIN OR DRIZZLE
                        GRTST DEPTH:  18 ON  2     7 = DUSTSTORM OR SANDSTORM:
                                                       VSBY 1/2 MILE OR LESS
                                                   8 = SMOKE OR HAZE
[NO. OF DAYS WITH]      [WEATHER - DAYS WITH]      9 = BLOWING SNOW
                                                   X = TORNADO
MAX 32 OR BELOW:   9    0.01 INCH OR MORE:   6
MAX 90 OR ABOVE:   0    0.10 INCH OR MORE:   4
MIN 32 OR BELOW:  17    0.50 INCH OR MORE:   1
MIN  0 OR BELOW:   3    1.00 INCH OR MORE:   0

[HDD (BASE 65) ]
TOTAL THIS MO.   762    CLEAR  (SCALE 0-3)   0
DPTR FM NORMAL   117    PTCLDY (SCALE 4-7)   0
TOTAL FM JUL 1  6887    CLOUDY (SCALE 8-10)  0
DPTR FM NORMAL   430

[CDD (BASE 65) ]
TOTAL THIS MO.     0
DPTR FM NORMAL     0    [PRESSURE DATA]
TOTAL FM JAN 1     0    HIGHEST SLP M ON M
DPTR FM NORMAL     0    LOWEST  SLP M ON M

[REMARKS]
