521
CXUS55 KGJT 221000
CF6ASE
PRELIMINARY LOCAL CLIMATOLOGICAL DATA (WS FORM: F-6)

                                          STATION:   ASPEN CO
                                          MONTH:     MARCH
                                          YEAR:      2019
                                          LATITUDE:   39 13 N
                                          LONGITUDE: 106 52 W

  TEMPERATURE IN F:       :PCPN:    SNOW:  WIND      :SUNSHINE: SKY     :PK WND
================================================================================
1   2   3   4   5  6A  6B    7    8   9   10  11  12  13   14  15   16   17  18
                                     12Z  AVG MX 2MIN
DY MAX MIN AVG DEP HDD CDD  WTR  SNW DPTH SPD SPD DIR MIN PSBL S-S WX    SPD DR
================================================================================

 1  38  30  34   8  31   0 0.30    M    M  4.8 17 130   M    M  10 18     23 140
 2  43  32  38  12  27   0 0.38    M    M  4.9 13 110   M    M  10 18     19 120
 3  33  26  30   3  35   0 0.28    M    M  3.9 14 320   M    M   9 128    22 310
 4  33  13  23  -4  42   0 0.00    M    M  4.7 12 350   M    M   8        20 310
 5  40   7  24  -3  41   0 0.00    M    M  4.5 10 220   M    M   4        14 210
 6  42  31  37   9  28   0 0.50    M    M  4.3 18 140   M    M  10 18     33 130
 7  39  25  32   4  33   0 0.68    M    M  4.7 15 350   M    M   9 128    23 360
 8  41  20  31   3  34   0 0.36    M    M  6.0 18 360   M    M   9 128    27 350
 9  33  21  27  -2  38   0 0.02    M    M  6.3 20 340   M    M   8 12     29 350
10  41  15  28  -1  37   0 0.00    M    M  3.5 13  20   M    M   4 8      15  10
11  40  16  28  -1  37   0 0.05    M    M  2.8 14 360   M    M   6 18     22 340
12  44  26  35   5  30   0 0.16    M    M  4.2 18 160   M    M   8 1      25 150
13  33  11  22  -8  43   0 0.37    M    M  7.5 18 330   M    M  10 18     31 320
14  29  11  20 -10  45   0 0.01    M    M  4.4 12 330   M    M   6 18     15 350
15  35   1  18 -13  47   0 0.00    M    M  4.9 13 220   M    M   1        17 200
16  44   6  25  -6  40   0 0.00    M    M  4.8 12 210   M    M   0        16 200
17  46  14  30  -1  35   0 0.00    M    M  5.5 10 220   M    M   0        14 210
18  48  15  32   0  33   0 0.00    M    M  4.9 16 220   M    M   3        22 220
19  41  21  31  -1  34   0    T    M    M  5.5 13 330   M    M   2        21 330
20  47  10  29  -3  36   0 0.00    M    M  5.3 10 190   M    M   0        14 210
21  50  21  36   3  29   0    T    M    M  6.3 22 160   M    M   3 1      35 170
================================================================================
SM  840  372       755   0  3.11    M    103.7          M      120
================================================================================
AV 40.0 17.7                               4.9 FASTST   M    M   6    MAX(MPH)
                                 MISC ---->  # 22 160               # 35  170
================================================================================
NOTES:
# LAST OF SEVERAL OCCURRENCES

COLUMN 17 PEAK WIND IN M.P.H.

PRELIMINARY LOCAL CLIMATOLOGICAL DATA (WS FORM: F-6) , PAGE 2

                                          STATION:  ASPEN CO
                                          MONTH:    MARCH
                                          YEAR:     2019
                                          LATITUDE:   39 13 N
                                          LONGITUDE: 106 52 W

[TEMPERATURE DATA]      [PRECIPITATION DATA]       SYMBOLS USED IN COLUMN 16

AVERAGE MONTHLY: 28.9   TOTAL FOR MONTH:   3.11    1 = FOG OR MIST
DPTR FM NORMAL:  -0.5   DPTR FM NORMAL:    2.29    2 = FOG REDUCING VISIBILITY
HIGHEST:    50 ON 21    GRTST 24HR  0.68 ON  7- 7      TO 1/4 MILE OR LESS
LOWEST:      1 ON 15                               3 = THUNDER
                        SNOW, ICE PELLETS, HAIL    4 = ICE PELLETS
                        TOTAL MONTH:    M          5 = HAIL
                        GRTST 24HR    M  ON   M    6 = FREEZING RAIN OR DRIZZLE
                        GRTST DEPTH:  M  ON   M    7 = DUSTSTORM OR SANDSTORM:
                                                       VSBY 1/2 MILE OR LESS
                                                   8 = SMOKE OR HAZE
[NO. OF DAYS WITH]      [WEATHER - DAYS WITH]      9 = BLOWING SNOW
                                                   X = TORNADO
MAX 32 OR BELOW:   1    0.01 INCH OR MORE:  11
MAX 90 OR ABOVE:   0    0.10 INCH OR MORE:   8
MIN 32 OR BELOW:  21    0.50 INCH OR MORE:   2
MIN  0 OR BELOW:   0    1.00 INCH OR MORE:   0

[HDD (BASE 65) ]
TOTAL THIS MO.   755    CLEAR  (SCALE 0-3)   6
DPTR FM NORMAL     6    PTCLDY (SCALE 4-7)   7
TOTAL FM JUL 1  6680    CLOUDY (SCALE 8-10)  8
DPTR FM NORMAL  -388

[CDD (BASE 65) ]
TOTAL THIS MO.     0
DPTR FM NORMAL     0    [PRESSURE DATA]
TOTAL FM JAN 1     0    HIGHEST SLP M ON M
DPTR FM NORMAL     0    LOWEST  SLP 29.04 ON 13

[REMARKS]
