000
CXAK56 PAJK 271231
CF6ASI
PRELIMINARY LOCAL CLIMATOLOGICAL DATA (WS FORM: F-6)

                                          STATION:   SITKA
                                          MONTH:     MAY
                                          YEAR:      2019
                                          LATITUDE:   57  4 N
                                          LONGITUDE: 135 21 W

  TEMPERATURE IN F:       :PCPN:    SNOW:  WIND      :SUNSHINE: SKY     :PK WND
================================================================================
1   2   3   4   5  6A  6B    7    8   9   10  11  12  13   14  15   16   17  18
                                     12Z  AVG MX 2MIN
DY MAX MIN AVG DEP HDD CDD  WTR  SNW DPTH SPD SPD DIR MIN PSBL S-S WX    SPD DR
================================================================================

 1  52  40  46   1  19   0    T    M    M 11.8 21 290   M    M   8 1      23 350
 2  48  44  46   1  19   0 0.12    M    M  7.4 14 290   M    M  10 1      16 280
 3  48  44  46   0  19   0 0.26    M    M  6.7 13 250   M    M  10 1      16 250
 4  46  42  44  -2  21   0 0.35    M    M  7.8 16 100   M    M  10 1      20 100
 5  47  43  45  -1  20   0 0.11    M    M  7.6 14 210   M    M  10 1      17 220
 6  49  43  46   0  19   0 1.11    M    M  7.4 13 180   M    M   9 1      16 180
 7  50  47  49   3  16   0 0.56    M    M  7.9 14 220   M    M  10 1      27 170
 8  52  48  50   4  15   0 0.16    M    M  6.6 16 210   M    M  10 1      22 180
 9  55  47  51   5  14   0 0.04    M    M  3.4 12 220   M    M   6 1      13 200
10  51  45  48   1  17   0 0.02    M    M  7.3 18 320   M    M  10 12     20 320
11  52  42  47   0  18   0 0.02    M    M  8.5 17 300   M    M   8        22 230
12  56  40  48   1  17   0    T    M    M  6.7 15 290   M    M   4        16 280
13  60  41  51   4  14   0 0.00    M    M  3.1  8 260   0    0   0         M  M
14  53  45  49   2  16   0    T    M    M  2.3  7 280   M    M   9         M  M
15  53  44  49   1  16   0 0.03    M    M  6.1 14 200   M    M   7         M  M
16  51  43  47  -1  18   0 0.12    M    M  2.5 10 190   M    M   7 1      13 210
17  54  46  50   2  15   0 0.26    M    M  4.0 15 190   M    M   9 18     19 200
18  62  47  55   7  10   0    T    M    M  8.5 17 110   M    M   9        24  90
19  53  47  50   2  15   0 0.08    M    M  3.3 14 220   M    M   8 1      16 220
20  60  47  54   6  11   0    T    M    M  5.6 14 330   M    M   7        16 330
21  54  49  52   3  13   0    T    M    M 12.7 20 290   M    M   8        22 290
22  58  49  54   5  11   0 0.00    M    M  9.1 15 330   M    M   7        18 340
23  49  45  47  -2  18   0 0.06    M    M  5.3 18 310   M    M  10 18     21 310
24  51  44  48  -1  17   0 0.19    M    M  4.2 10 330   M    M   6 1      13 310
25  60  41  51   2  14   0 0.00    M    M  5.9 14 300   M    M   2        15 310
26  57  45  51   1  14   0 0.00    M    M  4.7 12 210   M    M   2        16 210
================================================================================
SM 1381 1158       416   0  3.49    M    166.4            0    196
================================================================================
AV 53.1 44.5                               6.4 FASTST    0   0   8    MAX(MPH)
                                 MISC ---->  # 21 290               # 27  170
================================================================================
NOTES:
# LAST OF SEVERAL OCCURRENCES

COLUMN 17 PEAK WIND IN M.P.H.

PRELIMINARY LOCAL CLIMATOLOGICAL DATA (WS FORM: F-6) , PAGE 2

                                          STATION:  SITKA
                                          MONTH:    MAY
                                          YEAR:     2019
                                          LATITUDE:   57  4 N
                                          LONGITUDE: 135 21 W

[TEMPERATURE DATA]      [PRECIPITATION DATA]       SYMBOLS USED IN COLUMN 16

AVERAGE MONTHLY: 48.8   TOTAL FOR MONTH:   3.49    1 = FOG OR MIST
DPTR FM NORMAL:   1.5   DPTR FM NORMAL:   -0.12    2 = FOG REDUCING VISIBILITY
HIGHEST:    62 ON 18    GRTST 24HR  1.11 ON  6- 6      TO 1/4 MILE OR LESS
LOWEST:     40 ON 12, 1                            3 = THUNDER
                        SNOW, ICE PELLETS, HAIL    4 = ICE PELLETS
                        TOTAL MONTH:    M          5 = HAIL
                        GRTST 24HR    M  ON   M    6 = FREEZING RAIN OR DRIZZLE
                        GRTST DEPTH:  M  ON   M    7 = DUSTSTORM OR SANDSTORM:
                                                       VSBY 1/2 MILE OR LESS
                                                   8 = SMOKE OR HAZE
[NO. OF DAYS WITH]      [WEATHER - DAYS WITH]      9 = BLOWING SNOW
                                                   X = TORNADO
MAX 32 OR BELOW:   0    0.01 INCH OR MORE:  16
MAX 90 OR ABOVE:   0    0.10 INCH OR MORE:  10
MIN 32 OR BELOW:   0    0.50 INCH OR MORE:   2
MIN  0 OR BELOW:   0    1.00 INCH OR MORE:   1

[HDD (BASE 65) ]
TOTAL THIS MO.   416    CLEAR  (SCALE 0-3)   3
DPTR FM NORMAL   -45    PTCLDY (SCALE 4-7)  10
TOTAL FM JUL 1  5810    CLOUDY (SCALE 8-10) 13
DPTR FM NORMAL  -933

[CDD (BASE 65) ]
TOTAL THIS MO.     0
DPTR FM NORMAL     0    [PRESSURE DATA]
TOTAL FM JAN 1     0    HIGHEST SLP  0.00 ON 13
DPTR FM NORMAL     0    LOWEST  SLP  0.00 ON 13

[REMARKS]
