000
CXAK56 PAJK 221231
CF6ASI
PRELIMINARY LOCAL CLIMATOLOGICAL DATA (WS FORM: F-6)

                                          STATION:   SITKA
                                          MONTH:     MARCH
                                          YEAR:      2019
                                          LATITUDE:   57  4 N
                                          LONGITUDE: 135 21 W

  TEMPERATURE IN F:       :PCPN:    SNOW:  WIND      :SUNSHINE: SKY     :PK WND
================================================================================
1   2   3   4   5  6A  6B    7    8   9   10  11  12  13   14  15   16   17  18
                                     12Z  AVG MX 2MIN
DY MAX MIN AVG DEP HDD CDD  WTR  SNW DPTH SPD SPD DIR MIN PSBL S-S WX    SPD DR
================================================================================

 1  43  31  37   0  28   0 0.00    M    M  2.7  7 100   M    M   4         8  60
 2  43  30  37   0  28   0 0.00    M    M  5.6 14 100   M    M   7        17 110
 3  43  29  36  -1  29   0 0.00    M    M  3.6 13 320   M    M   5        15 310
 4  42  26  34  -3  31   0 0.00    M    M  2.9  8 100   M    M   0         9 250
 5  43  26  35  -2  30   0 0.00    M    M  4.7 10 330   M    M   0        12 320
 6  44  25  35  -2  30   0 0.00    M    M  4.9 17 310   M    M   0        20 310
 7  44  26  35  -2  30   0 0.00    M    M  5.8 15 300   M    M   2        18 330
 8  41  29  35  -2  30   0 0.00    M    M  3.4  8 100   M    M   8         9 110
 9  45  37  41   4  24   0    T    M    M  9.7 21 110   M    M   9        26 110
10  44  35  40   3  25   0 0.88    M    M 15.1 29 110   M    M  10 14     37 110
11  43  35  39   2  26   0 0.32    M    M  6.3 14 240   M    M   8 14     17 250
12  43  37  40   3  25   0 0.18    M    M  5.7 14 290   M    M  10 1      16 290
13  44  33  39   1  26   0 0.21    M    M 17.0 33 110   M    M   9 1      45 110
14  41  32  37  -1  28   0 0.80    M    M  7.5 21 110   M    M   9 14     24 110
15  45  37  41   3  24   0    T    M    M 16.4 29 110   M    M  10        37 110
16  48  43  46   8  19   0 0.13    M    M 16.0 30 120   M    M   9 18     40 110
17  52  47  50  12  15   0 1.03    M    M 20.2 28 110   M    M   9 1      36 100
18  62  42  52  14  13   0 0.00    M    M 10.7 31 190   M    M   4        39 190
19  67  41  54  16  11   0 0.00    M    M  7.8 16 110   M    M   0        20 110
20  63  45  54  16  11   0 0.05    M    M  9.6 21 110   M    M   6        26 110
21  50  43  47   9  18   0    T    M    M  3.5 13 340   M    M   8        15 340
================================================================================
SM  990  729       501   0  3.60    M    179.1          M      127
================================================================================
AV 47.1 34.7                               8.5 FASTST   M    M   6    MAX(MPH)
                                 MISC ---->  # 33 110               # 45  110
================================================================================
NOTES:
# LAST OF SEVERAL OCCURRENCES

COLUMN 17 PEAK WIND IN M.P.H.

PRELIMINARY LOCAL CLIMATOLOGICAL DATA (WS FORM: F-6) , PAGE 2

                                          STATION:  SITKA
                                          MONTH:    MARCH
                                          YEAR:     2019
                                          LATITUDE:   57  4 N
                                          LONGITUDE: 135 21 W

[TEMPERATURE DATA]      [PRECIPITATION DATA]       SYMBOLS USED IN COLUMN 16

AVERAGE MONTHLY: 40.9   TOTAL FOR MONTH:   3.60    1 = FOG OR MIST
DPTR FM NORMAL:   3.5   DPTR FM NORMAL:   -0.80    2 = FOG REDUCING VISIBILITY
HIGHEST:    67 ON 19    GRTST 24HR  1.03 ON 17-17      TO 1/4 MILE OR LESS
LOWEST:     25 ON  6                               3 = THUNDER
                        SNOW, ICE PELLETS, HAIL    4 = ICE PELLETS
                        TOTAL MONTH:    M          5 = HAIL
                        GRTST 24HR    M  ON   M    6 = FREEZING RAIN OR DRIZZLE
                        GRTST DEPTH:  M  ON   M    7 = DUSTSTORM OR SANDSTORM:
                                                       VSBY 1/2 MILE OR LESS
                                                   8 = SMOKE OR HAZE
[NO. OF DAYS WITH]      [WEATHER - DAYS WITH]      9 = BLOWING SNOW
                                                   X = TORNADO
MAX 32 OR BELOW:   0    0.01 INCH OR MORE:   8
MAX 90 OR ABOVE:   0    0.10 INCH OR MORE:   7
MIN 32 OR BELOW:   9    0.50 INCH OR MORE:   3
MIN  0 OR BELOW:   0    1.00 INCH OR MORE:   1

[HDD (BASE 65) ]
TOTAL THIS MO.   501    CLEAR  (SCALE 0-3)   5
DPTR FM NORMAL   -78    PTCLDY (SCALE 4-7)   7
TOTAL FM JUL 1  4550    CLOUDY (SCALE 8-10)  9
DPTR FM NORMAL  -799

[CDD (BASE 65) ]
TOTAL THIS MO.     0
DPTR FM NORMAL     0    [PRESSURE DATA]
TOTAL FM JAN 1     0    HIGHEST SLP M ON M
DPTR FM NORMAL     0    LOWEST  SLP 29.39 ON 10

[REMARKS]
