000
CXAK56 PAFC 181704
CF6ASN
PRELIMINARY LOCAL CLIMATOLOGICAL DATA (WS FORM: F-6)

                                          STATION:   SAINT PAUL ISLAND
                                          MONTH:     MARCH
                                          YEAR:      2019
                                          LATITUDE:   57  9 N
                                          LONGITUDE: 170 13 W

  TEMPERATURE IN F:       :PCPN:    SNOW:  WIND      :SUNSHINE: SKY     :PK WND
================================================================================
1   2   3   4   5  6A  6B    7    8   9   10  11  12  13   14  15   16   17  18
                                     12Z  AVG MX 2MIN
DY MAX MIN AVG DEP HDD CDD  WTR  SNW DPTH SPD SPD DIR MIN PSBL S-S WX    SPD DR
================================================================================

 1  36  22  29   4  36   0 0.05    M    M  8.8 22 130   M    M   5 1    26 130
 2  37  26  32   7  33   0    T    M    M 14.7 29 160   M    M   3 8    35 170
 3  36  33  35  10  30   0 0.26    M    M 35.3 46 160   M    M  10 1    55 150
 4  38  24  31   6  34   0 0.05    M    M  8.7 20 240   M    M   4 1    26 240
 5  38  32  35  10  30   0 0.02    M    M 22.8 33 240   M    M  10 18   41 240
 6  35  26  31   6  34   0 0.06    M    M 21.8 39 130   M    M   7 18   48 120
 7  39  34  37  12  28   0 0.02    M    M 22.3 26 160   M    M   7 M    37 160
 8  39  34  37  12  28   0 0.10    M    M 21.2 32 190   M    M   9 1    43 180
 9  38  33  36  11  29   0 0.08    M    M 13.6 23 160   M    M  10 1    28 150
10  34  30  32   7  33   0 0.02    M    M 25.6 38 310   M    M  10 1    49 310
11  33  24  29   4  36   0    T    M    M 12.6 29 280   M    M   8 1    34 300
12  30  24  27   2  38   0 0.01    M    M 15.7 29 350   M    M  10 8    34 360
13  29  22  26   1  39   0    T    M    M 17.8 26 340   M    M  10 M    34 340
14  32  17  25   0  40   0    T    M    M 16.8 28 260   M    M   6 1    35 250
15  33  12  23  -2  42   0 0.06    M    M  5.2 15 190   M    M   5 1    18 290
16  33  22  28   3  37   0 0.06    M    M 11.8 25 310   M    M   5 M    33 320
17  30  22  26   1  39   0    T    M    M 13.8 22 320   M    M  10 M    27 300
================================================================================
SM  590  437       586   0  0.79    M    288.3          M      129
================================================================================
AV 34.7 25.7                              17.0 FASTST   M    M   7    MAX(MPH)
                                 MISC ---->    46 160                 55 150
================================================================================
NOTES:
# LAST OF SEVERAL OCCURRENCES

COLUMN 17 PEAK WIND IN M.P.H.

PRELIMINARY LOCAL CLIMATOLOGICAL DATA (WS FORM: F-6) , PAGE 2

                                          STATION:   SAINT PAUL ISLAND
                                          MONTH:     MARCH
                                          YEAR:      2019
                                          LATITUDE:   57  9 N
                                          LONGITUDE: 170 13 W

[TEMPERATURE DATA]      [PRECIPITATION DATA]       SYMBOLS USED IN COLUMN 16

AVERAGE MONTHLY: 30.2   TOTAL FOR MONTH:   0.79    1 = FOG OR MIST
DPTR FM NORMAL:   5.2   DPTR FM NORMAL:    0.21    2 = FOG REDUCING VISIBILITY
HIGHEST:    39 ON  8, 7  GRTST 24HR  0.29 ON  2- 3      TO 1/4 MILE OR LESS
LOWEST:     12 ON 15                               3 = THUNDER
                        SNOW, ICE PELLETS, HAIL    4 = ICE PELLETS
                        TOTAL MONTH:  M            5 = HAIL
                        GRTST 24HR    M  ON   M    6 = FREEZING RAIN OR DRIZZLE
                        GRTST DEPTH:  M  ON   M    7 = DUSTSTORM OR SANDSTORM:
                                                       VSBY 1/2 MILE OR LESS
                                                   8 = SMOKE OR HAZE
[NO. OF DAYS WITH]      [WEATHER - DAYS WITH]      9 = BLOWING SNOW
                                                   X = TORNADO
MAX 32 OR BELOW:   4    0.01 INCH OR MORE:  11
MAX 90 OR ABOVE:   0    0.10 INCH OR MORE:   2
MIN 32 OR BELOW:  13    0.50 INCH OR MORE:   0
MIN  0 OR BELOW:   0    1.00 INCH OR MORE:   0

[HDD (BASE 65) ]
TOTAL THIS MO.   586    CLEAR  (SCALE 0-3)   0
DPTR FM NORMAL   -94    PTCLDY (SCALE 4-7)   8
TOTAL FM JUL 1  6568    CLOUDY (SCALE 8-10)  9
DPTR FM NORMAL -1029

[CDD (BASE 65) ]
TOTAL THIS MO.     0
DPTR FM NORMAL     0    [PRESSURE DATA]
TOTAL FM JAN 1     0    HIGHEST SLP M ON M
DPTR FM NORMAL     0    LOWEST  SLP 28.26 ON  9

[REMARKS]
