000
CXAK56 PAFC 201059 RRC
CF6ASN

PRELIMINARY LOCAL CLIMATOLOGICAL DATA (WS FORM: F-6)

                                          STATION:   SAINT PAUL ISLAND
                                          MONTH:     MAY
                                          YEAR:      2019
                                          LATITUDE:   57  9 N
                                          LONGITUDE: 170 13 W

  TEMPERATURE IN F:       :PCPN:    SNOW:  WIND      :SUNSHINE: SKY     :PK WND
================================================================================
1   2   3   4   5  6A  6B    7    8   9   10  11  12  13   14  15   16   17  18
                                     12Z  AVG MX 2MIN
DY MAX MIN AVG DEP HDD CDD  WTR  SNW DPTH SPD SPD DIR MIN PSBL S-S WX    SPD DR
================================================================================

 1  46  23  35   2  30   0 0.01    M    M  5.4 14 250   M    M   8 126    17 250
 2  46  28  37   4  28   0 0.06    M    M 12.2 22 240   M    M   8 1      26 230
 3  45  36  41   7  24   0    T    M    M 12.1 22 240   M    M   5        26 240
 4  43  38  41   7  24   0 0.09    M    M 16.2 24 140   M    M   9 1      31 160
 5  45  36  41   7  24   0 0.01    M    M 18.3 24  50   M    M  10 1      30  80
 6  45  34  40   6  25   0 0.02    M    M 15.3 21  10   M    M   9 1      24  10
 7  45  37  41   7  24   0 0.03    M    M 14.8 23 350   M    M   8 1      28 340
 8  42  31  37   2  28   0    T    M    M  9.5 16 320   M    M  10 1      19 320
 9  40  31  36   1  29   0 0.01    M    M  7.7 17  30   M    M  10        20  40
10  44  34  39   4  26   0 0.25    M    M 15.1 24 360   M    M  10 1      28 350
11  39  34  37   2  28   0 0.02    M    M 21.5 29 320   M    M  10        36 330
12  41  33  37   2  28   0 0.02    M    M 18.4 28 330   M    M  10 1      33 330
13  42  31  37   1  28   0 0.08    M    M 12.6 21 260   M    M   9 1      25 250
14  45  37  41   5  24   0 0.03    M    M  9.4 16 250   M    M  10        20 250
15  43  34  39   3  26   0    T    M    M 10.4 20  20   M    M  10 1      24  40
16  43  33  38   2  27   0 0.01    M    M 15.1 24 350   M    M   9 1      29 350
17  41  35  38   2  27   0 0.02    M    M 17.9 25 320   M    M  10 1      29 310
18  39  34  37   0  28   0 0.09    M    M 13.0 18  10   M    M  10        23 310
19  41  33  37   0  28   0 0.01    M    M  9.9 16  10   M    M   9 1      18  10
================================================================================
SM  815  632       506   0  0.76    M    254.8          M      174
================================================================================
AV 42.9 33.3                              13.4 FASTST   M    M   9    MAX(MPH)
                                 MISC ---->  # 29 320               # 36  330
================================================================================
NOTES:
# LAST OF SEVERAL OCCURRENCES

COLUMN 17 PEAK WIND IN M.P.H.

PRELIMINARY LOCAL CLIMATOLOGICAL DATA (WS FORM: F-6) , PAGE 2

                                          STATION:  SAINT PAUL ISLAND
                                          MONTH:    MAY
                                          YEAR:     2019
                                          LATITUDE:   57  9 N
                                          LONGITUDE: 170 13 W

[TEMPERATURE DATA]      [PRECIPITATION DATA]       SYMBOLS USED IN COLUMN 16

AVERAGE MONTHLY: 38.1   TOTAL FOR MONTH:   0.76    1 = FOG OR MIST
DPTR FM NORMAL:   3.1   DPTR FM NORMAL:    0.06    2 = FOG REDUCING VISIBILITY
HIGHEST:    46 ON  2, 1 GRTST 24HR  0.25 ON 10-10      TO 1/4 MILE OR LESS
LOWEST:     23 ON  1                               3 = THUNDER
                        SNOW, ICE PELLETS, HAIL    4 = ICE PELLETS
                        TOTAL MONTH:    M          5 = HAIL
                        GRTST 24HR    M  ON   M    6 = FREEZING RAIN OR DRIZZLE
                        GRTST DEPTH:  M  ON   M    7 = DUSTSTORM OR SANDSTORM:
                                                       VSBY 1/2 MILE OR LESS
                                                   8 = SMOKE OR HAZE
[NO. OF DAYS WITH]      [WEATHER - DAYS WITH]      9 = BLOWING SNOW
                                                   X = TORNADO
MAX 32 OR BELOW:   0    0.01 INCH OR MORE:  16
MAX 90 OR ABOVE:   0    0.10 INCH OR MORE:   1
MIN 32 OR BELOW:   5    0.50 INCH OR MORE:   0
MIN  0 OR BELOW:   0    1.00 INCH OR MORE:   0

[HDD (BASE 65) ]
TOTAL THIS MO.   506    CLEAR  (SCALE 0-3)   0
DPTR FM NORMAL   -64    PTCLDY (SCALE 4-7)   3
TOTAL FM JUL 1  8563    CLOUDY (SCALE 8-10) 16
DPTR FM NORMAL -1242

[CDD (BASE 65) ]
TOTAL THIS MO.     0
DPTR FM NORMAL     0    [PRESSURE DATA]
TOTAL FM JAN 1     0    HIGHEST SLP M ON M
DPTR FM NORMAL     0    LOWEST  SLP 29.31 ON  7

[REMARKS]
