000
CXUS56 KPQR 191200
CF6AST
PRELIMINARY LOCAL CLIMATOLOGICAL DATA (WS FORM: F-6)

                                          STATION:   ASTORIA OR
                                          MONTH:     MARCH
                                          YEAR:      2019
                                          LATITUDE:   46  9 N
                                          LONGITUDE: 123 53 W

  TEMPERATURE IN F:       :PCPN:    SNOW:  WIND      :SUNSHINE: SKY     :PK WND
================================================================================
1   2   3   4   5  6A  6B    7    8   9   10  11  12  13   14  15   16   17  18
                                     12Z  AVG MX 2MIN
DY MAX MIN AVG DEP HDD CDD  WTR  SNW DPTH SPD SPD DIR MIN PSBL S-S WX    SPD DR
================================================================================

 1  52  33  43  -2  22   0 0.00    M    M  6.2 12  90   M    M   8        15  20
 2  54  27  41  -4  24   0 0.00    M    M  5.8 14  50   M    M   1 1      17  60
 3  48  29  39  -6  26   0 0.00    M    M  9.6 20  70   M    M   0        24  60
 4  45  26  36  -9  29   0 0.00    M    M  8.7 18  40   M    M   0        23  40
 5  49  26  38  -7  27   0 0.00    M    M  7.7 17  40   M    M   0        21  80
 6  45  31  38  -8  27   0 0.01    M    M  6.0 13  40   M    M   4 1      17 230
 7  46  31  39  -7  26   0 0.14    M    M  5.6 20 290   M    M   5 1      26 260
 8  47  29  38  -8  27   0 0.29    M    M  4.2 13  30   M    M   6 16     16  10
 9  49  29  39  -7  26   0 0.00    M    M  6.3 15  70   M    M   1        17  70
10  51  27  39  -7  26   0 0.00    M    M  6.1 16 320   M    M   0        20 330
11  52  27  40  -6  25   0 0.47    M    M  7.8 18 180   M    M   5 1      27 170
12  50  40  45  -1  20   0 0.39    M    M 10.2 28 300   M    M   7 18     34 300
13  51  35  43  -3  22   0 0.04    M    M  4.2 14 260   M    M   2 1      17 280
14  51  35  43  -3  22   0 0.00    M    M  2.0  9 330   M    M   8        11  10
15  59  33  46   0  19   0 0.00    M    M  4.5 13 320   M    M   0        14 320
16  58  35  47   1  18   0 0.00    M    M  2.7  9 250   M    M   0        12 330
17  69  34  52   6  13   0 0.00    M    M  6.6 16  40   M    M   0        19  40
18  74  41  58  11   7   0 0.00    M    M 11.6 26 110   M    M   0        33 120
================================================================================
SM  950  568       406   0  1.34    M    115.8          M       47
================================================================================
AV 52.8 31.6                               6.4 FASTST   M    M   3    MAX(MPH)
                                 MISC ---->  # 28 300               # 34  300
================================================================================
NOTES:
# LAST OF SEVERAL OCCURRENCES

COLUMN 17 PEAK WIND IN M.P.H.

PRELIMINARY LOCAL CLIMATOLOGICAL DATA (WS FORM: F-6) , PAGE 2

                                          STATION:  ASTORIA OR
                                          MONTH:    MARCH
                                          YEAR:     2019
                                          LATITUDE:   46  9 N
                                          LONGITUDE: 123 53 W

[TEMPERATURE DATA]      [PRECIPITATION DATA]       SYMBOLS USED IN COLUMN 16

AVERAGE MONTHLY: 42.2   TOTAL FOR MONTH:   1.34    1 = FOG OR MIST
DPTR FM NORMAL:  -3.6   DPTR FM NORMAL:   -3.13    2 = FOG REDUCING VISIBILITY
HIGHEST:    74 ON 18    GRTST 24HR  0.47 ON 11-11      TO 1/4 MILE OR LESS
LOWEST:     26 ON  5, 4                            3 = THUNDER
                        SNOW, ICE PELLETS, HAIL    4 = ICE PELLETS
                        TOTAL MONTH:    M          5 = HAIL
                        GRTST 24HR    M  ON   M    6 = FREEZING RAIN OR DRIZZLE
                        GRTST DEPTH:  M  ON   M    7 = DUSTSTORM OR SANDSTORM:
                                                       VSBY 1/2 MILE OR LESS
                                                   8 = SMOKE OR HAZE
[NO. OF DAYS WITH]      [WEATHER - DAYS WITH]      9 = BLOWING SNOW
                                                   X = TORNADO
MAX 32 OR BELOW:   0    0.01 INCH OR MORE:   6
MAX 90 OR ABOVE:   0    0.10 INCH OR MORE:   4
MIN 32 OR BELOW:  10    0.50 INCH OR MORE:   0
MIN  0 OR BELOW:   0    1.00 INCH OR MORE:   0

[HDD (BASE 65) ]
TOTAL THIS MO.   406    CLEAR  (SCALE 0-3)  11
DPTR FM NORMAL    60    PTCLDY (SCALE 4-7)   7
TOTAL FM JUL 1  3593    CLOUDY (SCALE 8-10)  0
DPTR FM NORMAL   -95

[CDD (BASE 65) ]
TOTAL THIS MO.     0
DPTR FM NORMAL     0    [PRESSURE DATA]
TOTAL FM JAN 1     0    HIGHEST SLP M ON M
DPTR FM NORMAL     0    LOWEST  SLP 29.61 ON  6

[REMARKS]
