000
CXUS53 KDLH 200622
CF6ASX
PRELIMINARY LOCAL CLIMATOLOGICAL DATA (WS FORM: F-6)

                                          STATION:   ASHLAND
                                          MONTH:     MARCH
                                          YEAR:      2019
                                          LATITUDE:   46 32 N
                                          LONGITUDE:  90 55 W

  TEMPERATURE IN F:       :PCPN:    SNOW:  WIND      :SUNSHINE: SKY     :PK WND
================================================================================
1   2   3   4   5  6A  6B    7    8   9   10  11  12  13   14  15   16   17  18
                                     12Z  AVG MX 2MIN
DY MAX MIN AVG DEP HDD CDD  WTR  SNW DPTH SPD SPD DIR MIN PSBL S-S WX    SPD DR
================================================================================

 1  20  -7   7 -15  58   0    M    M    M  6.1 13 230   M    M   7 1      16 230
 2  16  -4   6 -17  59   0    M    M    M  8.0 17 290   M    M   4 1      22 260
 3   4 -16  -6 -29  71   0    M    M    M 10.0 17 230   M    M   0        25 240
 4   8 -17  -4 -27  69   0    M    M    M 11.6 22 220   M    M   5 8      27 230
 5  11  -8   2 -22  63   0    M    M    M 11.3 23 280   M    M   4 8      31 280
 6  19  -9   5 -19  60   0    M    M    M  8.3 18 280   M    M   5        23 270
 7  24  -8   8 -16  57   0    M    M    M  6.9 12 240   M    M   0        15 240
 8  36   2  19  -6  46   0    M    M    M  4.4 10 200   M    M   6        13 200
 9  41  10  26   1  39   0    M    M    M  6.8 17 100   M    M   2 18     23 100
10  34  19  27   2  38   0    M    M    M 13.3 29 280   M    M   7 18     38 280
11  31   9  20  -6  45   0    M    M    M 10.4 18 260   M    M   0        23 250
12  43  17  30   4  35   0    M    M    M 12.1 22 210   M    M   5        28 210
13  44  33  39  13  26   0    M    M    M  6.4 14 190   M    M  10 12     20 190
14  43  34  39  13  26   0    M    M    M  4.6 16 320   M    M  10 12     22 330
15  34  24  29   2  36   0    M    M    M 13.8 24 310   M    M  10 18     32 290
16  36  20  28   1  37   0    M    M    M  6.2 16 310   M    M   4        24 300
17  36  14  25  -2  40   0    M    M    M  6.5 12 240   M    M   0        15 240
18  42  21  32   4  33   0    M    M    M  9.1 14 250   M    M   3        17 230
19  45  23  34   6  31   0    M    M    M 10.4 22 210   M    M   3        25 240
================================================================================
SM  567  157       869   0    M     M    166.2          M       85
================================================================================
AV 29.8  8.3                               8.7 FASTST   M    M   4    MAX(MPH)
                                 MISC ---->  # 29 280               # 38  280
================================================================================
NOTES:
# LAST OF SEVERAL OCCURRENCES

COLUMN 17 PEAK WIND IN M.P.H.

PRELIMINARY LOCAL CLIMATOLOGICAL DATA (WS FORM: F-6) , PAGE 2

                                          STATION:  ASHLAND
                                          MONTH:    MARCH
                                          YEAR:     2019
                                          LATITUDE:   46 32 N
                                          LONGITUDE:  90 55 W

[TEMPERATURE DATA]      [PRECIPITATION DATA]       SYMBOLS USED IN COLUMN 16

AVERAGE MONTHLY: 19.1   TOTAL FOR MONTH:      M    1 = FOG OR MIST
DPTR FM NORMAL:  -6.1   DPTR FM NORMAL:       M    2 = FOG REDUCING VISIBILITY
HIGHEST:    45 ON 19    GRTST 24HR    M  ON   M        TO 1/4 MILE OR LESS
LOWEST:    -17 ON  4                               3 = THUNDER
                        SNOW, ICE PELLETS, HAIL    4 = ICE PELLETS
                        TOTAL MONTH:    M          5 = HAIL
                        GRTST 24HR    M  ON   M    6 = FREEZING RAIN OR DRIZZLE
                        GRTST DEPTH:  M  ON   M    7 = DUSTSTORM OR SANDSTORM:
                                                       VSBY 1/2 MILE OR LESS
                                                   8 = SMOKE OR HAZE
[NO. OF DAYS WITH]      [WEATHER - DAYS WITH]      9 = BLOWING SNOW
                                                   X = TORNADO
MAX 32 OR BELOW:   8    0.01 INCH OR MORE:   0
MAX 90 OR ABOVE:   0    0.10 INCH OR MORE:   0
MIN 32 OR BELOW:  17    0.50 INCH OR MORE:   0
MIN  0 OR BELOW:   7    1.00 INCH OR MORE:   0

[HDD (BASE 65) ]
TOTAL THIS MO.   869    CLEAR  (SCALE 0-3)   6
DPTR FM NORMAL   112    PTCLDY (SCALE 4-7)  10
TOTAL FM JUL 1  7493    CLOUDY (SCALE 8-10)  3
DPTR FM NORMAL   314

[CDD (BASE 65) ]
TOTAL THIS MO.     0
DPTR FM NORMAL     0    [PRESSURE DATA]
TOTAL FM JAN 1     0    HIGHEST SLP M ON M
DPTR FM NORMAL     0    LOWEST  SLP 29.28 ON 14

[REMARKS]
