000
CXUS53 KDLH 200650
CF6ASX
PRELIMINARY LOCAL CLIMATOLOGICAL DATA (WS FORM: F-6)

                                          STATION:   ASHLAND
                                          MONTH:     MAY
                                          YEAR:      2019
                                          LATITUDE:   46 32 N
                                          LONGITUDE:  90 55 W

  TEMPERATURE IN F:       :PCPN:    SNOW:  WIND      :SUNSHINE: SKY     :PK WND
================================================================================
1   2   3   4   5  6A  6B    7    8   9   10  11  12  13   14  15   16   17  18
                                     12Z  AVG MX 2MIN
DY MAX MIN AVG DEP HDD CDD  WTR  SNW DPTH SPD SPD DIR MIN PSBL S-S WX    SPD DR
================================================================================

 1  39  34  37 -10  28   0 0.11    M    M 10.9 20  60   M    M  10 1      23  60
 2  51  35  43  -4  22   0 0.00    M    M  5.5 15 270   M    M  10 1      20 270
 3  58  27  43  -5  22   0    T    M    M  5.5 15  70   M    M   4 12     18  30
 4  73  31  52   4  13   0 0.00    M    M  9.7 26 220   M    M   5        37 220
 5  63  42  53   4  12   0 0.04    M    M  6.0 16  20   M    M   5 1      23  20
 6  52  28  40  -9  25   0 0.00    M    M  7.3 17 360   M    M   3        21 360
 7  54  23  39 -10  26   0 0.00    M    M  6.6 15  50   M    M   0        20  50
 8  49  28  39 -11  26   0    M    M    M 12.3 26  50   M    M   7 12     34  40
 9  45  33  39 -11  26   0 0.32    M    M 12.7 28  30   M    M   9 1      35  30
10  56  30  43  -7  22   0 0.02    M    M  5.4 15 280   M    M   5 18     20 320
11  66  36  51   0  14   0 0.06    M    M  6.4 15 100   M    M   4        24 100
12  63  34  49  -2  16   0    T    M    M  5.4 16  10   M    M   1 1      19 360
13  68  31  50  -1  15   0 0.00    M    M  3.5  9 310   M    M   3 1      12 270
14  77  36  57   5   8   0 0.05    M    M  8.0 25  10   M    M   3 12     29  20
15  61  40  51  -1  14   0 0.00    M    M  7.9 15 350   M    M   2 1      20  30
16  73  44  59   7   6   0 0.03    M    M  7.7 21 350   M    M   5 18     26 350
17  55  38  47  -5  18   0 0.00    M    M 10.4 18  20   M    M   2        23  30
18  53  42  48  -5  17   0 0.83    M    M 13.1 23  60   M    M  10 1      29  40
19  50  37  44  -9  21   0    M    M    M 18.0 32  40   M    M  10 1      40  30
================================================================================
SM 1106  649       351   0  1.46    M    162.3          M       98
================================================================================
AV 58.2 34.2                               8.5 FASTST   M    M   5    MAX(MPH)
                                 MISC ---->  # 32  40               # 40   30
================================================================================
NOTES:
# LAST OF SEVERAL OCCURRENCES

COLUMN 17 PEAK WIND IN M.P.H.

PRELIMINARY LOCAL CLIMATOLOGICAL DATA (WS FORM: F-6) , PAGE 2

                                          STATION:  ASHLAND
                                          MONTH:    MAY
                                          YEAR:     2019
                                          LATITUDE:   46 32 N
                                          LONGITUDE:  90 55 W

[TEMPERATURE DATA]      [PRECIPITATION DATA]       SYMBOLS USED IN COLUMN 16

AVERAGE MONTHLY: 46.2   TOTAL FOR MONTH:   1.46    1 = FOG OR MIST
DPTR FM NORMAL:  -3.9   DPTR FM NORMAL:   -0.49    2 = FOG REDUCING VISIBILITY
HIGHEST:    77 ON 14    GRTST 24HR  0.83 ON 18-18      TO 1/4 MILE OR LESS
LOWEST:     23 ON  7                               3 = THUNDER
                        SNOW, ICE PELLETS, HAIL    4 = ICE PELLETS
                        TOTAL MONTH:    M          5 = HAIL
                        GRTST 24HR    M  ON   M    6 = FREEZING RAIN OR DRIZZLE
                        GRTST DEPTH:  M  ON   M    7 = DUSTSTORM OR SANDSTORM:
                                                       VSBY 1/2 MILE OR LESS
                                                   8 = SMOKE OR HAZE
[NO. OF DAYS WITH]      [WEATHER - DAYS WITH]      9 = BLOWING SNOW
                                                   X = TORNADO
MAX 32 OR BELOW:   0    0.01 INCH OR MORE:   8
MAX 90 OR ABOVE:   0    0.10 INCH OR MORE:   3
MIN 32 OR BELOW:   7    0.50 INCH OR MORE:   1
MIN  0 OR BELOW:   0    1.00 INCH OR MORE:   0

[HDD (BASE 65) ]
TOTAL THIS MO.   351    CLEAR  (SCALE 0-3)   6
DPTR FM NORMAL    65    PTCLDY (SCALE 4-7)   8
TOTAL FM JUL 1  8994    CLOUDY (SCALE 8-10)  5
DPTR FM NORMAL   351

[CDD (BASE 65) ]
TOTAL THIS MO.     0
DPTR FM NORMAL     0    [PRESSURE DATA]
TOTAL FM JAN 1     0    HIGHEST SLP M ON M
DPTR FM NORMAL     0    LOWEST  SLP 29.61 ON 16

[REMARKS]
