000
CXUS52 KFFC 261110
CF6ATL
PRELIMINARY LOCAL CLIMATOLOGICAL DATA (WS FORM: F-6)

                                          STATION:   ATLANTA
                                          MONTH:     MAY
                                          YEAR:      2019
                                          LATITUDE:   33 39 N
                                          LONGITUDE:  84 26 W

  TEMPERATURE IN F:       :PCPN:    SNOW:  WIND      :SUNSHINE: SKY     :PK WND
================================================================================
1   2   3   4   5  6A  6B    7    8   9   10  11  12  13   14  15   16   17  18
                                     12Z  AVG MX 2MIN
DY MAX MIN AVG DEP HDD CDD  WTR  SNW DPTH SPD SPD DIR MIN PSBL S-S WX    SPD DR
================================================================================

 1  84  66  75   9   0  10 0.00  0.0    0  6.7 14 150   M    M   8        20 170
 2  83  65  74   8   0   9 0.00  0.0    0  6.8 14 140   M    M   6        18 160
 3  84  66  75   8   0  10 0.00  0.0    0  4.3 13 180   M    M   5        17 240
 4  83  68  76   9   0  11 0.15  0.0    0  6.9 21 210   M    M   8 138    28 210
 5  79  63  71   4   0   6 0.05  0.0    0 11.5 18 320   M    M   7 18     27 250
 6  82  58  70   3   0   5 0.00  0.0    0  6.7 14 320   M    M   5        18 300
 7  84  63  74   6   0   9 0.00  0.0    0  5.1 13  90   M    M   5        17 140
 8  86  65  76   8   0  11 0.03  0.0    0  7.4 17 150   M    M   5        25 150
 9  80  66  73   5   0   8 0.58  0.0    0  8.4 26 310   M    M   8 1      33 290
10  84  65  75   7   0  10 0.86  0.0    0  5.1 22 280   M    M   8 13     25 280
11  82  68  75   6   0  10 0.09  0.0    0  8.8 18 210   M    M   8 13     26 220
12  75  66  71   2   0   6 0.52  0.0    0  7.9 15 230   M    M   8 1      20 220
13  74  59  67  -2   0   2 0.00  0.0    0 10.4 22 310   M    M   4        26 330
14  73  51  62  -8   3   0 0.00  0.0    0  8.3 17 330   M    M   1        22 330
15  77  52  65  -5   0   0 0.00  0.0    0  5.4 14 300   M    M   4 8      17 310
16  86  63  75   5   0  10 0.00  0.0    0  4.7 14 290   M    M   5        17 290
17  88  66  77   7   0  12 0.00  0.0    0  5.9 17 240   M    M   6 3      24 250
18  87  66  77   6   0  12 0.00  0.0    0  3.5 14 180   M    M   3        17 220
19  87  68  78   7   0  13 0.00  0.0    0  6.0 16 210   M    M   4        23 170
20  87  71  79   8   0  14 0.00  0.0    0  6.6 16 300   M    M   5        22 300
21  89  68  79   7   0  14 0.00  0.0    0  4.3 14 220   M    M   3 8      17 230
22  91  73  82  10   0  17 0.00  0.0    0  5.1 14 180   M    M   3        20 230
23  91  72  82  10   0  17 0.00  0.0    0  6.0 13 190   M    M   4 8      16 200
24  94  71  83  11   0  18 0.00  0.0    0  5.5 13 260   M    M   2 8      16 280
25  94  74  84  12   0  19 0.00  0.0    0  6.5 14 290   M    M   2        18 290
================================================================================
SM 2104 1633         3 253  2.28     0.0 163.8          M      127
================================================================================
AV 84.2 65.3                               6.6 FASTST   M    M   5    MAX(MPH)
                                 MISC ---->  # 26 310               # 33  290
================================================================================
NOTES:
# LAST OF SEVERAL OCCURRENCES

COLUMN 17 PEAK WIND IN M.P.H.

PRELIMINARY LOCAL CLIMATOLOGICAL DATA (WS FORM: F-6) , PAGE 2

                                          STATION:  ATLANTA
                                          MONTH:    MAY
                                          YEAR:     2019
                                          LATITUDE:   33 39 N
                                          LONGITUDE:  84 26 W

[TEMPERATURE DATA]      [PRECIPITATION DATA]       SYMBOLS USED IN COLUMN 16

AVERAGE MONTHLY: 74.7   TOTAL FOR MONTH:   2.28    1 = FOG OR MIST
DPTR FM NORMAL:   5.5   DPTR FM NORMAL:   -0.73    2 = FOG REDUCING VISIBILITY
HIGHEST:    94 ON 25,24 GRTST 24HR  0.86 ON 10-10      TO 1/4 MILE OR LESS
LOWEST:     51 ON 14                               3 = THUNDER
                        SNOW, ICE PELLETS, HAIL    4 = ICE PELLETS
                        TOTAL MONTH:   0.0 INCH    5 = HAIL
                        GRTST 24HR     0.0         6 = FREEZING RAIN OR DRIZZLE
                        GRTST DEPTH:   0           7 = DUSTSTORM OR SANDSTORM:
                                                       VSBY 1/2 MILE OR LESS
                                                   8 = SMOKE OR HAZE
[NO. OF DAYS WITH]      [WEATHER - DAYS WITH]      9 = BLOWING SNOW
                                                   X = TORNADO
MAX 32 OR BELOW:   0    0.01 INCH OR MORE:   7
MAX 90 OR ABOVE:   4    0.10 INCH OR MORE:   4
MIN 32 OR BELOW:   0    0.50 INCH OR MORE:   3
MIN  0 OR BELOW:   0    1.00 INCH OR MORE:   0

[HDD (BASE 65) ]
TOTAL THIS MO.     3    CLEAR  (SCALE 0-3)   6
DPTR FM NORMAL   -21    PTCLDY (SCALE 4-7)  16
TOTAL FM JUL 1  2298    CLOUDY (SCALE 8-10)  3
DPTR FM NORMAL  -466

[CDD (BASE 65) ]
TOTAL THIS MO.   253
DPTR FM NORMAL   121    [PRESSURE DATA]
TOTAL FM JAN 1   359    HIGHEST SLP M ON M
DPTR FM NORMAL   161    LOWEST  SLP 29.70 ON  5

[REMARKS]
