000
CXUS54 KEWX 260910
CF6ATT
PRELIMINARY LOCAL CLIMATOLOGICAL DATA (WS FORM: F-6)

                                          STATION:   AUSTIN CAMP MABRY
                                          MONTH:     MARCH
                                          YEAR:      2019
                                          LATITUDE:   30 17 N
                                          LONGITUDE:  97 42 W

  TEMPERATURE IN F:       :PCPN:    SNOW:  WIND      :SUNSHINE: SKY     :PK WND
================================================================================
1   2   3   4   5  6A  6B    7    8   9   10  11  12  13   14  15   16   17  18
                                     12Z  AVG MX 2MIN
DY MAX MIN AVG DEP HDD CDD  WTR  SNW DPTH SPD SPD DIR MIN PSBL S-S WX    SPD DR
================================================================================

 1  54  42  48 -10  17   0 0.00  0.0    0  2.6  9 140   M    M  10 18     12 140
 2  54  45  50  -8  15   0    T  0.0    0  4.6  9 340   M    M  10 18     15  30
 3  45  33  39 -19  26   0 0.00  0.0    0  9.0 16  10   M    M   8 1      27  10
 4  38  29  34 -25  31   0 0.00  0.0    0  9.1 17 360   M    M  10        28 350
 5  48  26  37 -22  28   0 0.00  0.0    0  4.6 16  10   M    M   0        23 360
 6  59  29  44 -15  21   0 0.00  0.0    0  5.1 16 150   M    M   3        25 170
 7  75  50  63   3   2   0 0.00  0.0    0  6.3 15 200   M    M   6 18     25 200
 8  84  64  74  14   0   9 0.00  0.0    0  7.5 15 160   M    M   9        25 160
 9  87  58  73  13   0   8 0.04  0.0    0  4.7 14 160   M    M   5 18     25 150
10  78  55  67   7   0   2 0.00  0.0    0  3.9 12  20   M    M   8 18     18  20
11  65  57  61   1   4   0    T  0.0    0  5.6 10  30   M    M  10 18     16  20
12  78  58  68   7   0   3 0.01  0.0    0  8.2 21 140   M    M   9 12     35 150
13  83  55  69   8   0   4 0.34  0.0    0  7.3 18 150   M    M   5 18     30 150
14  76  59  68   7   0   3 0.02  0.0    0  8.7 16 360   M    M   2 8      27 310
15  60  50  55  -7  10   0 0.00  0.0    0  8.5 18  20   M    M   3        28  50
16  63  47  55  -7  10   0 0.00  0.0    0  3.4 10  20   M    M   8        17  30
17  68  43  56  -6   9   0 0.00  0.0    0  2.3  9 120   M    M   0        12 120
18  71  46  59  -3   6   0 0.00  0.0    0  4.0 13 120   M    M   0        19 110
19  72  47  60  -2   5   0 0.00  0.0    0  3.0 13 150   M    M   6        21 130
20  78  54  66   3   0   1 0.00  0.0    0  2.4 10  20   M    M   6        16  30
21  80  50  65   2   0   0 0.00  0.0    0  2.2  8 110   M    M   2        12 140
22  81  50  66   3   0   1 0.00  0.0    0  4.9 15 150   M    M   3        23 150
23  75  62  69   5   0   4 0.00  0.0    0  6.3 14 150   M    M  10        25 170
24  83  66  75  11   0  10 0.00  0.0    0  5.4  9 160   M    M   8        17 190
25  82  64  73   9   0   8    T  0.0    0  5.1 13  20   M    M   6 18     20  10
================================================================================
SM 1737 1239       184  53  0.41     0.0 134.7          M      147
================================================================================
AV 69.5 49.6                               5.4 FASTST   M    M   6    MAX(MPH)
                                 MISC ---->  # 21 140               # 35  150
================================================================================
NOTES:
# LAST OF SEVERAL OCCURRENCES

COLUMN 17 PEAK WIND IN M.P.H.

PRELIMINARY LOCAL CLIMATOLOGICAL DATA (WS FORM: F-6) , PAGE 2

                                          STATION:  AUSTIN CAMP MABRY
                                          MONTH:    MARCH
                                          YEAR:     2019
                                          LATITUDE:   30 17 N
                                          LONGITUDE:  97 42 W

[TEMPERATURE DATA]      [PRECIPITATION DATA]       SYMBOLS USED IN COLUMN 16

AVERAGE MONTHLY: 59.5   TOTAL FOR MONTH:   0.41    1 = FOG OR MIST
DPTR FM NORMAL:  -1.5   DPTR FM NORMAL:   -1.84    2 = FOG REDUCING VISIBILITY
HIGHEST:    87 ON  9    GRTST 24HR  0.34 ON 13-13      TO 1/4 MILE OR LESS
LOWEST:     26 ON  5                               3 = THUNDER
                        SNOW, ICE PELLETS, HAIL    4 = ICE PELLETS
                        TOTAL MONTH:   0.0 INCH    5 = HAIL
                        GRTST 24HR     0.0         6 = FREEZING RAIN OR DRIZZLE
                        GRTST DEPTH:   0           7 = DUSTSTORM OR SANDSTORM:
                                                       VSBY 1/2 MILE OR LESS
                                                   8 = SMOKE OR HAZE
[NO. OF DAYS WITH]      [WEATHER - DAYS WITH]      9 = BLOWING SNOW
                                                   X = TORNADO
MAX 32 OR BELOW:   0    0.01 INCH OR MORE:   4
MAX 90 OR ABOVE:   0    0.10 INCH OR MORE:   1
MIN 32 OR BELOW:   3    0.50 INCH OR MORE:   0
MIN  0 OR BELOW:   0    1.00 INCH OR MORE:   0

[HDD (BASE 65) ]
TOTAL THIS MO.   184    CLEAR  (SCALE 0-3)   5
DPTR FM NORMAL    41    PTCLDY (SCALE 4-7)  11
TOTAL FM JUL 1  1554    CLOUDY (SCALE 8-10)  9
DPTR FM NORMAL    74

[CDD (BASE 65) ]
TOTAL THIS MO.    53
DPTR FM NORMAL    12    [PRESSURE DATA]
TOTAL FM JAN 1    90    HIGHEST SLP M ON M
DPTR FM NORMAL    22    LOWEST  SLP 29.54 ON 13

[REMARKS]
