000
CXUS55 KABR 201400
CF6ATY
PRELIMINARY LOCAL CLIMATOLOGICAL DATA (WS FORM: F-6)

                                          STATION:   WATERTOWN SD
                                          MONTH:     MAY
                                          YEAR:      2019
                                          LATITUDE:   44 55 N
                                          LONGITUDE:  97  9 W

  TEMPERATURE IN F:       :PCPN:    SNOW:  WIND      :SUNSHINE: SKY     :PK WND
================================================================================
1   2   3   4   5  6A  6B    7    8   9   10  11  12  13   14  15   16   17  18
                                     12Z  AVG MX 2MIN
DY MAX MIN AVG DEP HDD CDD  WTR  SNW DPTH SPD SPD DIR MIN PSBL S-S WX    SPD DR
================================================================================

 1  43  38  41 -10  24   0 0.10  0.0    0  5.2 15 100   M    M  10 1      22 100
 2  54  37  46  -5  19   0 0.00  0.0    0  8.0 16 320   M    M   7 1      21 310
 3  62  38  50  -2  15   0 0.04  0.0    0 11.3 24 220   M    M   5        31 220
 4  70  33  52   0  13   0 0.01  0.0    0  9.2 22  10   M    M   1        28 220
 5  56  38  47  -6  18   0    T  0.0    0  9.9 21  10   M    M   7        27  10
 6  52  30  41 -12  24   0 0.01  0.0    0  7.2 16  30   M    M   9        23  40
 7  55  27  41 -12  24   0 0.11  0.0    0  8.1 18  50   M    M   4        27  60
 8  45  36  41 -13  24   0 0.84  0.0    0 19.4 32  40   M    M  10 1      45  40
 9  54  36  45  -9  20   0 0.00  0.0    0 14.5 24 360   M    M   5        32 350
10  59  29  44 -10  21   0 0.00  0.0    0  7.0 17 240   M    M   0 1      24 220
11  61  41  51  -4  14   0 0.27  0.0    0 12.3 30 200   M    M   4 1      43 200
12  59  44  52  -3  13   0 0.00  0.0    0  7.9 15 160   M    M   9        19 170
13  68  42  55   0  10   0 0.00  0.0    0 10.4 20 200   M    M   1        24 190
14  77  48  63   7   2   0 0.00  0.0    0  6.9 16  50   M    M   2        23  60
15  78  53  66  10   0   1 0.00  0.0    0 12.3 25 170   M    M   1        33 180
16  68  49  59   3   6   0    T  0.0    0 11.9 23  10   M    M   1 8      31  10
17  66  46  56   0   9   0 0.89  0.0    0 17.5 33  70   M    M   6 13     48  60
18  51  41  46 -11  19   0 0.60  0.0    0 18.5 32  70   M    M   9 123    48  60
19  43  39  41 -16  24   0 0.06  0.0    0 14.1 24  30   M    M  10 1      32  20
================================================================================
SM 1121  745       299   1  2.93     0.0 211.6          M      101
================================================================================
AV 59.0 39.2                              11.1 FASTST   M    M   5    MAX(MPH)
                                 MISC ---->  # 33  70               # 48   60
================================================================================
NOTES:
# LAST OF SEVERAL OCCURRENCES

COLUMN 17 PEAK WIND IN M.P.H.

PRELIMINARY LOCAL CLIMATOLOGICAL DATA (WS FORM: F-6) , PAGE 2

                                          STATION:  WATERTOWN SD
                                          MONTH:    MAY
                                          YEAR:     2019
                                          LATITUDE:   44 55 N
                                          LONGITUDE:  97  9 W

[TEMPERATURE DATA]      [PRECIPITATION DATA]       SYMBOLS USED IN COLUMN 16

AVERAGE MONTHLY: 49.1   TOTAL FOR MONTH:   2.93    1 = FOG OR MIST
DPTR FM NORMAL:  -5.1   DPTR FM NORMAL:    1.39    2 = FOG REDUCING VISIBILITY
HIGHEST:    78 ON 15    GRTST 24HR  0.89 ON 17-17      TO 1/4 MILE OR LESS
LOWEST:     27 ON  7                               3 = THUNDER
                        SNOW, ICE PELLETS, HAIL    4 = ICE PELLETS
                        TOTAL MONTH:   0.0 INCH    5 = HAIL
                        GRTST 24HR     0.0         6 = FREEZING RAIN OR DRIZZLE
                        GRTST DEPTH:   0           7 = DUSTSTORM OR SANDSTORM:
                                                       VSBY 1/2 MILE OR LESS
                                                   8 = SMOKE OR HAZE
[NO. OF DAYS WITH]      [WEATHER - DAYS WITH]      9 = BLOWING SNOW
                                                   X = TORNADO
MAX 32 OR BELOW:   0    0.01 INCH OR MORE:  10
MAX 90 OR ABOVE:   0    0.10 INCH OR MORE:   6
MIN 32 OR BELOW:   3    0.50 INCH OR MORE:   3
MIN  0 OR BELOW:   0    1.00 INCH OR MORE:   0

[HDD (BASE 65) ]
TOTAL THIS MO.   299    CLEAR  (SCALE 0-3)   6
DPTR FM NORMAL    86    PTCLDY (SCALE 4-7)   7
TOTAL FM JUL 1  9236    CLOUDY (SCALE 8-10)  6
DPTR FM NORMAL   872

[CDD (BASE 65) ]
TOTAL THIS MO.     1
DPTR FM NORMAL    -7    [PRESSURE DATA]
TOTAL FM JAN 1     1    HIGHEST SLP M ON M
DPTR FM NORMAL    -9    LOWEST  SLP 29.59 ON M

[REMARKS]
