000
CXUS55 KABR 201400
CF6ATY
PRELIMINARY LOCAL CLIMATOLOGICAL DATA (WS FORM: F-6)

                                          STATION:   WATERTOWN SD
                                          MONTH:     MARCH
                                          YEAR:      2019
                                          LATITUDE:   44 55 N
                                          LONGITUDE:  97  9 W

  TEMPERATURE IN F:       :PCPN:    SNOW:  WIND      :SUNSHINE: SKY     :PK WND
================================================================================
1   2   3   4   5  6A  6B    7    8   9   10  11  12  13   14  15   16   17  18
                                     12Z  AVG MX 2MIN
DY MAX MIN AVG DEP HDD CDD  WTR  SNW DPTH SPD SPD DIR MIN PSBL S-S WX    SPD DR
================================================================================

 1  17  -7   5 -18  60   0 0.19  4.6   24  5.8 15 350   M    M   7 12     19 330
 2   6 -19  -6 -29  71   0    T    T   26  9.3 21 330   M    M   4 18     27 330
 3  -5 -18 -11 -35  76   0 0.00  0.0   26 16.1 24 290   M    M   5 8      34 280
 4   8  -7   1 -23  64   0    T  0.1   26 18.4 26 270   M    M   9 18     36 270
 5  11  -1   5 -20  60   0    T    T   24 13.3 20 270   M    M   3 18     25 300
 6  14  -1   7 -18  58   0 0.00  0.0   24  9.8 18 270   M    M   0 1      22 270
 7  17   1   9 -16  56   0 0.00  0.0   23  7.4 15 150   M    M   5 1      19 170
 8  27  15  21  -5  44   0    T    T   23  9.2 14 150   M    M  10 1      19 140
 9  30  18  24  -2  41   0 0.56  2.5   24 13.9 32 330   M    M  10 12     42 320
10  22   3  13 -14  52   0 0.00  0.0   26 12.0 20 310   M    M   1 1      27 310
11  29  -2  14 -13  51   0 0.00  0.0   25  6.9 16 190   M    M   3 128    21 160
12  38  20  29   1  36   0 0.00  0.0   25 13.3 21 190   M    M   7 12     32 180
13  33  29  31   3  34   0 1.49    T   22 14.8 32  50   M    M  10 12     46  40
14  33  24  29   1  36   0 0.42    T   20 29.2 45 340   M    M   9 16     62 340
15  31  19  25  -4  40   0 0.00  0.0   20 12.9 28 320   M    M   1 1      36 330
16  31  17  24  -5  41   0    T    T   20  5.3 17 270   M    M   7 128    23 290
17  33  19  26  -4  39   0 0.00  0.0   20  7.4 15 280   M    M   4 12     19 280
18  34  13  24  -6  41   0 0.00  0.0   20  6.5 14 230   M    M   0 1      17 220
19  38  21  30  -1  35   0 0.00  0.0   20  7.3 17 240   M    M   3 12     22 250
================================================================================
SM  447  144       935   0  2.66     7.2 218.8          M       98
================================================================================
AV 23.5  7.6                              11.5 FASTST   M    M   5    MAX(MPH)
                                 MISC ---->  # 45 340               # 62  340
================================================================================
NOTES:
# LAST OF SEVERAL OCCURRENCES

COLUMN 17 PEAK WIND IN M.P.H.

PRELIMINARY LOCAL CLIMATOLOGICAL DATA (WS FORM: F-6) , PAGE 2

                                          STATION:  WATERTOWN SD
                                          MONTH:    MARCH
                                          YEAR:     2019
                                          LATITUDE:   44 55 N
                                          LONGITUDE:  97  9 W

[TEMPERATURE DATA]      [PRECIPITATION DATA]       SYMBOLS USED IN COLUMN 16

AVERAGE MONTHLY: 15.6   TOTAL FOR MONTH:   2.66    1 = FOG OR MIST
DPTR FM NORMAL: -11.2   DPTR FM NORMAL:    2.05    2 = FOG REDUCING VISIBILITY
HIGHEST:    38 ON 19,12 GRTST 24HR  1.49 ON 13-13      TO 1/4 MILE OR LESS
LOWEST:    -19 ON  2                               3 = THUNDER
                        SNOW, ICE PELLETS, HAIL    4 = ICE PELLETS
                        TOTAL MONTH:   7.2 INCHES  5 = HAIL
                        GRTST 24HR   4.6 ON  1- 1  6 = FREEZING RAIN OR DRIZZLE
                        GRTST DEPTH:  26 ON 10, 4  7 = DUSTSTORM OR SANDSTORM:
                                                       VSBY 1/2 MILE OR LESS
                                                   8 = SMOKE OR HAZE
[NO. OF DAYS WITH]      [WEATHER - DAYS WITH]      9 = BLOWING SNOW
                                                   X = TORNADO
MAX 32 OR BELOW:  13    0.01 INCH OR MORE:   4
MAX 90 OR ABOVE:   0    0.10 INCH OR MORE:   4
MIN 32 OR BELOW:  19    0.50 INCH OR MORE:   2
MIN  0 OR BELOW:   7    1.00 INCH OR MORE:   1

[HDD (BASE 65) ]
TOTAL THIS MO.   935    CLEAR  (SCALE 0-3)   4
DPTR FM NORMAL   208    PTCLDY (SCALE 4-7)  10
TOTAL FM JUL 1  7893    CLOUDY (SCALE 8-10)  5
DPTR FM NORMAL   755

[CDD (BASE 65) ]
TOTAL THIS MO.     0
DPTR FM NORMAL     0    [PRESSURE DATA]
TOTAL FM JAN 1     0    HIGHEST SLP M ON M
DPTR FM NORMAL     0    LOWEST  SLP 29.40 ON 13

[REMARKS]
