000
CXUS51 KGYX 230900
CF6AUG
PRELIMINARY LOCAL CLIMATOLOGICAL DATA (WS FORM: F-6)

                                          STATION:   AUGUSTA
                                          MONTH:     MARCH
                                          YEAR:      2019
                                          LATITUDE:   44 18 N
                                          LONGITUDE:  69 48 W

  TEMPERATURE IN F:       :PCPN:    SNOW:  WIND      :SUNSHINE: SKY     :PK WND
================================================================================
1   2   3   4   5  6A  6B    7    8   9   10  11  12  13   14  15   16   17  18
                                     12Z  AVG MX 2MIN
DY MAX MIN AVG DEP HDD CDD  WTR  SNW DPTH SPD SPD DIR MIN PSBL S-S WX    SPD DR
================================================================================

 1  33   5  19  -8  46   0 0.00  0.0    M  4.1 13 250   M    M   0        20 260
 2  31  13  22  -5  43   0 0.07    M    M  6.7 15  50   M    M   6 1      21  50
 3  37  19  28   0  37   0 0.03    M    M  4.4 10 180   M    M   8 1      14 180
 4  35  19  27  -1  38   0 0.30    M    M 10.4 21 290   M    M   8 128    29 300
 5  26  12  19  -9  46   0    T    M    M  6.4 14 290   M    M   2 8      20 270
 6  19   7  13 -16  52   0 0.00  0.0    M  7.8 22 310   M    M   4 1      31 300
 7  20   6  13 -16  52   0 0.00  0.0    M  6.9 18 310   M    M   2        24 300
 8  33   4  19 -10  46   0 0.00  0.0    M  5.9 13 230   M    M   0        20 230
 9  38  16  27  -3  38   0 0.00  0.0    M  7.0 20 340   M    M   0        24 340
10  34  12  23  -7  42   0 0.25    M    M  6.7 22 130   M    M   6 12     33 140
11  45  29  37   7  28   0    T    M    M  8.4 17 260   M    M   9 12     26 240
12  36  23  30   0  35   0 0.00  0.0    M 10.4 21 320   M    M   2        31 330
13  41  19  30  -1  35   0 0.13    M    M  3.5 12 210   M    M   2 1      18 220
14  45  29  37   6  28   0 0.02    M    M  5.0 14 150   M    M   8 12     19 190
15  50  36  43  12  22   0 0.08  0.0    M  6.5 15 170   M    M   9 12     21 170
16  47  28  38   6  27   0 0.00  0.0    M 11.1 28 290   M    M   5 12     38 270
17  32  21  27  -5  38   0 0.00  0.0    0  8.2 23 270   M    M   3        37 280
18  35  19  27  -5  38   0 0.00  0.0    M  7.1 17 320   M    M   0        24 310
19  37  18  28  -5  37   0 0.00  0.0    M  6.9 18 280   M    M   0        27 290
20  32  17  25  -8  40   0 0.00  0.0    0  2.9  6 190   M    M   0         M  M
21  44  36  40   6  25   0 0.00  0.0    0  9.2 13 180   M    M   3        24 180
22  37  32  35   1  30   0 0.65    M    0 13.0 28  30   M    M   9 16     35  30
================================================================================
SM  787  420       823   0  1.53     0.0 158.5          M       86
================================================================================
AV 35.8 19.1                               7.2 FASTST   M    M   4    MAX(MPH)
                                 MISC ---->  # 28 290               # 38  270
================================================================================
NOTES:
# LAST OF SEVERAL OCCURRENCES

COLUMN 17 PEAK WIND IN M.P.H.

PRELIMINARY LOCAL CLIMATOLOGICAL DATA (WS FORM: F-6) , PAGE 2

                                          STATION:  AUGUSTA
                                          MONTH:    MARCH
                                          YEAR:     2019
                                          LATITUDE:   44 18 N
                                          LONGITUDE:  69 48 W

[TEMPERATURE DATA]      [PRECIPITATION DATA]       SYMBOLS USED IN COLUMN 16

AVERAGE MONTHLY: 27.4   TOTAL FOR MONTH:   1.53    1 = FOG OR MIST
DPTR FM NORMAL:  -2.9   DPTR FM NORMAL:   -0.77    2 = FOG REDUCING VISIBILITY
HIGHEST:    50 ON 15    GRTST 24HR  0.65 ON 22-22      TO 1/4 MILE OR LESS
LOWEST:      4 ON  8                               3 = THUNDER
                        SNOW, ICE PELLETS, HAIL    4 = ICE PELLETS
                        TOTAL MONTH:   0.0 INCH    5 = HAIL
                        GRTST 24HR     0.0         6 = FREEZING RAIN OR DRIZZLE
                        GRTST DEPTH:   0           7 = DUSTSTORM OR SANDSTORM:
                                                       VSBY 1/2 MILE OR LESS
                                                   8 = SMOKE OR HAZE
[NO. OF DAYS WITH]      [WEATHER - DAYS WITH]      9 = BLOWING SNOW
                                                   X = TORNADO
MAX 32 OR BELOW:   6    0.01 INCH OR MORE:   8
MAX 90 OR ABOVE:   0    0.10 INCH OR MORE:   4
MIN 32 OR BELOW:  20    0.50 INCH OR MORE:   1
MIN  0 OR BELOW:   0    1.00 INCH OR MORE:   0

[HDD (BASE 65) ]
TOTAL THIS MO.   823    CLEAR  (SCALE 0-3)  12
DPTR FM NORMAL    59    PTCLDY (SCALE 4-7)   5
TOTAL FM JUL 1  6347    CLOUDY (SCALE 8-10)  5
DPTR FM NORMAL   240

[CDD (BASE 65) ]
TOTAL THIS MO.     0
DPTR FM NORMAL     0    [PRESSURE DATA]
TOTAL FM JAN 1     0    HIGHEST SLP M ON M
DPTR FM NORMAL     0    LOWEST  SLP 28.95 ON 22

[REMARKS]
