000
CXUS53 KARX 191136
CF6AUM
PRELIMINARY LOCAL CLIMATOLOGICAL DATA (WS FORM: F-6)

                                          STATION:   AUSTIN MUNI MN
                                          MONTH:     MAY
                                          YEAR:      2019
                                          LATITUDE:   43 40 N
                                          LONGITUDE:  92 56 W

  TEMPERATURE IN F:       :PCPN:    SNOW:  WIND      :SUNSHINE: SKY     :PK WND
================================================================================
1   2   3   4   5  6A  6B    7    8   9   10  11  12  13   14  15   16   17  18
                                     12Z  AVG MX 2MIN
DY MAX MIN AVG DEP HDD CDD  WTR  SNW DPTH SPD SPD DIR MIN PSBL S-S WX    SPD DR
================================================================================

 1  48  41  45   M  20   0    M    M    0  4.7 13  60   M    M  10         M  M
 2  55  41  48   M  17   0 0.00  0.0    0  2.8 10 300   M    M   8 8       M  M
 3  61  36  49   M  16   0 0.00  0.0    0  4.5 10 180   M    M   2         M  M
 4  70  45  58   M   7   0 0.01  0.0    0  5.8 13 190   M    M   3        17 200
 5  72  46  59   M   6   0 0.00  0.0    0  5.0 10 360   M    M   3        16  10
 6  63  46  55   M  10   0 0.00  0.0    0  8.5 17  30   M    M   6        24  30
 7  66  48  57   M   8   0 0.00  0.0    0  7.9 15 110   M    M   5        16 100
 8  54  45  50   M  15   0    M  0.0    0 15.7 25 100   M    M  10 8      36 100
 9  52  37  45   M  20   0 0.00  0.0    0 12.2 18 340   M    M  10 8      32 340
10  61  39  50   M  15   0 0.00  0.0    0  3.8 12 300   M    M   1        18 290
11  59  43  51   M  14   0 0.00  0.0    0  8.0 17 190   M    M   5        21 190
12  61  41  51   M  14   0 0.00  0.0    0  5.0 13 130   M    M   2        17  80
13  68  39  54   M  11   0 0.00  0.0    0  2.2  6 190   M    M   3         M  M
14  66  46  56   M   9   0 0.00  0.0    0  5.2 13 180   M    M   6        17 180
15  79  48  64   M   1   0    M  0.0    0  3.6 10 190   M    M   3 8      16 190
16  84  63  74   M   0   9    M  0.0    0  7.3 14 190   M    M   0 3      17 360
17  63  52  58   M   7   0    M  0.0    0 12.7 18 110   M    M   6 3      27 110
18  73  52  63   M   2   0    M  0.0    0 13.0 18  80   M    M   8 3      24  70
================================================================================
SM 1155  808       192   9  0.01     0.0 127.9          M       91
================================================================================
AV 64.2 44.9                               7.1 FASTST   M    M   5    MAX(MPH)
                                 MISC ---->  # 25 100               # 36  100
================================================================================
NOTES:
# LAST OF SEVERAL OCCURRENCES

COLUMN 17 PEAK WIND IN M.P.H.

PRELIMINARY LOCAL CLIMATOLOGICAL DATA (WS FORM: F-6) , PAGE 2

                                          STATION:  AUSTIN MUNI MN
                                          MONTH:    MAY
                                          YEAR:     2019
                                          LATITUDE:   43 40 N
                                          LONGITUDE:  92 56 W

[TEMPERATURE DATA]      [PRECIPITATION DATA]       SYMBOLS USED IN COLUMN 16

AVERAGE MONTHLY: 54.5   TOTAL FOR MONTH:   0.01    1 = FOG OR MIST
DPTR FM NORMAL:     M   DPTR FM NORMAL:       M    2 = FOG REDUCING VISIBILITY
HIGHEST:    84 ON 16    GRTST 24HR  0.01 ON  4- 4      TO 1/4 MILE OR LESS
LOWEST:     36 ON  3                               3 = THUNDER
                        SNOW, ICE PELLETS, HAIL    4 = ICE PELLETS
                        TOTAL MONTH:   0.0 INCH    5 = HAIL
                        GRTST 24HR     0.0         6 = FREEZING RAIN OR DRIZZLE
                        GRTST DEPTH:   0           7 = DUSTSTORM OR SANDSTORM:
                                                       VSBY 1/2 MILE OR LESS
                                                   8 = SMOKE OR HAZE
[NO. OF DAYS WITH]      [WEATHER - DAYS WITH]      9 = BLOWING SNOW
                                                   X = TORNADO
MAX 32 OR BELOW:   0    0.01 INCH OR MORE:   1
MAX 90 OR ABOVE:   0    0.10 INCH OR MORE:   0
MIN 32 OR BELOW:   0    0.50 INCH OR MORE:   0
MIN  0 OR BELOW:   0    1.00 INCH OR MORE:   0

[HDD (BASE 65) ]
TOTAL THIS MO.   192    CLEAR  (SCALE 0-3)   8
DPTR FM NORMAL     M    PTCLDY (SCALE 4-7)   7
TOTAL FM JUL 1  7811    CLOUDY (SCALE 8-10)  3
DPTR FM NORMAL     M

[CDD (BASE 65) ]
TOTAL THIS MO.     9
DPTR FM NORMAL     M    [PRESSURE DATA]
TOTAL FM JAN 1    15    HIGHEST SLP M ON M
DPTR FM NORMAL     M    LOWEST  SLP M ON M

[REMARKS]
