000
CXUS53 KARX 180930
CF6AUM
PRELIMINARY LOCAL CLIMATOLOGICAL DATA (WS FORM: F-6)

                                          STATION:   AUSTIN MUNI MN
                                          MONTH:     MARCH
                                          YEAR:      2019
                                          LATITUDE:   43 40 N
                                          LONGITUDE:  92 56 W

  TEMPERATURE IN F:       :PCPN:    SNOW:  WIND      :SUNSHINE: SKY     :PK WND
================================================================================
1   2   3   4   5  6A  6B    7    8   9   10  11  12  13   14  15   16   17  18
                                     12Z  AVG MX 2MIN
DY MAX MIN AVG DEP HDD CDD  WTR  SNW DPTH SPD SPD DIR MIN PSBL S-S WX    SPD DR
================================================================================

 1  21  12  17   M  48   0    M    M    M  4.0  8 310   M    M   7         M  M
 2  18   1  10   M  55   0    M    M    M  8.5 13 300   M    M   5        16 310
 3   M   M   M   M   M   M    M    M    M   M   M   M   M    M   M         M  M
 4   7  -9  -1   M  66   0    M    M    M 12.8 18 250   M    M   2        23 240
 5  16   3  10   M  55   0    M    M    M 13.4 23 290   M    M   2        28 290
 6  19  -6   7   M  58   0 0.00  0.0    M  7.0 13 270   M    M   2        20 270
 7  23   0  12   M  53   0 0.00  0.0    M  4.3  9 110   M    M   2         M  M
 8  34  19  27   M  38   0 0.00  0.0    M  6.1  9 150   M    M  10 8       M  M
 9  37  30  34   M  31   0    M    M    M 14.9 28 100   M    M   9 8      33 100
10  36  21  29   M  36   0    M    M    M 14.9 22 290   M    M   4 8      30 290
11  30  18  24   M  41   0 0.00  0.0    M  3.8  8 290   M    M   0         M  M
12  41  19  30   M  35   0    M  0.0    M  8.0 13 180   M    M   7        23 160
13  45  37  41   M  24   0 0.03  0.0    M 11.5 23 120   M    M  10 8      21 140
14  45  34  40   M  25   0    M    M    M 11.7 23 300   M    M  10 8      33 310
15  36  28  32   M  33   0 0.00  0.0    M 19.1 25 310   M    M   7        35 310
16  34  23  29   M  36   0 0.00  0.0    0  5.1 12 310   M    M   1        20 310
17  37  25  31   M  34   0 0.00  0.0    0  5.9 12 300   M    M   5 8       M  M
================================================================================
SM  479  255       668   0  0.03     0.0 151.0          M       83
================================================================================
AV 29.9 15.9                               9.4 FASTST   M    M   5    MAX(MPH)
                                 MISC ---->  # 28 100               # 35  310
================================================================================
NOTES:
# LAST OF SEVERAL OCCURRENCES

COLUMN 17 PEAK WIND IN M.P.H.

PRELIMINARY LOCAL CLIMATOLOGICAL DATA (WS FORM: F-6) , PAGE 2

                                          STATION:  AUSTIN MUNI MN
                                          MONTH:    MARCH
                                          YEAR:     2019
                                          LATITUDE:   43 40 N
                                          LONGITUDE:  92 56 W

[TEMPERATURE DATA]      [PRECIPITATION DATA]       SYMBOLS USED IN COLUMN 16

AVERAGE MONTHLY: 22.9   TOTAL FOR MONTH:   0.03    1 = FOG OR MIST
DPTR FM NORMAL:     M   DPTR FM NORMAL:       M    2 = FOG REDUCING VISIBILITY
HIGHEST:    45 ON 14,13 GRTST 24HR  0.03 ON 13-13      TO 1/4 MILE OR LESS
LOWEST:     -9 ON  4                               3 = THUNDER
                        SNOW, ICE PELLETS, HAIL    4 = ICE PELLETS
                        TOTAL MONTH:   0.0 INCH    5 = HAIL
                        GRTST 24HR     0.0         6 = FREEZING RAIN OR DRIZZLE
                        GRTST DEPTH:   0           7 = DUSTSTORM OR SANDSTORM:
                                                       VSBY 1/2 MILE OR LESS
                                                   8 = SMOKE OR HAZE
[NO. OF DAYS WITH]      [WEATHER - DAYS WITH]      9 = BLOWING SNOW
                                                   X = TORNADO
MAX 32 OR BELOW:   7    0.01 INCH OR MORE:   1
MAX 90 OR ABOVE:   0    0.10 INCH OR MORE:   0
MIN 32 OR BELOW:  14    0.50 INCH OR MORE:   0
MIN  0 OR BELOW:   3    1.00 INCH OR MORE:   0

[HDD (BASE 65) ]
TOTAL THIS MO.   668    CLEAR  (SCALE 0-3)   6
DPTR FM NORMAL     M    PTCLDY (SCALE 4-7)   6
TOTAL FM JUL 1  6770    CLOUDY (SCALE 8-10)  4
DPTR FM NORMAL     M

[CDD (BASE 65) ]
TOTAL THIS MO.     0
DPTR FM NORMAL     M    [PRESSURE DATA]
TOTAL FM JAN 1     0    HIGHEST SLP M ON M
DPTR FM NORMAL     M    LOWEST  SLP M ON M

[REMARKS]
