000
CXUS54 KEWX 260910
CF6AUS
PRELIMINARY LOCAL CLIMATOLOGICAL DATA (WS FORM: F-6)

                                          STATION:   AUSTIN BERGSTROM
                                          MONTH:     MAY
                                          YEAR:      2018
                                          LATITUDE:   30 13 N
                                          LONGITUDE:  97 40 W

  TEMPERATURE IN F:       :PCPN:    SNOW:  WIND      :SUNSHINE: SKY     :PK WND
================================================================================
1   2   3   4   5  6A  6B    7    8   9   10  11  12  13   14  15   16   17  18
                                     12Z  AVG MX 2MIN
DY MAX MIN AVG DEP HDD CDD  WTR  SNW DPTH SPD SPD DIR MIN PSBL S-S WX    SPD DR
================================================================================

 1  81  70  76   5   0  11    T  0.0    0 13.7 22 150   M    M  10        31 180
 2  87  73  80   8   0  15    T  0.0    0 14.9 30 150   M    M   8 1      38 140
 3  86  74  80   8   0  15 0.01  0.0    0 12.9 21 150   M    M  10        26 170
 4  74  63  69  -3   0   4 2.49  0.0    0  9.5 37 350   M    M  10 13     45 330
 5  84  58  71  -1   0   6 0.09  0.0    0  6.9 18  30   M    M   4 1      23  30
 6  88  55  72  -1   0   7 0.00  0.0    0  2.5 12  60   M    M   1        17 360
 7  91  53  72  -1   0   7 0.00  0.0    0  4.4 12 150   M    M   3        18 120
 8  89  61  75   2   0  10 0.00  0.0    0  9.9 17 170   M    M   4        23 170
 9  88  59  74   1   0   9 0.00  0.0    0  9.5 18 140   M    M   3 1      24 130
10  89  59  74   0   0   9 0.00  0.0    0 11.3 21 170   M    M   4 12     27 180
11  91  70  81   7   0  16 0.00  0.0    0 14.0 24 190   M    M   5        30 190
12  93  71  82   8   0  17 0.00  0.0    0 12.3 20 140   M    M   5 1      24 140
13  92  73  83   9   0  18 0.00  0.0    0  9.9 17 160   M    M   7        22 160
14  90  72  81   6   0  16 0.00  0.0    0  9.3 16 140   M    M   8        22 150
15  91  72  82   7   0  17 0.01  0.0    0  7.7 20 200   M    M   7 3      23 200
16  97  65  81   6   0  16 0.00  0.0    0  4.3 12 150   M    M   3 1      16 140
17  97  65  81   5   0  16 0.00  0.0    0  5.8 14 150   M    M   2        20 110
18  96  71  84   8   0  19 0.00  0.0    0 11.6 23 150   M    M   5        31 140
19  94  73  84   8   0  19 0.00  0.0    0 14.4 25 160   M    M   7        33 170
20  87  70  79   3   0  14 0.48  0.0    0  9.9 22 110   M    M   9 13     28 110
21  86  68  77   0   0  12    T  0.0    0  6.0 18 150   M    M   8 1      24 140
22  90  67  79   2   0  14 0.00  0.0    0  5.2 17 130   M    M   6 1      21 130
23  90  65  78   1   0  13 0.15  0.0    0  5.7 21 100   M    M   5 12     26 120
24  93  69  81   4   0  16 0.00  0.0    0  4.1 12 110   M    M   6 12     26 100
25  95  72  84   6   0  19 0.00  0.0    0  5.7 13 110   M    M   4        22  90
================================================================================
SM 2239 1668         0 335  3.23     0.0 221.4          M      144
================================================================================
AV 89.6 66.7                               8.9 FASTST   M    M   6    MAX(MPH)
                                 MISC ---->  # 37 350               # 45  330
================================================================================
NOTES:
# LAST OF SEVERAL OCCURRENCES

COLUMN 17 PEAK WIND IN M.P.H.

PRELIMINARY LOCAL CLIMATOLOGICAL DATA (WS FORM: F-6) , PAGE 2

                                          STATION:  AUSTIN BERGSTROM
                                          MONTH:    MAY
                                          YEAR:     2018
                                          LATITUDE:   30 13 N
                                          LONGITUDE:  97 40 W

[TEMPERATURE DATA]      [PRECIPITATION DATA]       SYMBOLS USED IN COLUMN 16

AVERAGE MONTHLY: 78.1   TOTAL FOR MONTH:   3.23    1 = FOG OR MIST
DPTR FM NORMAL:   3.7   DPTR FM NORMAL:    0.00    2 = FOG REDUCING VISIBILITY
HIGHEST:    97 ON 17,16 GRTST 24HR  2.49 ON  4- 4      TO 1/4 MILE OR LESS
LOWEST:     53 ON  7                               3 = THUNDER
                        SNOW, ICE PELLETS, HAIL    4 = ICE PELLETS
                        TOTAL MONTH:   0.0 INCH    5 = HAIL
                        GRTST 24HR     0.0         6 = FREEZING RAIN OR DRIZZLE
                        GRTST DEPTH:   0           7 = DUSTSTORM OR SANDSTORM:
                                                       VSBY 1/2 MILE OR LESS
                                                   8 = SMOKE OR HAZE
[NO. OF DAYS WITH]      [WEATHER - DAYS WITH]      9 = BLOWING SNOW
                                                   X = TORNADO
MAX 32 OR BELOW:   0    0.01 INCH OR MORE:   6
MAX 90 OR ABOVE:  14    0.10 INCH OR MORE:   3
MIN 32 OR BELOW:   0    0.50 INCH OR MORE:   1
MIN  0 OR BELOW:   0    1.00 INCH OR MORE:   1

[HDD (BASE 65) ]
TOTAL THIS MO.     0    CLEAR  (SCALE 0-3)   4
DPTR FM NORMAL     0    PTCLDY (SCALE 4-7)  16
TOTAL FM JUL 1  1705    CLOUDY (SCALE 8-10)  5
DPTR FM NORMAL  -195

[CDD (BASE 65) ]
TOTAL THIS MO.   335
DPTR FM NORMAL    94    [PRESSURE DATA]
TOTAL FM JAN 1   561    HIGHEST SLP M ON M
DPTR FM NORMAL   132    LOWEST  SLP 29.65 ON 18

[REMARKS]
