000
CXUS52 KGSP 220817
CF6AVL
PRELIMINARY LOCAL CLIMATOLOGICAL DATA (WS FORM: F-6)

                                          STATION:   ASHEVILLE NC
                                          MONTH:     MAY
                                          YEAR:      2019
                                          LATITUDE:   35 25 N
                                          LONGITUDE:  82 33 W

  TEMPERATURE IN F:       :PCPN:    SNOW:  WIND      :SUNSHINE: SKY     :PK WND
================================================================================
1   2   3   4   5  6A  6B    7    8   9   10  11  12  13   14  15   16   17  18
                                     12Z  AVG MX 2MIN
DY MAX MIN AVG DEP HDD CDD  WTR  SNW DPTH SPD SPD DIR MIN PSBL S-S WX    SPD DR
================================================================================

 1  80  59  70  11   0   5 0.00  0.0    0  7.0 16 180   M    M   0        22 200
 2  82  58  70  10   0   5 0.00  0.0    0  4.9 17 180   M    M   2        24 170
 3  79  54  67   7   0   2 0.01  0.0    0  4.5 16 170   M    M   3        23 150
 4  78  59  69   9   0   4 0.34  0.0    0  2.3 17 310   M    M   6 13     23 320
 5  73  59  66   6   0   1 0.72  0.0    0  9.1 22 340   M    M   6 1      29 350
 6  76  55  66   5   0   1 0.00  0.0    0  5.3 14 340   M    M   5        18 330
 7  75  53  64   3   1   0 0.31  0.0    0  3.8 12 170   M    M   3        17 150
 8  80  58  69   8   0   4 0.00  0.0    0  5.4 15 200   M    M   4 12     19 190
 9  76  62  69   8   0   4    T  0.0    0  8.2 15 180   M    M   5        22 160
10  78  62  70   8   0   5 0.54  0.0    0  5.6 17 170   M    M   9 1      22 160
11  70  61  66   4   0   1 1.26  0.0    0  2.9 12 180   M    M   9 13     16 200
12  74  61  68   6   0   3 0.03  0.0    0  8.0 18 360   M    M   6 1      23 350
13  68  52  60  -2   5   0    T  0.0    0 12.4 25 340   M    M   3        32 340
14  65  48  57  -6   8   0 0.00  0.0    0 12.7 26 340   M    M   2        34 340
15  67  44  56  -7   9   0 0.00  0.0    0  5.7 14 190   M    M   5        18 200
16  79  46  63   0   2   0 0.00  0.0    0  1.9  9 330   M    M   2 12     13 320
17  85  55  70   7   0   5 0.14  0.0    0  4.9 17 330   M    M   1 1      22 340
18  85  56  71   7   0   6 0.00  0.0    0  3.4 15 170   M    M   1        20 170
19  84  60  72   8   0   7 0.00  0.0    0  6.4 18 180   M    M   2 1      26 180
20  84  60  72   8   0   7 0.00  0.0    0  5.0 18 340   M    M   2 1      23 340
21  84  54  69   5   0   4 0.00  0.0    0  3.8 12 170   M    M   0        17 150
================================================================================
SM 1622 1176        25  64  3.35     0.0 123.2          M       76
================================================================================
AV 77.2 56.0                               5.9 FASTST   M    M   4    MAX(MPH)
                                 MISC ---->  # 26 340               # 34  340
================================================================================
NOTES:
# LAST OF SEVERAL OCCURRENCES

COLUMN 17 PEAK WIND IN M.P.H.

PRELIMINARY LOCAL CLIMATOLOGICAL DATA (WS FORM: F-6) , PAGE 2

                                          STATION:  ASHEVILLE NC
                                          MONTH:    MAY
                                          YEAR:     2019
                                          LATITUDE:   35 25 N
                                          LONGITUDE:  82 33 W

[TEMPERATURE DATA]      [PRECIPITATION DATA]       SYMBOLS USED IN COLUMN 16

AVERAGE MONTHLY: 66.6   TOTAL FOR MONTH:   3.35    1 = FOG OR MIST
DPTR FM NORMAL:   4.8   DPTR FM NORMAL:    0.92    2 = FOG REDUCING VISIBILITY
HIGHEST:    85 ON 18,17 GRTST 24HR  1.26 ON 11-11      TO 1/4 MILE OR LESS
LOWEST:     44 ON 15                               3 = THUNDER
                        SNOW, ICE PELLETS, HAIL    4 = ICE PELLETS
                        TOTAL MONTH:   0.0 INCH    5 = HAIL
                        GRTST 24HR     0.0         6 = FREEZING RAIN OR DRIZZLE
                        GRTST DEPTH:   0           7 = DUSTSTORM OR SANDSTORM:
                                                       VSBY 1/2 MILE OR LESS
                                                   8 = SMOKE OR HAZE
[NO. OF DAYS WITH]      [WEATHER - DAYS WITH]      9 = BLOWING SNOW
                                                   X = TORNADO
MAX 32 OR BELOW:   0    0.01 INCH OR MORE:   8
MAX 90 OR ABOVE:   0    0.10 INCH OR MORE:   6
MIN 32 OR BELOW:   0    0.50 INCH OR MORE:   3
MIN  0 OR BELOW:   0    1.00 INCH OR MORE:   1

[HDD (BASE 65) ]
TOTAL THIS MO.    25    CLEAR  (SCALE 0-3)  10
DPTR FM NORMAL   -65    PTCLDY (SCALE 4-7)   9
TOTAL FM JUL 1  3552    CLOUDY (SCALE 8-10)  2
DPTR FM NORMAL  -610

[CDD (BASE 65) ]
TOTAL THIS MO.    64
DPTR FM NORMAL    38    [PRESSURE DATA]
TOTAL FM JAN 1    81    HIGHEST SLP M ON M
DPTR FM NORMAL    47    LOWEST  SLP 29.69 ON M

[REMARKS]
