000
CXUS51 KBGM 260800
CF6AVP
PRELIMINARY LOCAL CLIMATOLOGICAL DATA (WS FORM: F-6)

                                          STATION:   AVOCA PA
                                          MONTH:     MAY
                                          YEAR:      2019
                                          LATITUDE:   41 19 N
                                          LONGITUDE:  75 44 W

  TEMPERATURE IN F:       :PCPN:    SNOW:  WIND      :SUNSHINE: SKY     :PK WND
================================================================================
1   2   3   4   5  6A  6B    7    8   9   10  11  12  13   14  15   16   17  18
                                     12Z  AVG MX 2MIN
DY MAX MIN AVG DEP HDD CDD  WTR  SNW DPTH SPD SPD DIR MIN PSBL S-S WX    SPD DR
================================================================================

 1  60  50  55   1  10   0    T  0.0    M  4.9 12 180   M    M  10 1      22 190
 2  75  52  64   9   1   0 0.02  0.0    M  2.3 12 350   M    M   8 18     14 270
 3  72  56  64   9   1   0 0.31  0.0    M  2.8 10 120   M    M   8 18     16 120
 4  72  57  65  10   0   0 0.08  0.0    M  2.8 10 340   M    M   9 1      12 330
 5  63  55  59   3   6   0 0.56  0.0    M  3.4  9  70   M    M  10 1      13  70
 6  74  54  64   8   1   0    T  0.0    M  3.2 13 330   M    M   5 18     17 360
 7  79  51  65   9   0   0 0.11  0.0    M  6.5 18 240   M    M   3 18     25 220
 8  70  50  60   4   5   0    T  0.0    M  5.9 14 330   M    M   5        19 330
 9  62  54  58   1   7   0 0.00  0.0    M  5.2 16 160   M    M   9        22 170
10  78  57  68  11   0   3 0.01  0.0    M  8.7 20 240   M    M   8 1      28 240
11  66  49  58   1   7   0 0.05  0.0    M  7.2 17 340   M    M   7 1      20 360
12  52  42  47 -11  18   0 1.10  0.0    M  6.5 14  60   M    M  10 1      26  40
13  47  42  45 -13  20   0 0.70  0.0    M  3.0 10  70   M    M  10 1      16  60
14  50  40  45 -13  20   0 0.15  0.0    M  4.6 18 320   M    M   7 1      25 330
15  70  40  55  -3  10   0    T  0.0    M  5.1 18 270   M    M   6        24 310
16  73  47  60   1   5   0    T  0.0    M  5.1 16 330   M    M   3 18     22 330
17  78  50  64   5   1   0 0.03  0.0    M  5.2 16 230   M    M   6 1      22 230
18  75  47  61   2   4   0 0.00  0.0    M  3.9 15 350   M    M   1 8      21 350
19  87  58  73  13   0   8 0.16  0.0    0  6.2 23 230   M    M   3 138    38 240
20  82  59  71  11   0   6 0.10  0.0    0 10.3 24 270   M    M   5 13     36 240
21  69  49  59  -1   6   0    T  0.0    0 12.6 24 350   M    M   5        31 340
22  73  42  58  -2   7   0 0.00  0.0    0  3.3 10 270   M    M   1        13 270
23  76  55  66   5   0   1 0.67  0.0    0  6.9 21 300   M    M   6 13     28 290
24  72  53  63   2   2   0 0.00  0.0    0 10.4 22 330   M    M   3        30 310
25   M   M   M   M   M   M    M    M    M   M   M   M   M    M   M         M  M
================================================================================
SM 1675 1209       131  18  4.05     0.0 136.0          M      148
================================================================================
AV 69.8 50.4                               5.7 FASTST   M    M   6    MAX(MPH)
                                 MISC ---->  # 24 270               # 38  240
================================================================================
NOTES:
# LAST OF SEVERAL OCCURRENCES

COLUMN 17 PEAK WIND IN M.P.H.

PRELIMINARY LOCAL CLIMATOLOGICAL DATA (WS FORM: F-6) , PAGE 2

                                          STATION:  AVOCA PA
                                          MONTH:    MAY
                                          YEAR:     2019
                                          LATITUDE:   41 19 N
                                          LONGITUDE:  75 44 W

[TEMPERATURE DATA]      [PRECIPITATION DATA]       SYMBOLS USED IN COLUMN 16

AVERAGE MONTHLY: 60.1   TOTAL FOR MONTH:   4.05    1 = FOG OR MIST
DPTR FM NORMAL:   2.2   DPTR FM NORMAL:    1.25    2 = FOG REDUCING VISIBILITY
HIGHEST:    87 ON 19    GRTST 24HR  1.10 ON 12-12      TO 1/4 MILE OR LESS
LOWEST:     40 ON 15,14                            3 = THUNDER
                        SNOW, ICE PELLETS, HAIL    4 = ICE PELLETS
                        TOTAL MONTH:   0.0 INCH    5 = HAIL
                        GRTST 24HR     0.0         6 = FREEZING RAIN OR DRIZZLE
                        GRTST DEPTH:   0           7 = DUSTSTORM OR SANDSTORM:
                                                       VSBY 1/2 MILE OR LESS
                                                   8 = SMOKE OR HAZE
[NO. OF DAYS WITH]      [WEATHER - DAYS WITH]      9 = BLOWING SNOW
                                                   X = TORNADO
MAX 32 OR BELOW:   0    0.01 INCH OR MORE:  14
MAX 90 OR ABOVE:   0    0.10 INCH OR MORE:   9
MIN 32 OR BELOW:   0    0.50 INCH OR MORE:   4
MIN  0 OR BELOW:   0    1.00 INCH OR MORE:   1

[HDD (BASE 65) ]
TOTAL THIS MO.   131    CLEAR  (SCALE 0-3)   5
DPTR FM NORMAL   -70    PTCLDY (SCALE 4-7)  11
TOTAL FM JUL 1  5736    CLOUDY (SCALE 8-10)  8
DPTR FM NORMAL  -438

[CDD (BASE 65) ]
TOTAL THIS MO.    18
DPTR FM NORMAL    -1    [PRESSURE DATA]
TOTAL FM JAN 1    25    HIGHEST SLP M ON M
DPTR FM NORMAL     0    LOWEST  SLP 29.71 ON 17

[REMARKS]
