000
CXUS56 KLOX 221655
CF6AVX
PRELIMINARY LOCAL CLIMATOLOGICAL DATA (WS FORM: F-6)

                                          STATION:   AVALON
                                          MONTH:     MAY
                                          YEAR:      2019
                                          LATITUDE:   33 24 N
                                          LONGITUDE: 118 25 W

  TEMPERATURE IN F:       :PCPN:    SNOW:  WIND      :SUNSHINE: SKY     :PK WND
================================================================================
1   2   3   4   5  6A  6B    7    8   9   10  11  12  13   14  15   16   17  18
                                     12Z  AVG MX 2MIN
DY MAX MIN AVG DEP HDD CDD  WTR  SNW DPTH SPD SPD DIR MIN PSBL S-S WX    SPD DR
================================================================================

 1  58  50  54   M  11   0 0.00  0.0    0  8.5 18 250   M    M   9 12     22 250
 2  62  50  56   M   9   0 0.00  0.0    0  7.0 14 240   M    M   3 12     18 250
 3  65  51  58   M   7   0 0.00  0.0    0  4.7 12 250   M    M   2 12     15 250
 4  63  50  57   M   8   0 0.00  0.0    0  7.0 15 260   M    M   7 12     20 250
 5  61  50  56   M   9   0 0.00  0.0    0  8.4 17 270   M    M   7 128    22 260
 6  59  51  55   M  10   0 0.00  0.0    0 10.1 17 260   M    M   7 12     23 260
 7  60  52  56   M   9   0 0.00  0.0    0 10.2 20 260   M    M  10 1      23 260
 8  56  51  54   M  11   0 0.00  0.0    0  8.2 14 250   M    M  10 12     18 260
 9  57  51  54   M  11   0    T  0.0    0  4.9 13 260   M    M  10 12     16 260
10  61  52  57   M   8   0 0.09  0.0    0  5.2 13 100   M    M   7 1      17 120
11  65  54  60   M   5   0 0.00  0.0    0  7.1 16 260   M    M   6 12     20 260
12  65  53  59   M   6   0 0.00  0.0    0  4.5 13 240   M    M   6 12     16 240
13  64  54  59   M   6   0 0.00  0.0    0  3.6  9 270   M    M   9 12     12 280
14  60  54  57   M   8   0 0.00  0.0    0  5.2 16 260   M    M  10 128    18 260
15  61  53  57   M   8   0 0.00  0.0    0  7.3 17 260   M    M   9 12     22 270
16  59  51  55   M  10   0 0.28  0.0    0 19.8 32 260   M    M   7 12     39 260
17  60  50  55   M  10   0 0.00  0.0    0 12.3 23 260   M    M   1 1      30 280
18  64  51  58   M   7   0 0.01  0.0    0  8.3 21 260   M    M   3 1      25 260
19  58  48  53   M  12   0 0.13    M    0 14.3 31 270   M    M   7 12     36 270
20  58  51  55   M  10   0 0.00  0.0    0 17.4 29 270   M    M   8 1      34 270
21  56  50  53   M  12   0 0.00  0.0    0 18.9 32 280   M    M   6 12     42 280
================================================================================
SM 1272 1077       187   0  0.51     0.0 192.9          M      144
================================================================================
AV 60.6 51.3                               9.2 FASTST   M    M   7    MAX(MPH)
                                 MISC ---->  # 32 260                 42    M
================================================================================
NOTES:
# LAST OF SEVERAL OCCURRENCES

COLUMN 17 PEAK WIND IN M.P.H.

PRELIMINARY LOCAL CLIMATOLOGICAL DATA (WS FORM: F-6) , PAGE 2

                                          STATION:  AVALON
                                          MONTH:    MAY
                                          YEAR:     2019
                                          LATITUDE:   33 24 N
                                          LONGITUDE: 118 25 W

[TEMPERATURE DATA]      [PRECIPITATION DATA]       SYMBOLS USED IN COLUMN 16

AVERAGE MONTHLY: 55.9   TOTAL FOR MONTH:   0.51    1 = FOG OR MIST
DPTR FM NORMAL:     M   DPTR FM NORMAL:       M    2 = FOG REDUCING VISIBILITY
HIGHEST:    65 ON 12,11 GRTST 24HR  0.28 ON 16-16      TO 1/4 MILE OR LESS
LOWEST:     48 ON 19                               3 = THUNDER
                        SNOW, ICE PELLETS, HAIL    4 = ICE PELLETS
                        TOTAL MONTH:   0.0 INCH    5 = HAIL
                        GRTST 24HR     0.0         6 = FREEZING RAIN OR DRIZZLE
                        GRTST DEPTH:   0           7 = DUSTSTORM OR SANDSTORM:
                                                       VSBY 1/2 MILE OR LESS
                                                   8 = SMOKE OR HAZE
[NO. OF DAYS WITH]      [WEATHER - DAYS WITH]      9 = BLOWING SNOW
                                                   X = TORNADO
MAX 32 OR BELOW:   0    0.01 INCH OR MORE:   4
MAX 90 OR ABOVE:   0    0.10 INCH OR MORE:   2
MIN 32 OR BELOW:   0    0.50 INCH OR MORE:   0
MIN  0 OR BELOW:   0    1.00 INCH OR MORE:   0

[HDD (BASE 65) ]
TOTAL THIS MO.   187    CLEAR  (SCALE 0-3)   2
DPTR FM NORMAL     M    PTCLDY (SCALE 4-7)  12
TOTAL FM JUL 1  1915    CLOUDY (SCALE 8-10)  7
DPTR FM NORMAL     M

[CDD (BASE 65) ]
TOTAL THIS MO.     0
DPTR FM NORMAL     M    [PRESSURE DATA]
TOTAL FM JAN 1    37    HIGHEST SLP M ON M
DPTR FM NORMAL     M    LOWEST  SLP 29.71 ON 21

[REMARKS]
