000
CXUS56 KLOX 231155
CF6AVX
PRELIMINARY LOCAL CLIMATOLOGICAL DATA (WS FORM: F-6)

                                          STATION:   AVALON
                                          MONTH:     MARCH
                                          YEAR:      2019
                                          LATITUDE:   33 24 N
                                          LONGITUDE: 118 25 W

  TEMPERATURE IN F:       :PCPN:    SNOW:  WIND      :SUNSHINE: SKY     :PK WND
================================================================================
1   2   3   4   5  6A  6B    7    8   9   10  11  12  13   14  15   16   17  18
                                     12Z  AVG MX 2MIN
DY MAX MIN AVG DEP HDD CDD  WTR  SNW DPTH SPD SPD DIR MIN PSBL S-S WX    SPD DR
================================================================================

 1  59  50  55   M  10   0 0.00  0.0    0  5.5 10 310   M    M   6 128    14 300
 2  57  50  54   M  11   0 0.56  0.0    0 12.0 22 230   M    M  10 12     29 240
 3  52  49  51   M  14   0 0.03    M    0 10.4 18 260   M    M  10 12     22 240
 4  51  45  48   M  17   0    T    M    0  7.9 15 250   M    M   7 12     18 260
 5  59  38  49   M  16   0    T    M    0 11.2 35 140   M    M   5 12     44 140
 6  58  51  55   M  10   0 0.31  0.0    0 10.0 24 220   M    M   9 12     33 220
 7  52  46  49   M  16   0 0.01    M    0  8.7 17 270   M    M   7 12     20 280
 8  50  45  48   M  17   0 0.00  0.0    0 15.4 26 270   M    M   3        34 270
 9  51  43  47   M  18   0 0.00  0.0    0 11.0 20 270   M    M   2        25 280
10  51  45  48   M  17   0    T    M    0  3.8 12 270   M    M   6        14 260
11  55  45  50   M  15   0 0.01    M    0  6.9 16  90   M    M   7        22  90
12  58  46  52   M  13   0    T    M    0 14.9 35 270   M    M   4 12     44 260
13  58  47  53   M  12   0 0.00  0.0    0  9.2 21 290   M    M   1        27 300
14  63  48  56   M   9   0 0.00  0.0    0  9.3 17  70   M    M   0        23  90
15  65  51  58   M   7   0 0.00  0.0    0 10.6 21  70   M    M   0        31  80
16  72  56  64   M   1   0 0.00  0.0    0  8.8 20  70   M    M   0        27  70
17  74  62  68   M   0   3 0.00  0.0    0  6.9 14 320   M    M   0        17 320
18  70  57  64   M   1   0 0.00  0.0    0  5.2 12 260   M    M   0 8      15 270
19   M   M   M   M   M   M 0.00  0.0    0   M   M   M   M    M   M         M  M
20  65  49  57   M   8   0 0.00  0.0    M  9.6 21 270   M    M   8 18     27 270
21  54  48  51   M  14   0 0.09    M    0  9.3 17 260   M    M   8 12     22 260
22  57  47  52   M  13   0 0.00  0.0    0  6.9 14 260   M    M   6 12     17 260
================================================================================
SM 1231 1018       239   3  1.01     0.0 193.5          M       99
================================================================================
AV 58.6 48.5                               9.2 FASTST   M    M   5    MAX(MPH)
                                 MISC ---->  # 35 140               # 44  140
================================================================================
NOTES:
# LAST OF SEVERAL OCCURRENCES

COLUMN 17 PEAK WIND IN M.P.H.

PRELIMINARY LOCAL CLIMATOLOGICAL DATA (WS FORM: F-6) , PAGE 2

                                          STATION:  AVALON
                                          MONTH:    MARCH
                                          YEAR:     2019
                                          LATITUDE:   33 24 N
                                          LONGITUDE: 118 25 W

[TEMPERATURE DATA]      [PRECIPITATION DATA]       SYMBOLS USED IN COLUMN 16

AVERAGE MONTHLY: 53.6   TOTAL FOR MONTH:   1.01    1 = FOG OR MIST
DPTR FM NORMAL:     M   DPTR FM NORMAL:       M    2 = FOG REDUCING VISIBILITY
HIGHEST:    74 ON 17    GRTST 24HR  0.56 ON  2- 2      TO 1/4 MILE OR LESS
LOWEST:     38 ON  5                               3 = THUNDER
                        SNOW, ICE PELLETS, HAIL    4 = ICE PELLETS
                        TOTAL MONTH:   0.0 INCH    5 = HAIL
                        GRTST 24HR     0.0         6 = FREEZING RAIN OR DRIZZLE
                        GRTST DEPTH:   0           7 = DUSTSTORM OR SANDSTORM:
                                                       VSBY 1/2 MILE OR LESS
                                                   8 = SMOKE OR HAZE
[NO. OF DAYS WITH]      [WEATHER - DAYS WITH]      9 = BLOWING SNOW
                                                   X = TORNADO
MAX 32 OR BELOW:   0    0.01 INCH OR MORE:   6
MAX 90 OR ABOVE:   0    0.10 INCH OR MORE:   2
MIN 32 OR BELOW:   0    0.50 INCH OR MORE:   1
MIN  0 OR BELOW:   0    1.00 INCH OR MORE:   0

[HDD (BASE 65) ]
TOTAL THIS MO.   239    CLEAR  (SCALE 0-3)   8
DPTR FM NORMAL     M    PTCLDY (SCALE 4-7)   9
TOTAL FM JUL 1  1457    CLOUDY (SCALE 8-10)  4
DPTR FM NORMAL     M

[CDD (BASE 65) ]
TOTAL THIS MO.     3
DPTR FM NORMAL     M    [PRESSURE DATA]
TOTAL FM JAN 1     6    HIGHEST SLP M ON M
DPTR FM NORMAL     M    LOWEST  SLP 29.66 ON 12

[REMARKS]
