000
CXUS53 KGRR 181017
CF6AZO
PRELIMINARY LOCAL CLIMATOLOGICAL DATA (WS FORM: F-6)

                                          STATION:   KALAMAZOO
                                          MONTH:     MARCH
                                          YEAR:      2019
                                          LATITUDE:   42 13 N
                                          LONGITUDE:  85 33 W

  TEMPERATURE IN F:       :PCPN:    SNOW:  WIND      :SUNSHINE: SKY     :PK WND
================================================================================
1   2   3   4   5  6A  6B    7    8   9   10  11  12  13   14  15   16   17  18
                                     12Z  AVG MX 2MIN
DY MAX MIN AVG DEP HDD CDD  WTR  SNW DPTH SPD SPD DIR MIN PSBL S-S WX    SPD DR
================================================================================

 1  36  22  29  -2  36   0 0.00    M    M  1.9  7  60   M    M  10         9  50
 2  34  24  29  -2  36   0 0.01    M    M  6.2 17 330   M    M   8 18     22 330
 3  27  15  21 -10  44   0 0.00    M    M  8.2 18 330   M    M   7        23 340
 4  16   9  13 -19  52   0    T    M    M 13.2 23 260   M    M  10 18     28 270
 5  17   8  13 -19  52   0 0.01    M    M 12.3 20 280   M    M  10 18     31 280
 6  23  13  18 -14  47   0    T    M    M  9.1 18 260   M    M   9 18     23 240
 7  28  14  21 -12  44   0    T    M    M  3.6 21 330   M    M   4 8      23 330
 8  41  11  26  -7  39   0 0.00    M    M  1.1  7 170   M    M   2        11 150
 9  42  21  32  -2  33   0 0.34    M    M  9.3 24 100   M    M   3 18     34 110
10  46  31  39   5  26   0 0.03    M    M 19.2 32 250   M    M   9 18     45 250
11  37  24  31  -3  34   0 0.00    M    M 10.6 22 290   M    M   0        27 280
12  47  18  33  -2  32   0 0.00    M    M  5.4 13 190   M    M   1 18     16 180
13  55  38  47  12  18   0 0.12    M    M  7.4 14 180   M    M   7 1      18 190
14  63  43  53  17  12   0 1.04    M    M 13.9 38 220   M    M   6 13     49 230
15  43  33  38   2  27   0 0.10    M    M 14.3 30 220   M    M  10 1      42 230
16  38  23  31  -5  34   0    T    M    M  9.9 21 320   M    M   7        28 310
17  40  19  30  -7  35   0    T    M    M  5.2 16 310   M    M   4 18     19 300
================================================================================
SM  633  366       601   0  1.65    M    150.8          M      107
================================================================================
AV 37.2 21.5                               8.9 FASTST   M    M   6    MAX(MPH)
                                 MISC ---->  # 38 220               # 49  230
================================================================================
NOTES:
# LAST OF SEVERAL OCCURRENCES

COLUMN 17 PEAK WIND IN M.P.H.

PRELIMINARY LOCAL CLIMATOLOGICAL DATA (WS FORM: F-6) , PAGE 2

                                          STATION:  KALAMAZOO
                                          MONTH:    MARCH
                                          YEAR:     2019
                                          LATITUDE:   42 13 N
                                          LONGITUDE:  85 33 W

[TEMPERATURE DATA]      [PRECIPITATION DATA]       SYMBOLS USED IN COLUMN 16

AVERAGE MONTHLY: 29.4   TOTAL FOR MONTH:   1.65    1 = FOG OR MIST
DPTR FM NORMAL:  -4.3   DPTR FM NORMAL:    0.44    2 = FOG REDUCING VISIBILITY
HIGHEST:    63 ON 14    GRTST 24HR  1.04 ON 14-14      TO 1/4 MILE OR LESS
LOWEST:      8 ON  5                               3 = THUNDER
                        SNOW, ICE PELLETS, HAIL    4 = ICE PELLETS
                        TOTAL MONTH:    M          5 = HAIL
                        GRTST 24HR    M  ON   M    6 = FREEZING RAIN OR DRIZZLE
                        GRTST DEPTH:  M  ON   M    7 = DUSTSTORM OR SANDSTORM:
                                                       VSBY 1/2 MILE OR LESS
                                                   8 = SMOKE OR HAZE
[NO. OF DAYS WITH]      [WEATHER - DAYS WITH]      9 = BLOWING SNOW
                                                   X = TORNADO
MAX 32 OR BELOW:   5    0.01 INCH OR MORE:   7
MAX 90 OR ABOVE:   0    0.10 INCH OR MORE:   4
MIN 32 OR BELOW:  14    0.50 INCH OR MORE:   1
MIN  0 OR BELOW:   0    1.00 INCH OR MORE:   1

[HDD (BASE 65) ]
TOTAL THIS MO.   601    CLEAR  (SCALE 0-3)   4
DPTR FM NORMAL    68    PTCLDY (SCALE 4-7)   7
TOTAL FM JUL 1  5378    CLOUDY (SCALE 8-10)  6
DPTR FM NORMAL    72

[CDD (BASE 65) ]
TOTAL THIS MO.     0
DPTR FM NORMAL     0    [PRESSURE DATA]
TOTAL FM JAN 1     0    HIGHEST SLP M ON M
DPTR FM NORMAL     0    LOWEST  SLP 29.31 ON 14

[REMARKS]
