000
CXUS54 KEWX 200910
CF6BAZ
PRELIMINARY LOCAL CLIMATOLOGICAL DATA (WS FORM: F-6)

                                          STATION:   NEW BRAUNFELS
                                          MONTH:     MAY
                                          YEAR:      2019
                                          LATITUDE:   29 43 N
                                          LONGITUDE:  98  3 W

  TEMPERATURE IN F:       :PCPN:    SNOW:  WIND      :SUNSHINE: SKY     :PK WND
================================================================================
1   2   3   4   5  6A  6B    7    8   9   10  11  12  13   14  15   16   17  18
                                     12Z  AVG MX 2MIN
DY MAX MIN AVG DEP HDD CDD  WTR  SNW DPTH SPD SPD DIR MIN PSBL S-S WX    SPD DR
================================================================================

 1  81  74  78   5   0  13    T    M    M 11.6 22 150   M    M  10 8      27 140
 2  83  64  74   1   0   9    T    M    M 10.9 25  30   M    M   8 18     31  30
 3  81  62  72  -1   0   7 2.53    M    M  9.8 39 320   M    M   9 138    48 320
 4  84  59  72  -1   0   7 0.00    M    M  8.0 16  20   M    M   0        21  30
 5  86  58  72  -2   0   7 0.00    M    M  7.2 16 130   M    M   1        21 130
 6  75  65  70  -4   0   5 0.10    M    M  8.5 23 140   M    M   7 1      28 150
 7  88  66  77   3   0  12 0.17    M    M 11.0 25 130   M    M   9 138    31 130
 8  82  69  76   2   0  11 0.34    M    M  9.7 24 170   M    M   8 13     30 170
 9  87  63  75   1   0  10 0.06    M    M  9.2 24  20   M    M   7 1238   33  40
10  67  56  62 -13   3   0 0.02    M    M 14.3 25  20   M    M  10 13     33  30
11  72  57  65 -10   0   0 0.04    M    M  8.2 17  10   M    M   9 18     21  20
12  81  59  70  -5   0   5 0.00    M    M  7.6 16  50   M    M   3        22  50
13  83  55  69  -6   0   4 0.00    M    M  5.7 13 130   M    M   2        17  70
14  85  60  73  -3   0   8 0.00    M    M  4.6 14 130   M    M   4 12     17 140
15  86  65  76   0   0  11 0.00    M    M  4.9 14 120   M    M   5 1      16 120
16  87  65  76   0   0  11 0.00    M    M  6.0 16 150   M    M   5 1      22 150
17  90  73  82   6   0  17 0.00    M    M 13.8 25 160   M    M   8 18     31 150
18  85  76  81   5   0  16 0.02    M    M 12.7 24 180   M    M  10 18     31 180
19  91  72  82   5   0  17 0.00    M    M  7.3 17 150   M    M   6 128    21 140
================================================================================
SM 1574 1218         3 170  3.28    M    171.0          M      121
================================================================================
AV 82.8 64.1                               9.0 FASTST   M    M   6    MAX(MPH)
                                 MISC ---->  # 39 320               # 48  320
================================================================================
NOTES:
# LAST OF SEVERAL OCCURRENCES

COLUMN 17 PEAK WIND IN M.P.H.

PRELIMINARY LOCAL CLIMATOLOGICAL DATA (WS FORM: F-6) , PAGE 2

                                          STATION:  NEW BRAUNFELS
                                          MONTH:    MAY
                                          YEAR:     2019
                                          LATITUDE:   29 43 N
                                          LONGITUDE:  98  3 W

[TEMPERATURE DATA]      [PRECIPITATION DATA]       SYMBOLS USED IN COLUMN 16

AVERAGE MONTHLY: 73.5   TOTAL FOR MONTH:   3.28    1 = FOG OR MIST
DPTR FM NORMAL:  -1.2   DPTR FM NORMAL:    1.15    2 = FOG REDUCING VISIBILITY
HIGHEST:    91 ON 19    GRTST 24HR  2.53 ON  3- 3      TO 1/4 MILE OR LESS
LOWEST:     55 ON 13                               3 = THUNDER
                        SNOW, ICE PELLETS, HAIL    4 = ICE PELLETS
                        TOTAL MONTH:    M          5 = HAIL
                        GRTST 24HR    M  ON   M    6 = FREEZING RAIN OR DRIZZLE
                        GRTST DEPTH:  M  ON   M    7 = DUSTSTORM OR SANDSTORM:
                                                       VSBY 1/2 MILE OR LESS
                                                   8 = SMOKE OR HAZE
[NO. OF DAYS WITH]      [WEATHER - DAYS WITH]      9 = BLOWING SNOW
                                                   X = TORNADO
MAX 32 OR BELOW:   0    0.01 INCH OR MORE:   8
MAX 90 OR ABOVE:   2    0.10 INCH OR MORE:   4
MIN 32 OR BELOW:   0    0.50 INCH OR MORE:   1
MIN  0 OR BELOW:   0    1.00 INCH OR MORE:   1

[HDD (BASE 65) ]
TOTAL THIS MO.     3    CLEAR  (SCALE 0-3)   4
DPTR FM NORMAL     3    PTCLDY (SCALE 4-7)   7
TOTAL FM JUL 1  1608    CLOUDY (SCALE 8-10)  8
DPTR FM NORMAL    51

[CDD (BASE 65) ]
TOTAL THIS MO.   170
DPTR FM NORMAL   -14    [PRESSURE DATA]
TOTAL FM JAN 1   417    HIGHEST SLP M ON M
DPTR FM NORMAL   -16    LOWEST  SLP 29.60 ON M

[REMARKS]
