000
CXUS54 KEWX 190910
CF6BAZ
PRELIMINARY LOCAL CLIMATOLOGICAL DATA (WS FORM: F-6)

                                          STATION:   NEW BRAUNFELS
                                          MONTH:     MARCH
                                          YEAR:      2019
                                          LATITUDE:   29 43 N
                                          LONGITUDE:  98  3 W

  TEMPERATURE IN F:       :PCPN:    SNOW:  WIND      :SUNSHINE: SKY     :PK WND
================================================================================
1   2   3   4   5  6A  6B    7    8   9   10  11  12  13   14  15   16   17  18
                                     12Z  AVG MX 2MIN
DY MAX MIN AVG DEP HDD CDD  WTR  SNW DPTH SPD SPD DIR MIN PSBL S-S WX    SPD DR
================================================================================

 1  55  43  49  -9  16   0 0.00    M    M  4.7 12  70   M    M  10 18     13  70
 2  57  49  53  -5  12   0 0.00    M    M  9.9 16  30   M    M  10 128    19  50
 3  50  35  43 -15  22   0    T    M    M 16.9 30  10   M    M   9 18     38  20
 4  42  30  36 -23  29   0 0.00    M    M 16.5 29  20   M    M   9        36  20
 5  50  27  39 -20  26   0 0.00    M    M 10.3 22  10   M    M   0        28  40
 6  58  29  44 -15  21   0 0.00    M    M  9.2 18 170   M    M   4        28 170
 7  70  51  61   2   4   0 0.00    M    M  9.0 22 220   M    M   8 18     27 200
 8  83  64  74  14   0   9    T    M    M 14.4 22 190   M    M   8 18     26 190
 9  88  55  72  12   0   7 0.02    M    M  8.0 20 190   M    M   5 18     23 190
10  79  55  67   7   0   2 0.00    M    M  8.1 21 120   M    M   8 18     24 120
11  69  57  63   3   2   0    T    M    M 12.1 20  20   M    M  10 18     23  10
12  82  59  71  10   0   6 0.02    M    M 16.8 35 150   M    M   9 128    41 140
13  83  56  70   9   0   5 0.31    M    M 12.3 31 340   M    M   5 1      39 340
14  78  53  66   5   0   1 0.04    M    M 11.9 25  10   M    M   3 18     32  10
15  62  48  55  -6  10   0 0.00    M    M 13.0 28  30   M    M   4        35  20
16  60  45  53  -9  12   0 0.00    M    M  7.7 18  50   M    M   9        22  60
17  65  42  54  -8  11   0 0.00    M    M  5.0 13  50   M    M   1        19  70
18  69  41  55  -7  10   0 0.00    M    M  6.7 20 130   M    M   2        24 130
================================================================================
SM 1200  839       175  30  0.39    M    192.5          M      114
================================================================================
AV 66.7 46.6                              10.7 FASTST   M    M   6    MAX(MPH)
                                 MISC ---->  # 35 150               # 41  140
================================================================================
NOTES:
# LAST OF SEVERAL OCCURRENCES

COLUMN 17 PEAK WIND IN M.P.H.

PRELIMINARY LOCAL CLIMATOLOGICAL DATA (WS FORM: F-6) , PAGE 2

                                          STATION:  NEW BRAUNFELS
                                          MONTH:    MARCH
                                          YEAR:     2019
                                          LATITUDE:   29 43 N
                                          LONGITUDE:  98  3 W

[TEMPERATURE DATA]      [PRECIPITATION DATA]       SYMBOLS USED IN COLUMN 16

AVERAGE MONTHLY: 56.6   TOTAL FOR MONTH:   0.39    1 = FOG OR MIST
DPTR FM NORMAL:  -3.4   DPTR FM NORMAL:   -1.22    2 = FOG REDUCING VISIBILITY
HIGHEST:    88 ON  9    GRTST 24HR  0.31 ON 13-13      TO 1/4 MILE OR LESS
LOWEST:     27 ON  5                               3 = THUNDER
                        SNOW, ICE PELLETS, HAIL    4 = ICE PELLETS
                        TOTAL MONTH:    M          5 = HAIL
                        GRTST 24HR    M  ON   M    6 = FREEZING RAIN OR DRIZZLE
                        GRTST DEPTH:  M  ON   M    7 = DUSTSTORM OR SANDSTORM:
                                                       VSBY 1/2 MILE OR LESS
                                                   8 = SMOKE OR HAZE
[NO. OF DAYS WITH]      [WEATHER - DAYS WITH]      9 = BLOWING SNOW
                                                   X = TORNADO
MAX 32 OR BELOW:   0    0.01 INCH OR MORE:   4
MAX 90 OR ABOVE:   0    0.10 INCH OR MORE:   1
MIN 32 OR BELOW:   3    0.50 INCH OR MORE:   0
MIN  0 OR BELOW:   0    1.00 INCH OR MORE:   0

[HDD (BASE 65) ]
TOTAL THIS MO.   175    CLEAR  (SCALE 0-3)   4
DPTR FM NORMAL    58    PTCLDY (SCALE 4-7)   5
TOTAL FM JUL 1  1534    CLOUDY (SCALE 8-10)  9
DPTR FM NORMAL    62

[CDD (BASE 65) ]
TOTAL THIS MO.    30
DPTR FM NORMAL     7    [PRESSURE DATA]
TOTAL FM JAN 1    61    HIGHEST SLP M ON M
DPTR FM NORMAL    13    LOWEST  SLP 29.54 ON 13

[REMARKS]
