000
CXUS55 KLBF 211200
CF6BBW
PRELIMINARY LOCAL CLIMATOLOGICAL DATA (WS FORM: F-6)

                                          STATION:   BROKEN BOW
                                          MONTH:     MARCH
                                          YEAR:      2019
                                          LATITUDE:   41 26 N
                                          LONGITUDE:  99 39 W

  TEMPERATURE IN F:       :PCPN:    SNOW:  WIND      :SUNSHINE: SKY     :PK WND
================================================================================
1   2   3   4   5  6A  6B    7    8   9   10  11  12  13   14  15   16   17  18
                                     12Z  AVG MX 2MIN
DY MAX MIN AVG DEP HDD CDD  WTR  SNW DPTH SPD SPD DIR MIN PSBL S-S WX    SPD DR
================================================================================

 1  32  11  22 -10  43   0    T    M    M 13.7 33 330   M    M   5        40 330
 2  19   1  10 -22  55   0 0.01    M    M 11.5 22 360   M    M  10 1      27  20
 3   4  -5   0 -33  65   0    T    M    M 17.6 28 350   M    M   5        33 340
 4  18  -7   6 -27  59   0 0.00    M    M 14.9 25 320   M    M   0        34 320
 5  23   3  13 -21  52   0 0.00    M    M 12.7 26 330   M    M   0        34 320
 6  29   1  15 -19  50   0 0.17    M    M  4.1 12  90   M    M   8 1      15 130
 7  25  19  22 -12  43   0 0.23    M    M  8.4 21  60   M    M  10 18     26  60
 8  31  24  28  -7  37   0 0.00    M    M 11.5 22 120   M    M  10 1      32 120
 9  34  24  29  -6  36   0 0.02    M    M 19.9 44 310   M    M   8 16     58 310
10  37  14  26 -10  39   0 0.00    M    M  7.2 23 330   M    M   1        29 340
11  40  11  26 -10  39   0 0.00    M    M  5.7 16 160   M    M   2 1      22 150
12  44  37  41   5  24   0    T    M    M  7.1 21 170   M    M  10 12     29 170
13  51  30  41   4  24   0 1.35    M    M 21.0 54 330   M    M  10 136    68 330
14  36  29  33  -4  32   0 0.02    M    M 40.4 58 330   M    M   6 1      77 330
15  43  26  35  -3  30   0    M    M    M 10.2 23 320   M    M   0        32 320
16  48  27  38   0  27   0    M    M    M 10.9 24 300   M    M   0        28 330
17  54  25  40   2  25   0 0.00    M    M  8.8 22 340   M    M   2        28 340
18  43  25  34  -4  31   0 0.01    M    M  5.4 17 220   M    M   4        23 220
19  42  31  37  -2  28   0 0.12    M    M  6.1 16 340   M    M   9 1      20 350
20  56  29  43   4  22   0 0.00    M    M 12.3 26 340   M    M   0        34 360
================================================================================
SM  709  355       761   0  1.93    M    249.4          M      100
================================================================================
AV 35.5 17.8                              12.5 FASTST   M    M   5    MAX(MPH)
                                 MISC ---->  # 58 330               # 77  330
================================================================================
NOTES:
# LAST OF SEVERAL OCCURRENCES

COLUMN 17 PEAK WIND IN M.P.H.

PRELIMINARY LOCAL CLIMATOLOGICAL DATA (WS FORM: F-6) , PAGE 2

                                          STATION:  BROKEN BOW
                                          MONTH:    MARCH
                                          YEAR:     2019
                                          LATITUDE:   41 26 N
                                          LONGITUDE:  99 39 W

[TEMPERATURE DATA]      [PRECIPITATION DATA]       SYMBOLS USED IN COLUMN 16

AVERAGE MONTHLY: 26.6   TOTAL FOR MONTH:   1.93    1 = FOG OR MIST
DPTR FM NORMAL:  -9.1   DPTR FM NORMAL:    1.30    2 = FOG REDUCING VISIBILITY
HIGHEST:    56 ON 20    GRTST 24HR  1.35 ON 13-13      TO 1/4 MILE OR LESS
LOWEST:     -7 ON  4                               3 = THUNDER
                        SNOW, ICE PELLETS, HAIL    4 = ICE PELLETS
                        TOTAL MONTH:    M          5 = HAIL
                        GRTST 24HR    M  ON   M    6 = FREEZING RAIN OR DRIZZLE
                        GRTST DEPTH:  M  ON   M    7 = DUSTSTORM OR SANDSTORM:
                                                       VSBY 1/2 MILE OR LESS
                                                   8 = SMOKE OR HAZE
[NO. OF DAYS WITH]      [WEATHER - DAYS WITH]      9 = BLOWING SNOW
                                                   X = TORNADO
MAX 32 OR BELOW:   8    0.01 INCH OR MORE:   8
MAX 90 OR ABOVE:   0    0.10 INCH OR MORE:   4
MIN 32 OR BELOW:  19    0.50 INCH OR MORE:   1
MIN  0 OR BELOW:   2    1.00 INCH OR MORE:   1

[HDD (BASE 65) ]
TOTAL THIS MO.   761    CLEAR  (SCALE 0-3)   8
DPTR FM NORMAL   176    PTCLDY (SCALE 4-7)   5
TOTAL FM JUL 1  6057    CLOUDY (SCALE 8-10)  7
DPTR FM NORMAL   457

[CDD (BASE 65) ]
TOTAL THIS MO.     0
DPTR FM NORMAL     0    [PRESSURE DATA]
TOTAL FM JAN 1     0    HIGHEST SLP M ON M
DPTR FM NORMAL     0    LOWEST  SLP 28.99 ON 13

[REMARKS]
