000
CXUS55 KLBF 191200
CF6BBW
PRELIMINARY LOCAL CLIMATOLOGICAL DATA (WS FORM: F-6)

                                          STATION:   BROKEN BOW
                                          MONTH:     MAY
                                          YEAR:      2019
                                          LATITUDE:   41 26 N
                                          LONGITUDE:  99 39 W

  TEMPERATURE IN F:       :PCPN:    SNOW:  WIND      :SUNSHINE: SKY     :PK WND
================================================================================
1   2   3   4   5  6A  6B    7    8   9   10  11  12  13   14  15   16   17  18
                                     12Z  AVG MX 2MIN
DY MAX MIN AVG DEP HDD CDD  WTR  SNW DPTH SPD SPD DIR MIN PSBL S-S WX    SPD DR
================================================================================

 1  46  34  40 -13  25   0 0.06    M    M  5.8 18  60   M    M   9 1      24  60
 2  63  29  46  -8  19   0 0.00    M    M  6.0 18 180   M    M   1 1      22 190
 3  70  42  56   2   9   0 0.04    M    M 10.4 21 190   M    M   3        27 190
 4  76  36  56   1   9   0 0.00    M    M  8.5 25 200   M    M   2        35 190
 5  68  42  55   0  10   0 0.00    M    M  9.2 22  20   M    M   5        30  20
 6  53  43  48  -7  17   0 0.22    M    M 11.4 18  30   M    M  10 3      28  20
 7  48  41  45 -11  20   0 0.25    M    M  9.7 17  60   M    M  10 1      24  60
 8  51  40  46 -10  19   0 0.87    M    M 17.2 33 350   M    M  10        42 350
 9  53  33  43 -13  22   0 0.01    M    M 14.1 25 350   M    M   6        35 340
10  61  29  45 -12  20   0 0.00    M    M  5.6 15 170   M    M   3        21 170
11  64  37  51  -6  14   0    T    M    M 10.9 31 330   M    M   4        42 300
12  67  40  54  -4  11   0 0.00    M    M 11.5 24 330   M    M   4        31 330
13  82  34  58   0   7   0 0.00    M    M  7.1 25 240   M    M   1 1      32 240
14  85  49  67   9   0   2 0.02    M    M  6.8 25 290   M    M   0 3      33 290
15  87  54  71  12   0   6 0.02    M    M 10.7 32 280   M    M   2 3      44 270
16  89  54  72  13   0   7 0.07    M    M  9.5 32 360   M    M   0 3      41 360
17  82  54  68   9   0   3 0.64    M    M 16.1 33 140   M    M   2 13     48 140
18  65  49  57  -3   8   0 0.00    M    M 15.0 26 300   M    M   4        36 340
================================================================================
SM 1210  740       210  18  2.20    M    185.5          M       76
================================================================================
AV 67.2 41.1                              10.3 FASTST   M    M   4    MAX(MPH)
                                 MISC ---->  # 33 350               # 48  140
================================================================================
NOTES:
# LAST OF SEVERAL OCCURRENCES

COLUMN 17 PEAK WIND IN M.P.H.

PRELIMINARY LOCAL CLIMATOLOGICAL DATA (WS FORM: F-6) , PAGE 2

                                          STATION:  BROKEN BOW
                                          MONTH:    MAY
                                          YEAR:     2019
                                          LATITUDE:   41 26 N
                                          LONGITUDE:  99 39 W

[TEMPERATURE DATA]      [PRECIPITATION DATA]       SYMBOLS USED IN COLUMN 16

AVERAGE MONTHLY: 54.2   TOTAL FOR MONTH:   2.20    1 = FOG OR MIST
DPTR FM NORMAL:  -2.4   DPTR FM NORMAL:    0.16    2 = FOG REDUCING VISIBILITY
HIGHEST:    89 ON 16    GRTST 24HR  0.87 ON  8- 8      TO 1/4 MILE OR LESS
LOWEST:     29 ON 10, 2                            3 = THUNDER
                        SNOW, ICE PELLETS, HAIL    4 = ICE PELLETS
                        TOTAL MONTH:    M          5 = HAIL
                        GRTST 24HR    M  ON   M    6 = FREEZING RAIN OR DRIZZLE
                        GRTST DEPTH:  M  ON   M    7 = DUSTSTORM OR SANDSTORM:
                                                       VSBY 1/2 MILE OR LESS
                                                   8 = SMOKE OR HAZE
[NO. OF DAYS WITH]      [WEATHER - DAYS WITH]      9 = BLOWING SNOW
                                                   X = TORNADO
MAX 32 OR BELOW:   0    0.01 INCH OR MORE:  10
MAX 90 OR ABOVE:   0    0.10 INCH OR MORE:   4
MIN 32 OR BELOW:   2    0.50 INCH OR MORE:   2
MIN  0 OR BELOW:   0    1.00 INCH OR MORE:   0

[HDD (BASE 65) ]
TOTAL THIS MO.   210    CLEAR  (SCALE 0-3)   9
DPTR FM NORMAL    47    PTCLDY (SCALE 4-7)   5
TOTAL FM JUL 1  6998    CLOUDY (SCALE 8-10)  4
DPTR FM NORMAL   455

[CDD (BASE 65) ]
TOTAL THIS MO.    18
DPTR FM NORMAL     7    [PRESSURE DATA]
TOTAL FM JAN 1    18    HIGHEST SLP M ON M
DPTR FM NORMAL     6    LOWEST  SLP 29.25 ON 17

[REMARKS]
