000
CXUS53 KFGF 250915
CF6BDE
PRELIMINARY LOCAL CLIMATOLOGICAL DATA (WS FORM: F-6)

                                          STATION:   BAUDETTE MN
                                          MONTH:     MARCH
                                          YEAR:      2019
                                          LATITUDE:   48 43 N
                                          LONGITUDE:  94 36 W

  TEMPERATURE IN F:       :PCPN:    SNOW:  WIND      :SUNSHINE: SKY     :PK WND
================================================================================
1   2   3   4   5  6A  6B    7    8   9   10  11  12  13   14  15   16   17  18
                                     12Z  AVG MX 2MIN
DY MAX MIN AVG DEP HDD CDD  WTR  SNW DPTH SPD SPD DIR MIN PSBL S-S WX    SPD DR
================================================================================

 1  13 -11   1 -15  64   0 0.00    M    M  3.4 10 360   M    M   8        14 310
 2   3 -16  -6 -23  71   0 0.00    M    M  8.4 20 300   M    M   2 18     25 290
 3  -3 -21 -12 -29  77   0    T    M    M  7.1 14 260   M    M   4 8      21 270
 4  10 -16  -3 -21  68   0    T    M    M 10.0 20 300   M    M   8 18     24 300
 5  12  -6   3 -15  62   0    T    M    M  9.2 20 320   M    M   5 8      26 310
 6  14  -9   3 -15  62   0    T    M    M  8.4 21 320   M    M   7 8      27 310
 7  20 -18   1 -18  64   0 0.00    M    M  2.0  9 170   M    M   0 8      13 170
 8  26   4  15  -4  50   0    T    M    M  4.2 10 160   M    M  10        14 160
 9  30  23  27   7  38   0 0.49    M    M  6.8 15 330   M    M  10 128    22 330
10  27   4  16  -4  49   0 0.04    M    M 15.3 24 300   M    M   5 1      32 300
11  28 -11   9 -12  56   0 0.00    M    M  5.5 16 190   M    M   0        23 200
12  43  18  31  10  34   0 0.00    M    M  9.9 17 190   M    M   4        26 200
13  39  33  36  14  29   0 0.18    M    M  7.7 15 220   M    M   9 1      23 210
14  34  26  30   8  35   0 0.11    M    M 20.0 31 340   M    M  10 18     43 330
15  27  15  21  -2  44   0    T    M    M 14.7 25 320   M    M   9 8      34 320
16  30   1  16  -8  49   0 0.00    M    M  5.1 13 230   M    M   1 18     20 220
17  36  16  26   2  39   0    T    M    M  3.8 13 240   M    M   9 1      17 240
18  39  11  25   0  40   0 0.00    M    M  7.2 18 220   M    M   5 18     25 220
19  39  22  31   6  34   0 0.00    M    M  7.5 17 220   M    M   7 1      24 220
20  40  27  34   8  31   0 0.00    M    M  8.7 20  10   M    M   5        29  10
21  46  24  35   9  30   0 0.00    M    M 10.9 20 320   M    M   0        26 320
22  43  20  32   5  33   0 0.00    M    M  3.4 12 330   M    M   0        16 330
23  48  15  32   5  33   0 0.00    M    M  7.0 17 230   M    M   0        28 230
24  33  15  24  -4  41   0 0.00    M    M  9.4 17  40   M    M   1        21  40
================================================================================
SM  677  166      1133   0  0.82    M    195.6          M      119
================================================================================
AV 28.2  6.9                               8.1 FASTST   M    M   5    MAX(MPH)
                                 MISC ---->  # 31 340               # 43  330
================================================================================
NOTES:
# LAST OF SEVERAL OCCURRENCES

COLUMN 17 PEAK WIND IN M.P.H.

PRELIMINARY LOCAL CLIMATOLOGICAL DATA (WS FORM: F-6) , PAGE 2

                                          STATION:  BAUDETTE MN
                                          MONTH:    MARCH
                                          YEAR:     2019
                                          LATITUDE:   48 43 N
                                          LONGITUDE:  94 36 W

[TEMPERATURE DATA]      [PRECIPITATION DATA]       SYMBOLS USED IN COLUMN 16

AVERAGE MONTHLY: 17.6   TOTAL FOR MONTH:   0.82    1 = FOG OR MIST
DPTR FM NORMAL:  -4.2   DPTR FM NORMAL:    0.27    2 = FOG REDUCING VISIBILITY
HIGHEST:    48 ON 23    GRTST 24HR  0.49 ON  9- 9      TO 1/4 MILE OR LESS
LOWEST:    -21 ON  3                               3 = THUNDER
                        SNOW, ICE PELLETS, HAIL    4 = ICE PELLETS
                        TOTAL MONTH:    M          5 = HAIL
                        GRTST 24HR    M  ON   M    6 = FREEZING RAIN OR DRIZZLE
                        GRTST DEPTH:  M  ON   M    7 = DUSTSTORM OR SANDSTORM:
                                                       VSBY 1/2 MILE OR LESS
                                                   8 = SMOKE OR HAZE
[NO. OF DAYS WITH]      [WEATHER - DAYS WITH]      9 = BLOWING SNOW
                                                   X = TORNADO
MAX 32 OR BELOW:  13    0.01 INCH OR MORE:   4
MAX 90 OR ABOVE:   0    0.10 INCH OR MORE:   3
MIN 32 OR BELOW:  23    0.50 INCH OR MORE:   0
MIN  0 OR BELOW:   8    1.00 INCH OR MORE:   0

[HDD (BASE 65) ]
TOTAL THIS MO.  1133    CLEAR  (SCALE 0-3)   8
DPTR FM NORMAL    96    PTCLDY (SCALE 4-7)  10
TOTAL FM JUL 1  8911    CLOUDY (SCALE 8-10)  6
DPTR FM NORMAL   466

[CDD (BASE 65) ]
TOTAL THIS MO.     0
DPTR FM NORMAL     0    [PRESSURE DATA]
TOTAL FM JAN 1     0    HIGHEST SLP M ON M
DPTR FM NORMAL     0    LOWEST  SLP 29.46 ON 14

[REMARKS]
