000
CXUS53 KFGF 250915
CF6BDE
PRELIMINARY LOCAL CLIMATOLOGICAL DATA (WS FORM: F-6)

                                          STATION:   BAUDETTE MN
                                          MONTH:     MAY
                                          YEAR:      2019
                                          LATITUDE:   48 43 N
                                          LONGITUDE:  94 36 W

  TEMPERATURE IN F:       :PCPN:    SNOW:  WIND      :SUNSHINE: SKY     :PK WND
================================================================================
1   2   3   4   5  6A  6B    7    8   9   10  11  12  13   14  15   16   17  18
                                     12Z  AVG MX 2MIN
DY MAX MIN AVG DEP HDD CDD  WTR  SNW DPTH SPD SPD DIR MIN PSBL S-S WX    SPD DR
================================================================================

 1  46  34  40  -7  25   0 0.18    M    0  7.6 14  80   M    M  10 1      17  80
 2  53  32  43  -5  22   0 0.12    M    M  4.1 10 130   M    M   6 1      13 330
 3  57  32  45  -3  20   0 0.16    M    0  9.3 22 190   M    M   4 1      36 160
 4  53  37  45  -3  20   0 0.00  0.0    0 11.1 21 290   M    M   2        27 280
 5  45  33  39 -10  26   0 0.00  0.0    0 11.9 22 340   M    M   3        28 330
 6  42  26  34 -15  31   0    T    M    0  7.2 16 310   M    M   8 1      22 320
 7  56  24  40 -10  25   0 0.00  0.0    0  4.2 10  40   M    M   0        16 110
 8  58  35  47  -3  18   0    T    M    0  5.6 12 120   M    M   5        17 220
 9  53  35  44  -6  21   0 0.00    M    M  9.8 24 360   M    M   7        32  10
10  59  31  45  -6  20   0 0.00    M    M  6.9 17 200   M    M   5        24 200
11  68  43  56   5   9   0 0.00  0.0    0 12.7 24 200   M    M   3        37 210
12  64  42  53   2  12   0 0.11    M    M  7.9 20 190   M    M   6 1      25 200
13  69  44  57   5   8   0 0.00    M    M  8.4 17 220   M    M   4        25 200
14  69  43  56   4   9   0    T    M    M  9.2 20 340   M    M   4        25 340
15  68  30  49  -3  16   0 0.07    M    M  6.7 15 350   M    M   3        23 170
16  57  41  49  -4  16   0 0.00    M    M 13.5 24 320   M    M   3        37 330
17  58  33  46  -7  19   0 0.00  0.0    0  7.7 16 320   M    M   0        22 310
18  57  41  49  -4  16   0 0.00    M    M 14.1 21  50   M    M   0        31  40
19  58  34  46  -8  19   0 0.00  0.0    0 11.8 22 350   M    M   0        30  40
20  65  30  48  -6  17   0 0.00    M    M  4.7 15 310   M    M   0        22 320
21  72  35  54   0  11   0 0.00  0.0    0  9.2 22  80   M    M   0        30  80
22  56  45  51  -3  14   0 0.51    M    M 13.6 24  80   M    M   8 1      37  70
23  61  43  52  -3  13   0 0.07    M    0  9.4 16  30   M    M   7 1      25  30
24  52  42  47  -8  18   0 0.63  0.0    0 12.6 21 110   M    M   8 1      27 110
================================================================================
SM 1396  865       425   0  1.85     0.0 219.2          M       96
================================================================================
AV 58.2 36.0                               9.1 FASTST   M    M   4    MAX(MPH)
                                 MISC ---->  # 24 360               # 37  210
================================================================================
NOTES:
# LAST OF SEVERAL OCCURRENCES

COLUMN 17 PEAK WIND IN M.P.H.

PRELIMINARY LOCAL CLIMATOLOGICAL DATA (WS FORM: F-6) , PAGE 2

                                          STATION:  BAUDETTE MN
                                          MONTH:    MAY
                                          YEAR:     2019
                                          LATITUDE:   48 43 N
                                          LONGITUDE:  94 36 W

[TEMPERATURE DATA]      [PRECIPITATION DATA]       SYMBOLS USED IN COLUMN 16

AVERAGE MONTHLY: 47.1   TOTAL FOR MONTH:   1.85    1 = FOG OR MIST
DPTR FM NORMAL:  -4.3   DPTR FM NORMAL:   -0.16    2 = FOG REDUCING VISIBILITY
HIGHEST:    72 ON 21    GRTST 24HR  0.63 ON 24-24      TO 1/4 MILE OR LESS
LOWEST:     24 ON  7                               3 = THUNDER
                        SNOW, ICE PELLETS, HAIL    4 = ICE PELLETS
                        TOTAL MONTH:   0.0 INCH    5 = HAIL
                        GRTST 24HR     0.0         6 = FREEZING RAIN OR DRIZZLE
                        GRTST DEPTH:   0           7 = DUSTSTORM OR SANDSTORM:
                                                       VSBY 1/2 MILE OR LESS
                                                   8 = SMOKE OR HAZE
[NO. OF DAYS WITH]      [WEATHER - DAYS WITH]      9 = BLOWING SNOW
                                                   X = TORNADO
MAX 32 OR BELOW:   0    0.01 INCH OR MORE:   8
MAX 90 OR ABOVE:   0    0.10 INCH OR MORE:   6
MIN 32 OR BELOW:   7    0.50 INCH OR MORE:   2
MIN  0 OR BELOW:   0    1.00 INCH OR MORE:   0

[HDD (BASE 65) ]
TOTAL THIS MO.   425    CLEAR  (SCALE 0-3)  10
DPTR FM NORMAL    96    PTCLDY (SCALE 4-7)  11
TOTAL FM JUL 1 10365    CLOUDY (SCALE 8-10)  3
DPTR FM NORMAL   602

[CDD (BASE 65) ]
TOTAL THIS MO.     0
DPTR FM NORMAL     0    [PRESSURE DATA]
TOTAL FM JAN 1     0    HIGHEST SLP M ON M
DPTR FM NORMAL     0    LOWEST  SLP 29.55 ON 24

[REMARKS]
