000
CXUS51 KBOX 241200
CF6BDL
PRELIMINARY LOCAL CLIMATOLOGICAL DATA (WS FORM: F-6)

                                          STATION:   HARTFORD CT
                                          MONTH:     MAY
                                          YEAR:      2019
                                          LATITUDE:   41 55 N
                                          LONGITUDE:  72 41 W

  TEMPERATURE IN F:       :PCPN:    SNOW:  WIND      :SUNSHINE: SKY     :PK WND
================================================================================
1   2   3   4   5  6A  6B    7    8   9   10  11  12  13   14  15   16   17  18
                                     12Z  AVG MX 2MIN
DY MAX MIN AVG DEP HDD CDD  WTR  SNW DPTH SPD SPD DIR MIN PSBL S-S WX    SPD DR
================================================================================

 1  57  43  50  -5  15   0 0.01  0.0    0  5.6 15 150   M    M  10 1      18 150
 2  63  47  55   0  10   0 0.01  0.0    0  6.5 16  10   M    M   9 1      20 360
 3  59  47  53  -3  12   0 0.12  0.0    0  5.3 13 190   M    M  10 18     17 180
 4  69  54  62   6   3   0 0.03  0.0    0  3.2 10 170   M    M  10 1      15 350
 5  62  51  57   1   8   0 0.60  0.0    0  6.4 12  40   M    M  10 1      25 180
 6  71  48  60   3   5   0 0.00  0.0    0  8.1 17  20   M    M   6        20  20
 7  74  49  62   5   3   0 0.27  0.0    0 10.1 24 170   M    M   6 1      30 180
 8  73  47  60   3   5   0 0.00  0.0    0  7.8 18 360   M    M   5        23  20
 9  68  42  55  -3  10   0 0.00  0.0    0  8.3 20 200   M    M   7        23 200
10  71  51  61   3   4   0 0.21  0.0    0  9.3 18 170   M    M  10 138    23 330
11  69  51  60   2   5   0    T  0.0    0  9.9 20 350   M    M   6        27 340
12  56  40  48 -10  17   0 0.95  0.0    0  8.7 18  40   M    M  10 1      21  40
13  57  42  50  -9  15   0 0.47  0.0    0  7.7 20 100   M    M  10 1      24  90
14  53  40  47 -12  18   0 0.03  0.0    0  6.8 13  20   M    M  10 1      16  20
15  68  44  56  -3   9   0    T  0.0    0  7.0 18 320   M    M   8        30 310
16  73  46  60   1   5   0 0.00  0.0    0  5.0 16 300   M    M   6        20 290
17  70  50  60   0   5   0 0.11  0.0    0  5.5 15 300   M    M   8 1      23 300
18  77  50  64   4   1   0 0.00  0.0    0  6.1 15 270   M    M   5        21  10
19  80  54  67   7   0   2 0.41  0.0    0 12.1 26 200   M    M   7 13     36 190
20  87  62  75  14   0  10 0.21  0.0    0 11.8 22 260   M    M   7 13     30 330
21  70  52  61   0   4   0 0.00  0.0    0 15.6 32 310   M    M   4        42 300
22  76  46  61   0   4   0 0.00  0.0    0  7.5 17 330   M    M   5        26 350
23  72  55  64   3   1   0 0.48  0.0    0 10.4 23 150   M    M   9 13     28 160
================================================================================
SM 1575 1111       159  12  3.91     0.0 184.7          M      178
================================================================================
AV 68.5 48.3                               8.0 FASTST   M    M   8    MAX(MPH)
                                 MISC ---->  # 32 310               # 42  300
================================================================================
NOTES:
# LAST OF SEVERAL OCCURRENCES

COLUMN 17 PEAK WIND IN M.P.H.

PRELIMINARY LOCAL CLIMATOLOGICAL DATA (WS FORM: F-6) , PAGE 2

                                          STATION:  HARTFORD CT
                                          MONTH:    MAY
                                          YEAR:     2019
                                          LATITUDE:   41 55 N
                                          LONGITUDE:  72 41 W

[TEMPERATURE DATA]      [PRECIPITATION DATA]       SYMBOLS USED IN COLUMN 16

AVERAGE MONTHLY: 58.4   TOTAL FOR MONTH:   3.91    1 = FOG OR MIST
DPTR FM NORMAL:   0.1   DPTR FM NORMAL:    0.85    2 = FOG REDUCING VISIBILITY
HIGHEST:    87 ON 20    GRTST 24HR  0.95 ON 12-12      TO 1/4 MILE OR LESS
LOWEST:     40 ON 14,12                            3 = THUNDER
                        SNOW, ICE PELLETS, HAIL    4 = ICE PELLETS
                        TOTAL MONTH:   0.0 INCH    5 = HAIL
                        GRTST 24HR     0.0         6 = FREEZING RAIN OR DRIZZLE
                        GRTST DEPTH:   0           7 = DUSTSTORM OR SANDSTORM:
                                                       VSBY 1/2 MILE OR LESS
                                                   8 = SMOKE OR HAZE
[NO. OF DAYS WITH]      [WEATHER - DAYS WITH]      9 = BLOWING SNOW
                                                   X = TORNADO
MAX 32 OR BELOW:   0    0.01 INCH OR MORE:  14
MAX 90 OR ABOVE:   0    0.10 INCH OR MORE:  10
MIN 32 OR BELOW:   0    0.50 INCH OR MORE:   2
MIN  0 OR BELOW:   0    1.00 INCH OR MORE:   0

[HDD (BASE 65) ]
TOTAL THIS MO.   159    CLEAR  (SCALE 0-3)   0
DPTR FM NORMAL   -12    PTCLDY (SCALE 4-7)  13
TOTAL FM JUL 1  5862    CLOUDY (SCALE 8-10) 10
DPTR FM NORMAL   -62

[CDD (BASE 65) ]
TOTAL THIS MO.    12
DPTR FM NORMAL    -4    [PRESSURE DATA]
TOTAL FM JAN 1    14    HIGHEST SLP M ON M
DPTR FM NORMAL    -8    LOWEST  SLP 29.62 ON 20

[REMARKS]
