000
CXAK56 PAFC 261044
CF6BET

PRELIMINARY LOCAL CLIMATOLOGICAL DATA (WS FORM: F-6)

                                          STATION:   BETHEL
                                          MONTH:     MARCH
                                          YEAR:      2019
                                          LATITUDE:   60 46 N
                                          LONGITUDE: 161 48 W

  TEMPERATURE IN F:       :PCPN:    SNOW:  WIND      :SUNSHINE: SKY     :PK WND
================================================================================
1   2   3   4   5  6A  6B    7    8   9   10  11  12  13   14  15   16   17  18
                                     12Z  AVG MX 2MIN
DY MAX MIN AVG DEP HDD CDD  WTR  SNW DPTH SPD SPD DIR MIN PSBL S-S WX    SPD DR
================================================================================

 1  37  30  34  21  31   0    T    M    M  9.7 20 170   M    M   9 12     24 160
 2  34  23  29  16  36   0    T    M    M  7.4 13 210   M    M   8 126    14 210
 3  36  17  27  13  38   0    T    M    M  9.0 17 120   M    M   3        22 120
 4  38  35  37  23  28   0 0.20    M    M 11.8 20 120   M    M  10        28 120
 5  36  27  32  18  33   0 0.10    M    M 10.9 17 150   M    M   8 1      21 170
 6  32  27  30  16  35   0 0.01    M    M  9.7 18 200   M    M   8 1      25 190
 7  39  28  34  20  31   0    T    M    M  9.8 17 100   M    M  10 1      22 100
 8  39  30  35  21  30   0 0.01    M    M  8.7 17  90   M    M   8 1      22 100
 9  39  31  35  21  30   0    T    M    M 13.8 26 110   M    M   9 189    34 110
10  40  32  36  22  29   0 0.04    M    M  6.3 16 120   M    M  10 1      21 120
11  33  27  30  16  35   0 0.02    M    M 16.1 25 240   M    M   9 1      31 240
12  36  25  31  17  34   0 0.04    M    M  8.5 15 110   M    M  10 1      19  60
13  41  30  36  22  29   0 0.00    M    M  7.6 14  80   M    M   7        18  80
14  33  18  26  12  39   0    T    M    M  9.6 20 260   M    M   7 18     24 260
15  31  13  22   7  43   0 0.00    M    M  9.5 18  10   M    M   1 1      22 330
16  25  16  21   6  44   0 0.12    M    M 14.4 22 290   M    M   9 18     28 290
17  25   3  14  -1  51   0 0.00    M    M  7.3 12 330   M    M   1 1      23 320
18  22   6  14  -1  51   0 0.00    M    M 11.7 18 330   M    M   1 1      22 310
19  18   1  10  -5  55   0 0.00    M    M 11.1 21  30   M    M   0 1      26  30
20  23  11  17   2  48   0 0.11    M    M 19.6 31  20   M    M   6 129    40  20
21  44  23  34  18  31   0 0.01    M    M 11.0 18  30   M    M   9        25  30
22  47  33  40  24  25   0 0.00  0.0    M 10.6 20  80   M    M   6        25  70
23  46  33  40  24  25   0    T  0.0    M 11.3 22 170   M    M   6        30 130
24  39  32  36  20  29   0 0.07    M    M 16.9 25 180   M    M   9 1      35 150
================================================================================
SM  833  551       860   0  0.73     0.0 262.3          M      164
================================================================================
AV 34.7 23.0                              10.9 FASTST   M    M   7    MAX(MPH)
                                 MISC ---->  # 31  20               # 40   20
================================================================================
NOTES:
# LAST OF SEVERAL OCCURRENCES

COLUMN 17 PEAK WIND IN M.P.H.

PRELIMINARY LOCAL CLIMATOLOGICAL DATA (WS FORM: F-6) , PAGE 2

                                          STATION:  BETHEL
                                          MONTH:    MARCH
                                          YEAR:     2019
                                          LATITUDE:   60 46 N
                                          LONGITUDE: 161 48 W

[TEMPERATURE DATA]      [PRECIPITATION DATA]       SYMBOLS USED IN COLUMN 16

AVERAGE MONTHLY: 28.8   TOTAL FOR MONTH:   0.73    1 = FOG OR MIST
DPTR FM NORMAL:  14.3   DPTR FM NORMAL:    0.18    2 = FOG REDUCING VISIBILITY
HIGHEST:    47 ON 22    GRTST 24HR  0.20 ON  4- 4      TO 1/4 MILE OR LESS
LOWEST:      1 ON 19                               3 = THUNDER
                        SNOW, ICE PELLETS, HAIL    4 = ICE PELLETS
                        TOTAL MONTH:   0.0 INCH    5 = HAIL
                        GRTST 24HR     0.0         6 = FREEZING RAIN OR DRIZZLE
                        GRTST DEPTH:  M  ON   M    7 = DUSTSTORM OR SANDSTORM:
                                                       VSBY 1/2 MILE OR LESS
                                                   8 = SMOKE OR HAZE
[NO. OF DAYS WITH]      [WEATHER - DAYS WITH]      9 = BLOWING SNOW
                                                   X = TORNADO
MAX 32 OR BELOW:   7    0.01 INCH OR MORE:  11
MAX 90 OR ABOVE:   0    0.10 INCH OR MORE:   4
MIN 32 OR BELOW:  21    0.50 INCH OR MORE:   0
MIN  0 OR BELOW:   0    1.00 INCH OR MORE:   0

[HDD (BASE 65) ]
TOTAL THIS MO.   860    CLEAR  (SCALE 0-3)   4
DPTR FM NORMAL  -353    PTCLDY (SCALE 4-7)  10
TOTAL FM JUL 1  8149    CLOUDY (SCALE 8-10) 10
DPTR FM NORMAL -1802

[CDD (BASE 65) ]
TOTAL THIS MO.     0
DPTR FM NORMAL     0    [PRESSURE DATA]
TOTAL FM JAN 1     0    HIGHEST SLP M ON M
DPTR FM NORMAL     0    LOWEST  SLP 28.49 ON 10

[REMARKS]
