000
CXUS51 KCTP 250700
CF6BFD
PRELIMINARY LOCAL CLIMATOLOGICAL DATA (WS FORM: F-6)

                                          STATION:   BRADFORD
                                          MONTH:     MARCH
                                          YEAR:      2019
                                          LATITUDE:   41 47 N
                                          LONGITUDE:  78 38 W

  TEMPERATURE IN F:       :PCPN:    SNOW:  WIND      :SUNSHINE: SKY     :PK WND
================================================================================
1   2   3   4   5  6A  6B    7    8   9   10  11  12  13   14  15   16   17  18
                                     12Z  AVG MX 2MIN
DY MAX MIN AVG DEP HDD CDD  WTR  SNW DPTH SPD SPD DIR MIN PSBL S-S WX    SPD DR
================================================================================

 1  31  20  26   0  39   0 0.03    M    M  6.6 12 110   M    M   9 1      15 140
 2  31  24  28   1  37   0    T    M    M  6.5 20 310   M    M  10 18     25 300
 3  27  18  23  -4  42   0 0.06    M    M  2.9 12 320   M    M  10 18     13 320
 4  22   6  14 -13  51   0 0.01    M    M  9.0 20 330   M    M   9 18     26 300
 5  15   5  10 -18  55   0    T    M    M  9.4 20 210   M    M   9 18     28 210
 6  12   2   7 -21  58   0 0.01    M    M  9.2 24 290   M    M   9 189    34 280
 7  22   5  14 -14  51   0    T    M    M  7.0 21 310   M    M   7 18     27 310
 8  36  -6  15 -14  50   0 0.00    M    M  3.4 13 140   M    M   0 18     19 150
 9  41  10  26  -3  39   0 0.18    M    M  8.5 23 150   M    M   2 168    34 140
10  47  33  40  11  25   0 0.41    M    M 15.0 25 140   M    M  10 16     40 150
11  39  27  33   3  32   0 0.00    M    M 15.4 28 300   M    M   6        35 280
12  36  21  29  -1  36   0    T    M    M  8.7 22 310   M    M   5 8      32 320
13  52  18  35   5  30   0 0.00    M    M  5.2 14 180   M    M   5 18     21 190
14  65  36  51  20  14   0 0.02    M    M  9.0 20 150   M    M   2        28 140
15  55  33  44  13  21   0 0.18    M    M 10.8 22 280   M    M   8 1      33 200
16  33  24  29  -2  36   0 0.01    M    M 16.5 29 300   M    M  10 18     36 320
17  33  19  26  -6  39   0 0.02    M    M  8.5 18 320   M    M   3 1      23 330
18  37  18  28  -4  37   0 0.00    M    M  5.2 17 300   M    M   5        25 300
19  40  15  28  -5  37   0 0.00    M    M  4.1 17 280   M    M   3        22 280
20  49  18  34   1  31   0 0.00    M    M  6.0 15 200   M    M   3 8      21 150
21  47  35  41   8  24   0    T    M    M  7.3 17 300   M    M   9 1      24 300
22  37  23  30  -4  35   0 0.02    M    M 15.9 26 310   M    M  10 126    41 300
23  37  19  28  -6  37   0    T    M    M 13.1 24 310   M    M   2        34 320
24  47  22  35   0  30   0 0.00    M    M  5.9 15 240   M    M   5        22 240
================================================================================
SM  891  445       886   0  0.95    M    209.1          M      151
================================================================================
AV 37.1 18.5                               8.7 FASTST   M    M   6    MAX(MPH)
                                 MISC ---->  # 29 300               # 41  300
================================================================================
NOTES:
# LAST OF SEVERAL OCCURRENCES

COLUMN 17 PEAK WIND IN M.P.H.

PRELIMINARY LOCAL CLIMATOLOGICAL DATA (WS FORM: F-6) , PAGE 2

                                          STATION:  BRADFORD
                                          MONTH:    MARCH
                                          YEAR:     2019
                                          LATITUDE:   41 47 N
                                          LONGITUDE:  78 38 W

[TEMPERATURE DATA]      [PRECIPITATION DATA]       SYMBOLS USED IN COLUMN 16

AVERAGE MONTHLY: 27.8   TOTAL FOR MONTH:   0.95    1 = FOG OR MIST
DPTR FM NORMAL:  -2.5   DPTR FM NORMAL:   -1.60    2 = FOG REDUCING VISIBILITY
HIGHEST:    65 ON 14    GRTST 24HR  0.41 ON 10-10      TO 1/4 MILE OR LESS
LOWEST:     -6 ON  8                               3 = THUNDER
                        SNOW, ICE PELLETS, HAIL    4 = ICE PELLETS
                        TOTAL MONTH:    M          5 = HAIL
                        GRTST 24HR    M  ON   M    6 = FREEZING RAIN OR DRIZZLE
                        GRTST DEPTH:  M  ON   M    7 = DUSTSTORM OR SANDSTORM:
                                                       VSBY 1/2 MILE OR LESS
                                                   8 = SMOKE OR HAZE
[NO. OF DAYS WITH]      [WEATHER - DAYS WITH]      9 = BLOWING SNOW
                                                   X = TORNADO
MAX 32 OR BELOW:   7    0.01 INCH OR MORE:  11
MAX 90 OR ABOVE:   0    0.10 INCH OR MORE:   3
MIN 32 OR BELOW:  20    0.50 INCH OR MORE:   0
MIN  0 OR BELOW:   1    1.00 INCH OR MORE:   0

[HDD (BASE 65) ]
TOTAL THIS MO.   886    CLEAR  (SCALE 0-3)   6
DPTR FM NORMAL   189    PTCLDY (SCALE 4-7)   8
TOTAL FM JUL 1  6117    CLOUDY (SCALE 8-10) 10
DPTR FM NORMAL  -150

[CDD (BASE 65) ]
TOTAL THIS MO.     0
DPTR FM NORMAL     0    [PRESSURE DATA]
TOTAL FM JAN 1     0    HIGHEST SLP M ON M
DPTR FM NORMAL     0    LOWEST  SLP 29.50 ON 22

[REMARKS]
