000
CXUS55 KCYS 181000
CF6BFF
PRELIMINARY LOCAL CLIMATOLOGICAL DATA (WS FORM: F-6)

                                          STATION:   SCOTTSBLUFF NE AIRPORT
                                          MONTH:     MARCH
                                          YEAR:      2019
                                          LATITUDE:   41 52 N
                                          LONGITUDE: 103 36 W

  TEMPERATURE IN F:       :PCPN:    SNOW:  WIND      :SUNSHINE: SKY     :PK WND
================================================================================
1   2   3   4   5  6A  6B    7    8   9   10  11  12  13   14  15   16   17  18
                                     12Z  AVG MX 2MIN
DY MAX MIN AVG DEP HDD CDD  WTR  SNW DPTH SPD SPD DIR MIN PSBL S-S WX    SPD DR
================================================================================

 1  43  22  33  -1  32   0    T    T    0 12.6 26 350   M    M   3 1      31 350
 2  22  -1  11 -23  54   0 0.17  3.8    2 15.3 31  30   M    M  10 1      37  30
 3   9 -10   0 -34  65   0 0.02  1.8    4  6.9 14 270   M    M   5 18     19 310
 4  19 -16   2 -33  63   0 0.00  0.0    4  8.9 15 260   M    M   0        18 270
 5  28  -6  11 -24  54   0 0.00  0.0    M  8.2 15 120   M    M   0        17 120
 6  32  18  25 -11  40   0 0.37  4.7    M 10.5 29  90   M    M   9 12     33  90
 7  33  12  23 -13  42   0 0.00  0.0    5 11.3 20 130   M    M   7 12     23 120
 8  38  10  24 -12  41   0 0.72  7.7    5  6.0 20  80   M    M   8 1238   22  80
 9  34  10  22 -14  43   0    T    M    5 15.2 35 310   M    M   3 189    45 310
10  44   4  24 -13  41   0 0.00  0.0    M  3.6 13  20   M    M   4        15  20
11  43  16  30  -7  35   0 0.00  0.0    0  4.7 12 120   M    M   0 1      13 120
12  46  26  36  -1  29   0 0.01  0.0    0  4.3 13 110   M    M   5 12     15 100
13  39  28  34  -4  31   0 0.67 12.0    0 31.2 53  20   M    M   9 129    65  20
14  33  17  25 -13  40   0    T    T   12 26.3 44 330   M    M   3 1      55 320
15  40  13  27 -11  38   0 0.00  0.0    M  8.0 20 250   M    M   0        24 230
16  44  19  32  -6  33   0 0.00  0.0    M  5.1 12 310   M    M   0        30  90
17  49  19  34  -5  31   0 0.00  0.0    0  6.5 14 300   M    M   0        17 310
================================================================================
SM  596  181       712   0  1.96    30.0 184.6          M       66
================================================================================
AV 35.1 10.7                              10.9 FASTST   M    M   4    MAX(MPH)
                                 MISC ---->  # 53  20               # 65   20
================================================================================
NOTES:
# LAST OF SEVERAL OCCURRENCES

COLUMN 17 PEAK WIND IN M.P.H.

PRELIMINARY LOCAL CLIMATOLOGICAL DATA (WS FORM: F-6) , PAGE 2

                                          STATION:  SCOTTSBLUFF NE AIRPORT
                                          MONTH:    MARCH
                                          YEAR:     2019
                                          LATITUDE:   41 52 N
                                          LONGITUDE: 103 36 W

[TEMPERATURE DATA]      [PRECIPITATION DATA]       SYMBOLS USED IN COLUMN 16

AVERAGE MONTHLY: 22.9   TOTAL FOR MONTH:   1.96    1 = FOG OR MIST
DPTR FM NORMAL: -13.5   DPTR FM NORMAL:    1.48    2 = FOG REDUCING VISIBILITY
HIGHEST:    49 ON 17    GRTST 24HR  0.72 ON  8- 8      TO 1/4 MILE OR LESS
LOWEST:    -16 ON  4                               3 = THUNDER
                        SNOW, ICE PELLETS, HAIL    4 = ICE PELLETS
                        TOTAL MONTH:  30.0 INCHES  5 = HAIL
                        GRTST 24HR  12.0 ON 13-13  6 = FREEZING RAIN OR DRIZZLE
                        GRTST DEPTH:  12 ON 14     7 = DUSTSTORM OR SANDSTORM:
                                                       VSBY 1/2 MILE OR LESS
                                                   8 = SMOKE OR HAZE
[NO. OF DAYS WITH]      [WEATHER - DAYS WITH]      9 = BLOWING SNOW
                                                   X = TORNADO
MAX 32 OR BELOW:   5    0.01 INCH OR MORE:   6
MAX 90 OR ABOVE:   0    0.10 INCH OR MORE:   4
MIN 32 OR BELOW:  17    0.50 INCH OR MORE:   2
MIN  0 OR BELOW:   4    1.00 INCH OR MORE:   0

[HDD (BASE 65) ]
TOTAL THIS MO.   712    CLEAR  (SCALE 0-3)   8
DPTR FM NORMAL   225    PTCLDY (SCALE 4-7)   6
TOTAL FM JUL 1  5601    CLOUDY (SCALE 8-10)  3
DPTR FM NORMAL   202

[CDD (BASE 65) ]
TOTAL THIS MO.     0
DPTR FM NORMAL     0    [PRESSURE DATA]
TOTAL FM JAN 1     0    HIGHEST SLP M ON M
DPTR FM NORMAL     0    LOWEST  SLP 29.09 ON 13

[REMARKS]
