000
CXUS54 KAMA 261015
CF6BGD
PRELIMINARY LOCAL CLIMATOLOGICAL DATA (WS FORM: F-6)

                                          STATION:   BORGER
                                          MONTH:     MAY
                                          YEAR:      2019
                                          LATITUDE:   35 42 N
                                          LONGITUDE: 101 24 W

  TEMPERATURE IN F:       :PCPN:    SNOW:  WIND      :SUNSHINE: SKY     :PK WND
================================================================================
1   2   3   4   5  6A  6B    7    8   9   10  11  12  13   14  15   16   17  18
                                     12Z  AVG MX 2MIN
DY MAX MIN AVG DEP HDD CDD  WTR  SNW DPTH SPD SPD DIR MIN PSBL S-S WX    SPD DR
================================================================================

 1  84  52  68   5   0   3 0.00  0.0    0 12.2 32  30   M    M   5 123    41  30
 2  58  48  53 -11  12   0 0.01  0.0    0 10.4 30  40   M    M  10 18     38  40
 3  67  55  61  -3   4   0 0.04  0.0    M  7.3 16  70   M    M   M 1      20  70
 4  75  55  65   1   0   0 0.00  0.0    0  7.2 26  40   M    M   5 8      35  30
 5  80  57  69   5   0   4 0.00  0.0    0 11.4 26 150   M    M   4 3      35  40
 6  86  59  73   8   0   8    T  0.0    0 11.2 26 170   M    M   0 3      38 170
 7  81  57  69   4   0   4 1.61  0.0    0 11.9 40 250   M    M   2 13     55 210
 8  72  49  61  -5   4   0 0.07  0.0    0 11.2 25  20   M    M   8 1      31 360
 9  51  44  48 -18  17   0 0.17  0.0    0 12.4 22  20   M    M  10 1      28  30
10  50  42  46 -20  19   0 0.10  0.0    0  5.5 13  30   M    M   8        15  40
11  68  47  58  -8   7   0 0.00  0.0    0  4.5 10 190   M    M   7        14 200
12  77  47  62  -5   3   0 0.00  0.0    0  5.1 16 340   M    M   1        20 340
13  84  54  69   2   0   4 0.00  0.0    0  8.8 18 210   M    M   0        25 230
14  88  57  73   6   0   8 0.00  0.0    0  9.0 16 200   M    M   0        22 200
15  90  60  75   7   0  10 0.00  0.0    0 11.4 20 170   M    M   0        26 190
16  90  65  78  10   0  13 0.00  0.0    0 14.3 23 190   M    M   0        32 180
17  92  67  80  12   0  15 0.00  0.0    0 13.8 24 190   M    M   2        34 200
18  80  54  67  -2   0   2 0.00  0.0    0 10.2 28 250   M    M   0        37 250
19  79  47  63  -6   2   0 0.00  0.0    0  9.8 22 140   M    M   0        32 140
20  64  51  58 -11   7   0 1.00  0.0    0 13.4 25 360   M    M   8 123    34 140
21  71  51  61  -9   4   0    T  0.0    0 12.2 33 250   M    M   3 1      43 250
22  85  44  65  -5   0   0 0.00  0.0    0  6.3 21  60   M    M   0        27  60
23  83  55  69  -1   0   4 1.00  0.0    0  9.4 29 140   M    M   8 138    40 130
24  79  54  67  -3   0   2 0.00  0.0    0  5.1 16 170   M    M   4        21 140
25  81  60  71   0   0   6 0.74  0.0    0 10.4 28 160   M    M   4 13     39 170
================================================================================
SM 1915 1331        79  83  4.74     0.0 244.4          M       89
================================================================================
AV 76.6 53.2                               9.8 FASTST   M    M   4    MAX(MPH)
                                 MISC ---->  # 40 250               # 55  210
================================================================================
NOTES:
# LAST OF SEVERAL OCCURRENCES

COLUMN 17 PEAK WIND IN M.P.H.

PRELIMINARY LOCAL CLIMATOLOGICAL DATA (WS FORM: F-6) , PAGE 2

                                          STATION:  BORGER
                                          MONTH:    MAY
                                          YEAR:     2019
                                          LATITUDE:   35 42 N
                                          LONGITUDE: 101 24 W

[TEMPERATURE DATA]      [PRECIPITATION DATA]       SYMBOLS USED IN COLUMN 16

AVERAGE MONTHLY: 64.9   TOTAL FOR MONTH:   4.74    1 = FOG OR MIST
DPTR FM NORMAL:  -2.1   DPTR FM NORMAL:    2.64    2 = FOG REDUCING VISIBILITY
HIGHEST:    92 ON 17    GRTST 24HR  1.61 ON  7- 7      TO 1/4 MILE OR LESS
LOWEST:     42 ON 10                               3 = THUNDER
                        SNOW, ICE PELLETS, HAIL    4 = ICE PELLETS
                        TOTAL MONTH:   0.0 INCH    5 = HAIL
                        GRTST 24HR     0.0         6 = FREEZING RAIN OR DRIZZLE
                        GRTST DEPTH:   0           7 = DUSTSTORM OR SANDSTORM:
                                                       VSBY 1/2 MILE OR LESS
                                                   8 = SMOKE OR HAZE
[NO. OF DAYS WITH]      [WEATHER - DAYS WITH]      9 = BLOWING SNOW
                                                   X = TORNADO
MAX 32 OR BELOW:   0    0.01 INCH OR MORE:   9
MAX 90 OR ABOVE:   3    0.10 INCH OR MORE:   6
MIN 32 OR BELOW:   0    0.50 INCH OR MORE:   4
MIN  0 OR BELOW:   0    1.00 INCH OR MORE:   3

[HDD (BASE 65) ]
TOTAL THIS MO.    79    CLEAR  (SCALE 0-3)  12
DPTR FM NORMAL    21    PTCLDY (SCALE 4-7)  10
TOTAL FM JUL 1  3553    CLOUDY (SCALE 8-10)  2
DPTR FM NORMAL  -208

[CDD (BASE 65) ]
TOTAL THIS MO.    83
DPTR FM NORMAL   -26    [PRESSURE DATA]
TOTAL FM JAN 1   142    HIGHEST SLP M ON M
DPTR FM NORMAL   -11    LOWEST  SLP 29.32 ON 21

[REMARKS]
