000
CXUS51 KBGM 250800
CF6BGM
PRELIMINARY LOCAL CLIMATOLOGICAL DATA (WS FORM: F-6)

                                          STATION:   BINGHAMTON NY
                                          MONTH:     JUNE
                                          YEAR:      2019
                                          LATITUDE:   42 13 N
                                          LONGITUDE:  75 59 W

  TEMPERATURE IN F:       :PCPN:    SNOW:  WIND      :SUNSHINE: SKY     :PK WND
================================================================================
1   2   3   4   5  6A  6B    7    8   9   10  11  12  13   14  15   16   17  18
                                     12Z  AVG MX 2MIN
DY MAX MIN AVG DEP HDD CDD  WTR  SNW DPTH SPD SPD DIR MIN PSBL S-S WX    SPD DR
================================================================================

 1  76  52  64   3   1   0 0.01  0.0    0  7.5 16 250   M    M   3        22 250
 2  67  48  58  -3   7   0 0.36  0.0    0  7.3 18 340   M    M   5 13     25 330
 3  58  40  49 -12  16   0 0.00  0.0    0 10.3 20 300   M    M   2        28 320
 4  64  40  52 -10  13   0 0.00  0.0    0  6.9 15 210   M    M   5        22 240
 5  74  59  67   5   0   2 0.16  0.0    0  8.4 17 220   M    M   8 1      27 220
 6  70  56  63   1   2   0    T  0.0    0  8.0 13 340   M    M   7 1      16  10
 7  75  51  63   1   2   0 0.00  0.0    0  5.0 14 360   M    M   0        18 340
 8  78  50  64   1   1   0 0.00  0.0    0  4.6 13  30   M    M   0        18  70
 9  77  53  65   2   0   0 0.00  0.0    0  8.3 17 140   M    M   0        25 150
10  64  53  59  -4   6   0 1.00  0.0    0  8.8 17 140   M    M   7 1      23 130
11  67  53  60  -4   5   0 0.03  0.0    0 12.3 24 340   M    M   6 1      34 300
12  70  44  57  -7   8   0 0.00  0.0    0  7.2 16 180   M    M   0        23 210
13  59  51  55  -9  10   0 0.34  0.0    0  9.7 18 120   M    M   8 1      24 130
14  66  50  58  -6   7   0    T  0.0    0 11.7 25 280   M    M   6        36 310
15  74  52  63  -1   2   0 0.15  0.0    0  9.1 18 230   M    M   4 1      25 220
16  63  58  61  -4   4   0 1.09  0.0    0  7.2 13 220   M    M  10 12     17 230
17  70  54  62  -3   3   0 0.00  0.0    0  4.7  9 340   M    M   5 12     12 260
18  73  58  66   1   0   1 0.27  0.0    0  3.2 10 180   M    M   7 12     14 170
19  76  61  69   3   0   4 0.21  0.0    0  5.5 13 140   M    M   9 1      15 130
20  75  62  69   3   0   4 0.73  0.0    0  7.8 15 340   M    M   9 1      22 340
21  70  55  63  -3   2   0 0.44  0.0    0 12.1 23 350   M    M   6 1      31 360
22  72  51  62  -4   3   0 0.00  0.0    0 10.8 25 340   M    M   1        32 340
23  76  51  64  -2   1   0 0.00  0.0    0  6.5 16 350   M    M   0        20 350
24  75  54  65  -2   0   0 0.00  0.0    0  5.0 10 170   M    M   1        14 160
================================================================================
SM 1689 1256        93  11  4.79     0.0 187.9          M      109
================================================================================
AV 70.4 52.3                               7.8 FASTST   M    M   5    MAX(MPH)
                                 MISC ---->  # 25 280               # 36  310
================================================================================
NOTES:
# LAST OF SEVERAL OCCURRENCES

COLUMN 17 PEAK WIND IN M.P.H.

PRELIMINARY LOCAL CLIMATOLOGICAL DATA (WS FORM: F-6) , PAGE 2

                                          STATION:  BINGHAMTON NY
                                          MONTH:    JUNE
                                          YEAR:     2019
                                          LATITUDE:   42 13 N
                                          LONGITUDE:  75 59 W

[TEMPERATURE DATA]      [PRECIPITATION DATA]       SYMBOLS USED IN COLUMN 16

AVERAGE MONTHLY: 61.4   TOTAL FOR MONTH:   4.79    1 = FOG OR MIST
DPTR FM NORMAL:  -2.5   DPTR FM NORMAL:    1.32    2 = FOG REDUCING VISIBILITY
HIGHEST:    78 ON  8    GRTST 24HR  1.09 ON 16-16      TO 1/4 MILE OR LESS
LOWEST:     40 ON  4, 3                            3 = THUNDER
                        SNOW, ICE PELLETS, HAIL    4 = ICE PELLETS
                        TOTAL MONTH:   0.0 INCH    5 = HAIL
                        GRTST 24HR     0.0         6 = FREEZING RAIN OR DRIZZLE
                        GRTST DEPTH:   0           7 = DUSTSTORM OR SANDSTORM:
                                                       VSBY 1/2 MILE OR LESS
                                                   8 = SMOKE OR HAZE
[NO. OF DAYS WITH]      [WEATHER - DAYS WITH]      9 = BLOWING SNOW
                                                   X = TORNADO
MAX 32 OR BELOW:   0    0.01 INCH OR MORE:  12
MAX 90 OR ABOVE:   0    0.10 INCH OR MORE:  10
MIN 32 OR BELOW:   0    0.50 INCH OR MORE:   3
MIN  0 OR BELOW:   0    1.00 INCH OR MORE:   2

[HDD (BASE 65) ]
TOTAL THIS MO.    93    CLEAR  (SCALE 0-3)   8
DPTR FM NORMAL    10    PTCLDY (SCALE 4-7)  13
TOTAL FM JUL 1  7170    CLOUDY (SCALE 8-10)  3
DPTR FM NORMAL   -17

[CDD (BASE 65) ]
TOTAL THIS MO.    11
DPTR FM NORMAL   -42    [PRESSURE DATA]
TOTAL FM JAN 1    18    HIGHEST SLP M ON M
DPTR FM NORMAL   -58    LOWEST  SLP 29.45 ON 20

[REMARKS]
