000
CXUS51 KCAR 200600
CF6BGR
PRELIMINARY LOCAL CLIMATOLOGICAL DATA (WS FORM: F-6)

                                          STATION:   BANGOR ME
                                          MONTH:     MAY
                                          YEAR:      2019
                                          LATITUDE:   44 47 N
                                          LONGITUDE:  68 49 W

  TEMPERATURE IN F:       :PCPN:    SNOW:  WIND      :SUNSHINE: SKY     :PK WND
================================================================================
1   2   3   4   5  6A  6B    7    8   9   10  11  12  13   14  15   16   17  18
                                     12Z  AVG MX 2MIN
DY MAX MIN AVG DEP HDD CDD  WTR  SNW DPTH SPD SPD DIR MIN PSBL S-S WX    SPD DR
================================================================================

 1  60  37  49   0  16   0 0.17  0.0    0  7.1 16 310   M    M   7 1      22 300
 2  52  37  45  -4  20   0 0.10  0.0    0  6.3 13  50   M    M   9 1      16  60
 3  50  41  46  -3  19   0 0.42  0.0    0  6.8 15 190   M    M  10 1      18 160
 4  61  42  52   2  13   0    T  0.0    0  2.6 10 330   M    M  10 1      13 330
 5  70  40  55   5  10   0 0.00  0.0    0  5.5 16 180   M    M   8 1      20 200
 6  70  41  56   6   9   0 0.00  0.0    0  6.0 16 190   M    M   4        20 190
 7  65  44  55   4  10   0 0.21  0.0    0  7.8 16 200   M    M   7 12     24 210
 8  58  37  48  -3  17   0 0.00  0.0    0 13.4 28 330   M    M   2        36 350
 9  62  32  47  -5  18   0 0.00  0.0    0  6.9 15 190   M    M   4        19 190
10  47  42  45  -7  20   0 0.84  0.0    0  7.1 17 170   M    M  10 1      24 170
11  59  40  50  -2  15   0 0.00  0.0    0 10.9 26 320   M    M   7 1      34 330
12  64  39  52   0  13   0 0.00  0.0    0  6.7 17 340   M    M   7        22 340
13  61  45  53   0  12   0 0.00  0.0    0  9.6 15 140   M    M   7        23  80
14  47  39  43 -10  22   0 0.12  0.0    0 12.8 23  60   M    M  10 1      29  70
15  47  38  43 -11  22   0 0.03  0.0    0 10.3 20 350   M    M  10 1      24 350
16  63  35  49  -5  16   0 0.00  0.0    0  6.2 18 340   M    M   8        24 320
17  54  40  47  -7  18   0 0.18  0.0    0  4.2 13 170   M    M  10 1      20 180
18  63  45  54   0  11   0    T  0.0    0  7.8 22 350   M    M   9 1      37 340
19  52  41  47  -8  18   0 0.33  0.0    0  4.0 14 140   M    M   9 1      17 130
================================================================================
SM 1105  755       299   0  2.40     0.0 142.0          M      148
================================================================================
AV 58.2 39.7                               7.5 FASTST   M    M   8    MAX(MPH)
                                 MISC ---->  # 28 330               # 37  340
================================================================================
NOTES:
# LAST OF SEVERAL OCCURRENCES

COLUMN 17 PEAK WIND IN M.P.H.

PRELIMINARY LOCAL CLIMATOLOGICAL DATA (WS FORM: F-6) , PAGE 2

                                          STATION:  BANGOR ME
                                          MONTH:    MAY
                                          YEAR:     2019
                                          LATITUDE:   44 47 N
                                          LONGITUDE:  68 49 W

[TEMPERATURE DATA]      [PRECIPITATION DATA]       SYMBOLS USED IN COLUMN 16

AVERAGE MONTHLY: 49.0   TOTAL FOR MONTH:   2.40    1 = FOG OR MIST
DPTR FM NORMAL:  -2.8   DPTR FM NORMAL:    0.24    2 = FOG REDUCING VISIBILITY
HIGHEST:    70 ON  6, 5 GRTST 24HR  0.84 ON 10-10      TO 1/4 MILE OR LESS
LOWEST:     32 ON  9                               3 = THUNDER
                        SNOW, ICE PELLETS, HAIL    4 = ICE PELLETS
                        TOTAL MONTH:   0.0 INCH    5 = HAIL
                        GRTST 24HR     0.0         6 = FREEZING RAIN OR DRIZZLE
                        GRTST DEPTH:   0           7 = DUSTSTORM OR SANDSTORM:
                                                       VSBY 1/2 MILE OR LESS
                                                   8 = SMOKE OR HAZE
[NO. OF DAYS WITH]      [WEATHER - DAYS WITH]      9 = BLOWING SNOW
                                                   X = TORNADO
MAX 32 OR BELOW:   0    0.01 INCH OR MORE:   9
MAX 90 OR ABOVE:   0    0.10 INCH OR MORE:   8
MIN 32 OR BELOW:   1    0.50 INCH OR MORE:   1
MIN  0 OR BELOW:   0    1.00 INCH OR MORE:   0

[HDD (BASE 65) ]
TOTAL THIS MO.   299    CLEAR  (SCALE 0-3)   1
DPTR FM NORMAL    46    PTCLDY (SCALE 4-7)   8
TOTAL FM JUL 1  7795    CLOUDY (SCALE 8-10) 10
DPTR FM NORMAL   144

[CDD (BASE 65) ]
TOTAL THIS MO.     0
DPTR FM NORMAL     0    [PRESSURE DATA]
TOTAL FM JAN 1     0    HIGHEST SLP M ON M
DPTR FM NORMAL     0    LOWEST  SLP 29.73 ON M

[REMARKS]
