000
CXUS51 KCAR 190600
CF6BGR
PRELIMINARY LOCAL CLIMATOLOGICAL DATA (WS FORM: F-6)

                                          STATION:   BANGOR ME
                                          MONTH:     MARCH
                                          YEAR:      2019
                                          LATITUDE:   44 47 N
                                          LONGITUDE:  68 49 W

  TEMPERATURE IN F:       :PCPN:    SNOW:  WIND      :SUNSHINE: SKY     :PK WND
================================================================================
1   2   3   4   5  6A  6B    7    8   9   10  11  12  13   14  15   16   17  18
                                     12Z  AVG MX 2MIN
DY MAX MIN AVG DEP HDD CDD  WTR  SNW DPTH SPD SPD DIR MIN PSBL S-S WX    SPD DR
================================================================================

 1  33  -1  16  -9  49   0 0.00  0.0    8  3.5 15 210   M    M   2        22 190
 2  34   6  20  -5  45   0    T    T    7  6.1 14  30   M    M  10 1      16  30
 3  37  20  29   3  36   0    T    T    7  4.1 12 180   M    M  10 1      15 180
 4  33  20  27   1  38   0 0.44  4.8    8  8.8 21 310   M    M   9 12     30 310
 5  25   7  16 -10  49   0 0.00  0.0   10  6.4 15 310   M    M   2 8      21 290
 6  21   4  13 -14  52   0    T    T   10  7.8 25 320   M    M   6 1      31 330
 7  18  -3   8 -19  57   0 0.00  0.0   10  7.6 18 320   M    M   3 18     24 280
 8  31  -7  12 -15  53   0 0.00  0.0   10  6.8 16 210   M    M   1        21 210
 9  34   1  18 -10  47   0 0.00  0.0    9  8.6 28 330   M    M   1        32 360
10  35  -4  16 -12  49   0 0.14  1.9    9  8.3 25 130   M    M   8 124    34 140
11  44  32  38  10  27   0    T    T   11  9.1 21 270   M    M   8 1      32 260
12  36  24  30   1  35   0 0.00  0.0    9 12.8 24 320   M    M   3        30 350
13  42  15  29   0  36   0 0.00  0.0    8  5.1 15 180   M    M   5        19 190
14  42  25  34   5  31   0 0.00  0.0    8  7.3 18 200   M    M   7 1      22 200
15  45  37  41  11  24   0 0.09  0.0    4 10.9 23 170   M    M  10 12     29 180
16  48  27  38   8  27   0 0.00  0.0    T  9.7 24 300   M    M   7 2      37 280
17  31  18  25  -5  40   0 0.00  0.0    T  9.9 22 310   M    M   2        30 310
18  36  15  26  -5  39   0 0.00  0.0    T  6.5 17 280   M    M   1        26 290
================================================================================
SM  625  236       734   0  0.67     6.7 139.3          M       95
================================================================================
AV 34.7 13.1                               7.7 FASTST   M    M   5    MAX(MPH)
                                 MISC ---->  # 28 330               # 37  280
================================================================================
NOTES:
# LAST OF SEVERAL OCCURRENCES

COLUMN 17 PEAK WIND IN M.P.H.

PRELIMINARY LOCAL CLIMATOLOGICAL DATA (WS FORM: F-6) , PAGE 2

                                          STATION:  BANGOR ME
                                          MONTH:    MARCH
                                          YEAR:     2019
                                          LATITUDE:   44 47 N
                                          LONGITUDE:  68 49 W

[TEMPERATURE DATA]      [PRECIPITATION DATA]       SYMBOLS USED IN COLUMN 16

AVERAGE MONTHLY: 23.9   TOTAL FOR MONTH:   0.67    1 = FOG OR MIST
DPTR FM NORMAL:  -3.9   DPTR FM NORMAL:   -1.17    2 = FOG REDUCING VISIBILITY
HIGHEST:    48 ON 16    GRTST 24HR  0.44 ON  4- 4      TO 1/4 MILE OR LESS
LOWEST:     -7 ON  8                               3 = THUNDER
                        SNOW, ICE PELLETS, HAIL    4 = ICE PELLETS
                        TOTAL MONTH:   6.7 INCHES  5 = HAIL
                        GRTST 24HR   4.8 ON  4- 4  6 = FREEZING RAIN OR DRIZZLE
                        GRTST DEPTH:  11 ON 11     7 = DUSTSTORM OR SANDSTORM:
                                                       VSBY 1/2 MILE OR LESS
                                                   8 = SMOKE OR HAZE
[NO. OF DAYS WITH]      [WEATHER - DAYS WITH]      9 = BLOWING SNOW
                                                   X = TORNADO
MAX 32 OR BELOW:   5    0.01 INCH OR MORE:   3
MAX 90 OR ABOVE:   0    0.10 INCH OR MORE:   2
MIN 32 OR BELOW:  17    0.50 INCH OR MORE:   0
MIN  0 OR BELOW:   4    1.00 INCH OR MORE:   0

[HDD (BASE 65) ]
TOTAL THIS MO.   734    CLEAR  (SCALE 0-3)   7
DPTR FM NORMAL    66    PTCLDY (SCALE 4-7)   7
TOTAL FM JUL 1  6426    CLOUDY (SCALE 8-10)  4
DPTR FM NORMAL   112

[CDD (BASE 65) ]
TOTAL THIS MO.     0
DPTR FM NORMAL     0    [PRESSURE DATA]
TOTAL FM JAN 1     0    HIGHEST SLP M ON M
DPTR FM NORMAL     0    LOWEST  SLP 29.44 ON 16

[REMARKS]
