000
CXUS55 KBYZ 191447
CF6BHK
PRELIMINARY LOCAL CLIMATOLOGICAL DATA (WS FORM: F-6)

                                          STATION:   BAKER MT
                                          MONTH:     MAY
                                          YEAR:      2019
                                          LATITUDE:   46 20 N
                                          LONGITUDE: 104 15 W

  TEMPERATURE IN F:       :PCPN:    SNOW:  WIND      :SUNSHINE: SKY     :PK WND
================================================================================
1   2   3   4   5  6A  6B    7    8   9   10  11  12  13   14  15   16   17  18
                                     12Z  AVG MX 2MIN
DY MAX MIN AVG DEP HDD CDD  WTR  SNW DPTH SPD SPD DIR MIN PSBL S-S WX    SPD DR
================================================================================

 1  44  29  37 -11  28   0 0.11    M    M  5.2 14 190   M    M   8 1      16 190
 2  61  26  44  -4  21   0    T    M    M 10.1 30 240   M    M   2        37 250
 3  61  30  46  -3  19   0 0.00    M    M  9.5 22 250   M    M   1        29 230
 4  59  35  47  -2  18   0 0.00    M    M  7.7 23  30   M    M   2        26  30
 5  42  33  38 -12  27   0 0.05    M    M 10.4 23  30   M    M  10 1      27  20
 6  48  29  39 -11  26   0 0.00    M    M  7.6 15 150   M    M   7        20 130
 7  46  29  38 -12  27   0 0.03    M    M 15.9 28 140   M    M   9        32 130
 8  50  33  42  -8  23   0 0.00    M    M  6.2 18  40   M    M  10 1      21  30
 9  54  25  40 -11  25   0 0.00    M    M  8.0 16 120   M    M   2 1      19 130
10  63  37  50  -1  15   0 0.07    M    M 12.7 32 270   M    M   2 1      39 260
11  52  31  42  -9  23   0    T    M    M 14.5 29 330   M    M   6        35 320
12  70  26  48  -4  17   0    T    M    M  4.4 14 230   M    M   0        17 230
13  79  43  61   9   4   0 0.00    M    M  7.6 24  20   M    M   1        30 340
14  77  38  58   6   7   0 0.00    M    M  7.0 17 150   M    M   0        22 120
15  79  48  64  11   1   0 0.00    M    M 12.6 28 300   M    M   0        32 300
16  60  44  52  -1  13   0 0.04    M    M 16.2 29  90   M    M   6 8      35  80
17  45  36  41 -12  24   0 0.96    M    M 24.6 35 100   M    M   9 1      43 110
18  36  32  34 -20  31   0 0.72    M    M 17.5 26  40   M    M  10 1      34  40
================================================================================
SM 1026  604       349   0  1.98    M    197.7          M       85
================================================================================
AV 57.0 33.6                              11.0 FASTST   M    M   5    MAX(MPH)
                                 MISC ---->  # 35 100               # 43  110
================================================================================
NOTES:
# LAST OF SEVERAL OCCURRENCES

COLUMN 17 PEAK WIND IN M.P.H.

PRELIMINARY LOCAL CLIMATOLOGICAL DATA (WS FORM: F-6) , PAGE 2

                                          STATION:  BAKER MT
                                          MONTH:    MAY
                                          YEAR:     2019
                                          LATITUDE:   46 20 N
                                          LONGITUDE: 104 15 W

[TEMPERATURE DATA]      [PRECIPITATION DATA]       SYMBOLS USED IN COLUMN 16

AVERAGE MONTHLY: 45.3   TOTAL FOR MONTH:   1.98    1 = FOG OR MIST
DPTR FM NORMAL:  -5.6   DPTR FM NORMAL:    0.50    2 = FOG REDUCING VISIBILITY
HIGHEST:    79 ON 15,13 GRTST 24HR  0.96 ON 17-17      TO 1/4 MILE OR LESS
LOWEST:     25 ON  9                               3 = THUNDER
                        SNOW, ICE PELLETS, HAIL    4 = ICE PELLETS
                        TOTAL MONTH:    M          5 = HAIL
                        GRTST 24HR    M  ON   M    6 = FREEZING RAIN OR DRIZZLE
                        GRTST DEPTH:  M  ON   M    7 = DUSTSTORM OR SANDSTORM:
                                                       VSBY 1/2 MILE OR LESS
                                                   8 = SMOKE OR HAZE
[NO. OF DAYS WITH]      [WEATHER - DAYS WITH]      9 = BLOWING SNOW
                                                   X = TORNADO
MAX 32 OR BELOW:   0    0.01 INCH OR MORE:   7
MAX 90 OR ABOVE:   0    0.10 INCH OR MORE:   3
MIN 32 OR BELOW:   9    0.50 INCH OR MORE:   2
MIN  0 OR BELOW:   0    1.00 INCH OR MORE:   0

[HDD (BASE 65) ]
TOTAL THIS MO.   349    CLEAR  (SCALE 0-3)   9
DPTR FM NORMAL    92    PTCLDY (SCALE 4-7)   3
TOTAL FM JUL 1  8681    CLOUDY (SCALE 8-10)  6
DPTR FM NORMAL   566

[CDD (BASE 65) ]
TOTAL THIS MO.     0
DPTR FM NORMAL     0    [PRESSURE DATA]
TOTAL FM JAN 1     0    HIGHEST SLP M ON M
DPTR FM NORMAL     0    LOWEST  SLP 29.47 ON 17

[REMARKS]
THIS IS AN AUTOMATED...UNATTENDED WEATHER STATION AND MAY
UNDERESTIMATE WINTER PRECIPITATION.
