000
CXUS55 KBYZ 181325
CF6BHK
PRELIMINARY LOCAL CLIMATOLOGICAL DATA (WS FORM: F-6)

                                          STATION:   BAKER MT
                                          MONTH:     MARCH
                                          YEAR:      2019
                                          LATITUDE:   46 20 N
                                          LONGITUDE: 104 15 W

  TEMPERATURE IN F:       :PCPN:    SNOW:  WIND      :SUNSHINE: SKY     :PK WND
================================================================================
1   2   3   4   5  6A  6B    7    8   9   10  11  12  13   14  15   16   17  18
                                     12Z  AVG MX 2MIN
DY MAX MIN AVG DEP HDD CDD  WTR  SNW DPTH SPD SPD DIR MIN PSBL S-S WX    SPD DR
================================================================================

 1  19   0  10 -16  55   0    T    M    M  9.0 21  10   M    M   6 18     24  10
 2   0 -25 -12 -38  77   0    T    M    M 12.5 20 270   M    M   4 18     23 290
 3  -5 -25 -15 -42  80   0 0.00    M    M 20.8 33 280   M    M   0 18     39 280
 4   6 -12  -3 -30  68   0 0.00    M    M 22.0 32 290   M    M   2 8      41 290
 5  16  -3   7 -21  58   0 0.00    M    M 12.8 25 290   M    M   3        33 290
 6  13 -12   1 -27  64   0    T    M    M  8.8 24 120   M    M   4        27 120
 7  18   3  11 -17  54   0    T    M    M 17.2 28 140   M    M   5 18     33 150
 8  31   3  17 -12  48   0    T    M    M  4.6 13  80   M    M   8 1      15  80
 9  26   5  16 -13  49   0    T    M    M 12.4 20  20   M    M   5 1      23  20
10  26  -4  11 -18  54   0 0.00    M    M  4.0 16 260   M    M   1 128    19 250
11  39  -9  15 -15  50   0 0.00    M    M  6.9 20 200   M    M   1 1      24 200
12  38   6  22  -8  43   0 0.00    M    M  5.9 17 250   M    M   0        22 240
13  31   4  18 -13  47   0 0.00    M    M 14.6 28 330   M    M   5        34 320
14  31  15  23  -8  42   0 0.00    M    M 15.8 29 330   M    M   0        34 330
15  34   0  17 -14  48   0 0.00    M    M  8.2 20 250   M    M   2 12     22 260
16  34  14  24  -8  41   0 0.00    M    M  8.6 17 270   M    M   3 1      20 280
17  36   5  21 -11  44   0 0.00    M    M  3.5 13 180   M    M   0        13 180
================================================================================
SM  393  -35       922   0    T     M    187.6          M       49
================================================================================
AV 23.1 -2.1                              11.0 FASTST   M    M   3    MAX(MPH)
                                 MISC ---->  # 33 280               # 41  290
================================================================================
NOTES:
# LAST OF SEVERAL OCCURRENCES

COLUMN 17 PEAK WIND IN M.P.H.

PRELIMINARY LOCAL CLIMATOLOGICAL DATA (WS FORM: F-6) , PAGE 2

                                          STATION:  BAKER MT
                                          MONTH:    MARCH
                                          YEAR:     2019
                                          LATITUDE:   46 20 N
                                          LONGITUDE: 104 15 W

[TEMPERATURE DATA]      [PRECIPITATION DATA]       SYMBOLS USED IN COLUMN 16

AVERAGE MONTHLY: 10.5   TOTAL FOR MONTH:      T    1 = FOG OR MIST
DPTR FM NORMAL: -18.5   DPTR FM NORMAL:   -0.33    2 = FOG REDUCING VISIBILITY
HIGHEST:    39 ON 11    GRTST 24HR    T  ON  9- 9      TO 1/4 MILE OR LESS
LOWEST:    -25 ON  3, 2                            3 = THUNDER
                        SNOW, ICE PELLETS, HAIL    4 = ICE PELLETS
                        TOTAL MONTH:    M          5 = HAIL
                        GRTST 24HR    M  ON   M    6 = FREEZING RAIN OR DRIZZLE
                        GRTST DEPTH:  M  ON   M    7 = DUSTSTORM OR SANDSTORM:
                                                       VSBY 1/2 MILE OR LESS
                                                   8 = SMOKE OR HAZE
[NO. OF DAYS WITH]      [WEATHER - DAYS WITH]      9 = BLOWING SNOW
                                                   X = TORNADO
MAX 32 OR BELOW:  12    0.01 INCH OR MORE:   0
MAX 90 OR ABOVE:   0    0.10 INCH OR MORE:   0
MIN 32 OR BELOW:  17    0.50 INCH OR MORE:   0
MIN  0 OR BELOW:   9    1.00 INCH OR MORE:   0

[HDD (BASE 65) ]
TOTAL THIS MO.   922    CLEAR  (SCALE 0-3)  10
DPTR FM NORMAL   311    PTCLDY (SCALE 4-7)   7
TOTAL FM JUL 1  7323    CLOUDY (SCALE 8-10)  0
DPTR FM NORMAL   557

[CDD (BASE 65) ]
TOTAL THIS MO.     0
DPTR FM NORMAL     0    [PRESSURE DATA]
TOTAL FM JAN 1     0    HIGHEST SLP  0.00 ON 17
DPTR FM NORMAL     0    LOWEST  SLP 29.60 ON M

[REMARKS]
THIS IS AN AUTOMATED...UNATTENDED WEATHER STATION AND MAY
UNDERESTIMATE WINTER PRECIPITATION.
