000
CXUS55 KVEF 270940
CF6BIH
PRELIMINARY LOCAL CLIMATOLOGICAL DATA (WS FORM: F-6)

                                          STATION:   BISHOP CA
                                          MONTH:     MAY
                                          YEAR:      2019
                                          LATITUDE:   37 22 N
                                          LONGITUDE: 118 22 W

  TEMPERATURE IN F:       :PCPN:    SNOW:  WIND      :SUNSHINE: SKY     :PK WND
================================================================================
1   2   3   4   5  6A  6B    7    8   9   10  11  12  13   14  15   16   17  18
                                     12Z  AVG MX 2MIN
DY MAX MIN AVG DEP HDD CDD  WTR  SNW DPTH SPD SPD DIR MIN PSBL S-S WX    SPD DR
================================================================================

 1  69  38  54  -5  11   0 0.00  0.0    0  7.7 16 150   M    M   0        21 360
 2  77  35  56  -3   9   0 0.00  0.0    0  5.8 12 200   M    M   0        17 190
 3  81  39  60   0   5   0 0.00  0.0    0  7.0 21 160   M    M   0        29 140
 4  84  37  61   1   4   0 0.00  0.0    0  7.2 20 350   M    M   0        27 360
 5  83  39  61   1   4   0 0.00  0.0    0 11.4 24 160   M    M   0        32 120
 6   M   M   M   M   M   M    T    M    0  6.1 13 160   M    M   1        50 150
 7  83  50  67   6   0   2 0.00  0.0    M 10.7 26 280   M    M   1        34 350
 8  82  46  64   3   1   0 0.00  0.0    0 10.0 22 360   M    M   2        34 340
 9  76  48  62   1   3   0 0.43    M    0  7.7 26 150   M    M   8 1      33 150
10  62  46  54  -8  11   0 0.11    M    0  3.7 16 180   M    M   9 1      22 170
11  77  41  59  -3   6   0 0.00  0.0    0  4.8 10 200   M    M   1        14 210
12  84  42  63   1   2   0 0.00  0.0    0  3.9 10 210   M    M   0        14 160
13  85  46  66   3   0   1 0.00  0.0    0  7.1 24 140   M    M   1        35 140
14  84  46  65   2   0   0 0.00  0.0    0  8.4 21 140   M    M   0        28 140
15  79  56  68   5   0   3 0.00  0.0    0 15.2 31 170   M    M   2        42 180
16  64  43  54  -9  11   0 0.28    M    0 15.1 36 260   M    M   7 13     47 270
17  69  34  52 -12  13   0 0.00  0.0    0  6.8 22 360   M    M   3        28  10
18  72  35  54 -10  11   0 0.00  0.0    0 10.0 28 150   M    M   2        35 160
19  64  41  53 -11  12   0    T    M    0 10.2 35 260   M    M   3        52 240
20  73  35  54 -10  11   0 0.00  0.0    0  8.9 21 320   M    M   1        27 310
21  68  34  51 -14  14   0 0.00  0.0    0 11.8 24 280   M    M   2        31 280
22  62  44  53 -12  12   0    T    M    M 11.5 26 360   M    M   7        34 350
23  60  45  53 -12  12   0 0.05    M    0  5.1 16 350   M    M  10        20 350
24  73  43  58  -8   7   0 0.00  0.0    0  8.2 20 140   M    M   5        27 140
25  77  46  62  -4   3   0    T    M    0  8.1 29 240   M    M   3        34 250
26  71  41  56 -10   9   0    T    M    0 11.1 32 140   M    M   5        42 140
================================================================================
SM 1859 1050       171   6  0.87     0.0 223.5          M       73
================================================================================
AV 74.4 42.0                               8.6 FASTST   M    M   3    MAX(MPH)
                                 MISC ---->  # 36 260               # 52  240
================================================================================
NOTES:
# LAST OF SEVERAL OCCURRENCES

COLUMN 17 PEAK WIND IN M.P.H.

PRELIMINARY LOCAL CLIMATOLOGICAL DATA (WS FORM: F-6) , PAGE 2

                                          STATION:  BISHOP CA
                                          MONTH:    MAY
                                          YEAR:     2019
                                          LATITUDE:   37 22 N
                                          LONGITUDE: 118 22 W

[TEMPERATURE DATA]      [PRECIPITATION DATA]       SYMBOLS USED IN COLUMN 16

AVERAGE MONTHLY: 58.2   TOTAL FOR MONTH:   0.87    1 = FOG OR MIST
DPTR FM NORMAL:  -4.4   DPTR FM NORMAL:    0.71    2 = FOG REDUCING VISIBILITY
HIGHEST:    85 ON 13    GRTST 24HR  0.43 ON  9- 9      TO 1/4 MILE OR LESS
LOWEST:     34 ON 21,17                            3 = THUNDER
                        SNOW, ICE PELLETS, HAIL    4 = ICE PELLETS
                        TOTAL MONTH:   0.0 INCH    5 = HAIL
                        GRTST 24HR     0.0         6 = FREEZING RAIN OR DRIZZLE
                        GRTST DEPTH:   0           7 = DUSTSTORM OR SANDSTORM:
                                                       VSBY 1/2 MILE OR LESS
                                                   8 = SMOKE OR HAZE
[NO. OF DAYS WITH]      [WEATHER - DAYS WITH]      9 = BLOWING SNOW
                                                   X = TORNADO
MAX 32 OR BELOW:   0    0.01 INCH OR MORE:   4
MAX 90 OR ABOVE:   0    0.10 INCH OR MORE:   3
MIN 32 OR BELOW:   0    0.50 INCH OR MORE:   0
MIN  0 OR BELOW:   0    1.00 INCH OR MORE:   0

[HDD (BASE 65) ]
TOTAL THIS MO.   171    CLEAR  (SCALE 0-3)  19
DPTR FM NORMAL    64    PTCLDY (SCALE 4-7)   5
TOTAL FM JUL 1  4040    CLOUDY (SCALE 8-10)  2
DPTR FM NORMAL  -109

[CDD (BASE 65) ]
TOTAL THIS MO.     6
DPTR FM NORMAL   -38    [PRESSURE DATA]
TOTAL FM JAN 1     9    HIGHEST SLP M ON M
DPTR FM NORMAL   -39    LOWEST  SLP 29.45 ON 26

[REMARKS]
