000
CXUS55 KBYZ 231056
CF6BIL
PRELIMINARY LOCAL CLIMATOLOGICAL DATA (WS FORM: F-6)

                                          STATION:   BILLINGS MT
                                          MONTH:     MARCH
                                          YEAR:      2019
                                          LATITUDE:   45 47 N
                                          LONGITUDE: 108 32 W

  TEMPERATURE IN F:       :PCPN:    SNOW:  WIND      :SUNSHINE: SKY     :PK WND
================================================================================
1   2   3   4   5  6A  6B    7    8   9   10  11  12  13   14  15   16   17  18
                                     12Z  AVG MX 2MIN
DY MAX MIN AVG DEP HDD CDD  WTR  SNW DPTH SPD SPD DIR MIN PSBL S-S WX    SPD DR
================================================================================

 1  23  -1  11 -23  54   0 0.05  1.0   18 10.0 30  30   M    M   5 19     36  30
 2  -1 -13  -7 -41  72   0 0.03  0.3   16  8.2 15  50   M    M   8 18     17  50
 3   0 -19  -9 -43  74   0    T  0.1   16  8.4 16 240   M    M   2 18     18 230
 4  10 -19  -4 -38  69   0 0.00  0.0   15 17.7 23 230   M    M   0        26 230
 5  21  -8   7 -28  58   0 0.00  0.0   14 12.2 23 240   M    M   1        27 230
 6  13   4   9 -26  56   0 0.02  0.3   13  8.2 16  40   M    M  10 1      19  40
 7  33   5  19 -16  46   0    T    T   14  5.9 17 210   M    M   6 1      19 230
 8  33  19  26 -10  39   0    T  0.1   12  7.2 14 360   M    M   9 1      16 360
 9  33  20  27  -9  38   0 0.01  0.3   10  8.5 17 240   M    M   6 1      21 240
10  34   9  22 -14  43   0 0.00  0.0    8  9.4 18 220   M    M   1        21 220
11  41  13  27  -9  38   0 0.00  0.0    6 15.3 24 240   M    M   1        31 240
12  45  22  34  -3  31   0 0.00  0.0    5  7.6 15 230   M    M   1        17 220
13  34  22  28  -9  37   0 0.01  0.1    4 10.4 20 330   M    M   9 1      25 330
14  38  21  30  -7  35   0 0.00  0.0    4 10.8 20 310   M    M   6        24 310
15  43  21  32  -6  33   0 0.00  0.0    3 10.7 21 240   M    M   2        25 230
16  46  21  34  -4  31   0 0.00  0.0    3  8.1 16 230   M    M   5        18 220
17  42  25  34  -4  31   0 0.00  0.0    2  5.8 15 220   M    M   6        16 230
18  46  22  34  -4  31   0 0.00  0.0    1 10.4 17 310   M    M   1        20 210
19  48  23  36  -3  29   0 0.00  0.0    0 10.3 21 230   M    M   0        24 230
20  58  29  44   5  21   0 0.00  0.0    T 11.1 21 230   M    M   0        25 230
21  55  28  42   3  23   0 0.00  0.0    T  9.2 17 210   M    M   1        20 220
22  55  28  42   3  23   0 0.00  0.0    0  5.8 15 150   M    M   4        19 150
================================================================================
SM  750  272       912   0  0.12     2.2 211.2          M       84
================================================================================
AV 34.1 12.4                               9.6 FASTST   M    M   4    MAX(MPH)
                                 MISC ---->  # 30  30               # 36   30
================================================================================
NOTES:
# LAST OF SEVERAL OCCURRENCES

COLUMN 17 PEAK WIND IN M.P.H.

PRELIMINARY LOCAL CLIMATOLOGICAL DATA (WS FORM: F-6) , PAGE 2

                                          STATION:  BILLINGS MT
                                          MONTH:    MARCH
                                          YEAR:     2019
                                          LATITUDE:   45 47 N
                                          LONGITUDE: 108 32 W

[TEMPERATURE DATA]      [PRECIPITATION DATA]       SYMBOLS USED IN COLUMN 16

AVERAGE MONTHLY: 23.2   TOTAL FOR MONTH:   0.12    1 = FOG OR MIST
DPTR FM NORMAL: -13.3   DPTR FM NORMAL:   -0.56    2 = FOG REDUCING VISIBILITY
HIGHEST:    58 ON 20    GRTST 24HR  0.05 ON  1- 1      TO 1/4 MILE OR LESS
LOWEST:    -19 ON  4, 3                            3 = THUNDER
                        SNOW, ICE PELLETS, HAIL    4 = ICE PELLETS
                        TOTAL MONTH:   2.2 INCHES  5 = HAIL
                        GRTST 24HR   1.0 ON  1- 1  6 = FREEZING RAIN OR DRIZZLE
                        GRTST DEPTH:  18 ON  1     7 = DUSTSTORM OR SANDSTORM:
                                                       VSBY 1/2 MILE OR LESS
                                                   8 = SMOKE OR HAZE
[NO. OF DAYS WITH]      [WEATHER - DAYS WITH]      9 = BLOWING SNOW
                                                   X = TORNADO
MAX 32 OR BELOW:   6    0.01 INCH OR MORE:   5
MAX 90 OR ABOVE:   0    0.10 INCH OR MORE:   0
MIN 32 OR BELOW:  22    0.50 INCH OR MORE:   0
MIN  0 OR BELOW:   5    1.00 INCH OR MORE:   0

[HDD (BASE 65) ]
TOTAL THIS MO.   912    CLEAR  (SCALE 0-3)  11
DPTR FM NORMAL   286    PTCLDY (SCALE 4-7)   7
TOTAL FM JUL 1  6400    CLOUDY (SCALE 8-10)  4
DPTR FM NORMAL   809

[CDD (BASE 65) ]
TOTAL THIS MO.     0
DPTR FM NORMAL     0    [PRESSURE DATA]
TOTAL FM JAN 1     0    HIGHEST SLP  0.00 ON 17
DPTR FM NORMAL     0    LOWEST  SLP 29.60 ON M

[REMARKS]
