000
CXUS53 KBIS 210803
CF6BIS
PRELIMINARY LOCAL CLIMATOLOGICAL DATA (WS FORM: F-6)

                                          STATION:   BISMARCK ND
                                          MONTH:     MARCH
                                          YEAR:      2019
                                          LATITUDE:   46 46 N
                                          LONGITUDE: 100 45 W

  TEMPERATURE IN F:       :PCPN:    SNOW:  WIND      :SUNSHINE: SKY     :PK WND
================================================================================
1   2   3   4   5  6A  6B    7    8   9   10  11  12  13   14  15   16   17  18
                                     12Z  AVG MX 2MIN
DY MAX MIN AVG DEP HDD CDD  WTR  SNW DPTH SPD SPD DIR MIN PSBL S-S WX    SPD DR
================================================================================

 1  18  -3   8 -15  57   0 0.13  1.3    9  4.6 16 340   M    M   6 1      19 350
 2   4 -14  -5 -29  70   0    T    T   10 13.9 22 320   M    M   4        30 320
 3   2 -15  -6 -30  71   0    T    T    9 17.3 28 290   M    M   3 89     39 290
 4  13  -5   4 -20  61   0 0.04  0.6    8 20.4 33 290   M    M   8 189    48 290
 5  22   2  12 -13  53   0    T    T    8 13.0 23 290   M    M   2 19     30 270
 6  14  -6   4 -21  61   0 0.00  0.0    8  7.7 14 340   M    M   0        18 280
 7  16 -12   2 -24  63   0    T    T    7  9.9 18 160   M    M   7 18     22 160
 8  26  14  20  -6  45   0    T    T    7  5.6 12 120   M    M   9 18     18  60
 9  26  17  22  -5  43   0 0.68  9.5   11 10.9 25 330   M    M   7 12     33 330
10  27  -9   9 -18  56   0 0.00  0.0   13  6.3 13 320   M    M   1 128    21 310
11  26 -10   8 -20  57   0 0.00    M   12  4.5 14 140   M    M   4 128    16 150
12  39   7  23  -5  42   0 0.00  0.0   12  4.1  9 240   M    M   3 128    15 210
13  34   3  19  -9  46   0    T  0.1   11 11.4 26 350   M    M   4 1      43 350
14  35  25  30   1  35   0 0.14  1.6   13 21.6 33 330   M    M   4 1      50 340
15  37  19  28  -1  37   0 0.00  0.0   11  7.9 15 310   M    M   2        24 290
16  37  15  26  -4  39   0    T  0.1   10  6.2 16 280   M    M   7 18     19 270
17  39   9  24  -6  41   0 0.00  0.0   10  6.8 14 280   M    M   2        19 290
18  38   9  24  -7  41   0    T  0.0    9  5.5 17 220   M    M   4        22 200
19  42  25  34   3  31   0 0.00  0.0    8  8.6 17 270   M    M   2 18     23 290
20  47  26  37   5  28   0 0.00  0.0    7  6.2 15 320   M    M   0 12     19 310
================================================================================
SM  542   97       977   0  0.99    13.2 192.4          M       79
================================================================================
AV 27.1  4.9                               9.6 FASTST   M    M   4    MAX(MPH)
                                 MISC ---->  # 33 290               # 50  340
================================================================================
NOTES:
# LAST OF SEVERAL OCCURRENCES

COLUMN 17 PEAK WIND IN M.P.H.

PRELIMINARY LOCAL CLIMATOLOGICAL DATA (WS FORM: F-6) , PAGE 2

                                          STATION:  BISMARCK ND
                                          MONTH:    MARCH
                                          YEAR:     2019
                                          LATITUDE:   46 46 N
                                          LONGITUDE: 100 45 W

[TEMPERATURE DATA]      [PRECIPITATION DATA]       SYMBOLS USED IN COLUMN 16

AVERAGE MONTHLY: 16.0   TOTAL FOR MONTH:   0.99    1 = FOG OR MIST
DPTR FM NORMAL: -11.4   DPTR FM NORMAL:    0.47    2 = FOG REDUCING VISIBILITY
HIGHEST:    47 ON 20    GRTST 24HR  0.68 ON  9- 9      TO 1/4 MILE OR LESS
LOWEST:    -15 ON  3                               3 = THUNDER
                        SNOW, ICE PELLETS, HAIL    4 = ICE PELLETS
                        TOTAL MONTH:  13.2 INCHES  5 = HAIL
                        GRTST 24HR   9.5 ON  9- 9  6 = FREEZING RAIN OR DRIZZLE
                        GRTST DEPTH:  13 ON 14,10  7 = DUSTSTORM OR SANDSTORM:
                                                       VSBY 1/2 MILE OR LESS
                                                   8 = SMOKE OR HAZE
[NO. OF DAYS WITH]      [WEATHER - DAYS WITH]      9 = BLOWING SNOW
                                                   X = TORNADO
MAX 32 OR BELOW:  11    0.01 INCH OR MORE:   4
MAX 90 OR ABOVE:   0    0.10 INCH OR MORE:   3
MIN 32 OR BELOW:  20    0.50 INCH OR MORE:   1
MIN  0 OR BELOW:   8    1.00 INCH OR MORE:   0

[HDD (BASE 65) ]
TOTAL THIS MO.   977    CLEAR  (SCALE 0-3)   9
DPTR FM NORMAL   224    PTCLDY (SCALE 4-7)  10
TOTAL FM JUL 1  7824    CLOUDY (SCALE 8-10)  1
DPTR FM NORMAL   640

[CDD (BASE 65) ]
TOTAL THIS MO.     0
DPTR FM NORMAL     0    [PRESSURE DATA]
TOTAL FM JAN 1     0    HIGHEST SLP M ON M
DPTR FM NORMAL     0    LOWEST  SLP 29.65 ON 12

[REMARKS]
