000
CXUS53 KBIS 190803
CF6BIS
PRELIMINARY LOCAL CLIMATOLOGICAL DATA (WS FORM: F-6)

                                          STATION:   BISMARCK ND
                                          MONTH:     MAY
                                          YEAR:      2019
                                          LATITUDE:   46 46 N
                                          LONGITUDE: 100 45 W

  TEMPERATURE IN F:       :PCPN:    SNOW:  WIND      :SUNSHINE: SKY     :PK WND
================================================================================
1   2   3   4   5  6A  6B    7    8   9   10  11  12  13   14  15   16   17  18
                                     12Z  AVG MX 2MIN
DY MAX MIN AVG DEP HDD CDD  WTR  SNW DPTH SPD SPD DIR MIN PSBL S-S WX    SPD DR
================================================================================

 1  45  32  39 -11  26   0 0.04  0.0    0  5.2 13  20   M    M   9 1      15  30
 2  62  23  43  -8  22   0 0.05  0.0    0  9.5 23 150   M    M   2 12     36 180
 3  66  40  53   2  12   0 0.00  0.0    0  8.0 17 330   M    M   1        24 330
 4  56  39  48  -4  17   0 0.00  0.0    0  9.2 18  10   M    M   5        24  10
 5  54  33  44  -8  21   0    T  0.0    0  7.6 16 330   M    M   7        26 330
 6  56  30  43  -9  22   0 0.00  0.0    0  4.1 13 210   M    M   5 8      16 210
 7  55  29  42 -11  23   0 0.05  0.0    0  8.8 22 170   M    M   5 1      30 160
 8  57  39  48  -5  17   0 0.04  0.0    0 10.8 21  40   M    M   9        26  60
 9  56  32  44  -9  21   0 0.00  0.0    0  9.2 20  10   M    M   1        28 320
10  68  35  52  -2  13   0    T  0.0    0 11.4 33 260   M    M   8 8      48 260
11  55  47  51  -3  14   0 0.13  0.0    0 10.3 24 320   M    M   9 1      31 330
12  68  42  55   1  10   0 0.00  0.0    0  5.9 14 340   M    M   1        20 330
13  79  44  62   7   3   0    T  0.0    0  8.8 21 150   M    M   2        27 140
14  78  49  64   9   1   0 0.00  0.0    0  8.1 18  80   M    M   0        24  40
15  86  50  68  13   0   3 0.03  0.0    0 13.5 30 210   M    M   1 3      40 150
16  64  47  56   0   9   0    T  0.0    0 12.6 22 330   M    M   5        31 330
17  52  41  47  -9  18   0 0.22  0.0    0 16.0 29  50   M    M   9 1      40  60
18  45  39  42 -14  23   0 1.06  0.0    0 18.2 29  40   M    M  10 1      42  30
================================================================================
SM 1102  691       272   3  1.62     0.0 177.2          M       89
================================================================================
AV 61.2 38.4                               9.8 FASTST   M    M   5    MAX(MPH)
                                 MISC ---->  # 33 260               # 48  260
================================================================================
NOTES:
# LAST OF SEVERAL OCCURRENCES

COLUMN 17 PEAK WIND IN M.P.H.

PRELIMINARY LOCAL CLIMATOLOGICAL DATA (WS FORM: F-6) , PAGE 2

                                          STATION:  BISMARCK ND
                                          MONTH:    MAY
                                          YEAR:     2019
                                          LATITUDE:   46 46 N
                                          LONGITUDE: 100 45 W

[TEMPERATURE DATA]      [PRECIPITATION DATA]       SYMBOLS USED IN COLUMN 16

AVERAGE MONTHLY: 49.8   TOTAL FOR MONTH:   1.62    1 = FOG OR MIST
DPTR FM NORMAL:  -3.6   DPTR FM NORMAL:    0.33    2 = FOG REDUCING VISIBILITY
HIGHEST:    86 ON 15    GRTST 24HR  1.06 ON 18-18      TO 1/4 MILE OR LESS
LOWEST:     23 ON  2                               3 = THUNDER
                        SNOW, ICE PELLETS, HAIL    4 = ICE PELLETS
                        TOTAL MONTH:   0.0 INCH    5 = HAIL
                        GRTST 24HR     0.0         6 = FREEZING RAIN OR DRIZZLE
                        GRTST DEPTH:   0           7 = DUSTSTORM OR SANDSTORM:
                                                       VSBY 1/2 MILE OR LESS
                                                   8 = SMOKE OR HAZE
[NO. OF DAYS WITH]      [WEATHER - DAYS WITH]      9 = BLOWING SNOW
                                                   X = TORNADO
MAX 32 OR BELOW:   0    0.01 INCH OR MORE:   8
MAX 90 OR ABOVE:   0    0.10 INCH OR MORE:   3
MIN 32 OR BELOW:   5    0.50 INCH OR MORE:   1
MIN  0 OR BELOW:   0    1.00 INCH OR MORE:   1

[HDD (BASE 65) ]
TOTAL THIS MO.   272    CLEAR  (SCALE 0-3)   7
DPTR FM NORMAL    58    PTCLDY (SCALE 4-7)   6
TOTAL FM JUL 1  9040    CLOUDY (SCALE 8-10)  5
DPTR FM NORMAL   671

[CDD (BASE 65) ]
TOTAL THIS MO.     3
DPTR FM NORMAL     3    [PRESSURE DATA]
TOTAL FM JAN 1     3    HIGHEST SLP M ON M
DPTR FM NORMAL     2    LOWEST  SLP 29.58 ON 15

[REMARKS]
