000
CXUS53 KGRR 241017
CF6BIV
PRELIMINARY LOCAL CLIMATOLOGICAL DATA (WS FORM: F-6)

                                          STATION:   HOLLAND
                                          MONTH:     MAY
                                          YEAR:      2019
                                          LATITUDE:   42 49 N
                                          LONGITUDE:  86 10 W

  TEMPERATURE IN F:       :PCPN:    SNOW:  WIND      :SUNSHINE: SKY     :PK WND
================================================================================
1   2   3   4   5  6A  6B    7    8   9   10  11  12  13   14  15   16   17  18
                                     12Z  AVG MX 2MIN
DY MAX MIN AVG DEP HDD CDD  WTR  SNW DPTH SPD SPD DIR MIN PSBL S-S WX    SPD DR
================================================================================

 1  56  42  49  -5  16   0 1.35    M    M 11.2 25 240   M    M   9 18     36 240
 2  52  41  47  -7  18   0 0.17    M    M  4.6 14  90   M    M  10 18     20  90
 3  54  45  50  -4  15   0    T    M    M  5.8 12  90   M    M  10 1      16  20
 4  60  38  49  -6  16   0 0.00    M    M  3.1 13 300   M    M   2 1      18 310
 5  68  37  53  -2  12   0 0.00    M    M  4.9 14 270   M    M   0 1      20 300
 6  65  47  56   0   9   0 0.08    M    M  5.3 14 290   M    M   8 1      18 290
 7  59  43  51  -5  14   0 0.01    M    M  6.7 15 100   M    M   6        23  80
 8  61  43  52  -4  13   0    T    M    M 14.8 28 110   M    M   4        38 110
 9  71  44  58   2   7   0 0.91    M    M 12.0 24 240   M    M   9 13     32 240
10  50  38  44 -13  21   0 0.00    M    M  9.0 17 300   M    M   5 1      31 300
11  54  36  45 -12  20   0 0.05    M    M  7.0 15 100   M    M   5        21  50
12  57  44  51  -6  14   0 0.04    M    M  6.1 12  60   M    M  10        17  70
13  59  39  49  -9  16   0    T    M    M  6.6 15 310   M    M   6 1      21 320
14  65  36  51  -7  14   0 0.00    M    M  5.7 13 260   M    M   0        20 270
15  68  46  57  -1   8   0 0.00    M    M  5.7 16 260   M    M   4        23 260
16  73  51  62   3   3   0 0.05    M    0 10.2 25 190   M    M   4 123    36 210
17  65  47  56  -3   9   0 0.03    M    M  6.2 14 320   M    M   8 12     19  50
18  80  50  65   6   0   0 0.91    M    0  8.2 29 210   M    M   5 138    42 220
19  74  51  63   3   2   0 0.12    M    M 13.0 26 220   M    M   6 13     40 220
20  53  44  49 -11  16   0 0.00    M    M  9.1 18 310   M    M   8 1      30 310
21  61  41  51  -9  14   0 0.00    M    0 10.5 21 100   M    M   3        32 120
22  79  51  65   4   0   0 0.18    M    M 12.3 25 110   M    M   6 1      35 120
23  72  52  62   1   3   0 0.19  0.0    0 12.5 35 230   M    M   2 13     45 220
================================================================================
SM 1456 1006       260   0  4.09     0.0 190.5          M      130
================================================================================
AV 63.3 43.7                               8.3 FASTST   M    M   6    MAX(MPH)
                                 MISC ---->  # 35 230               # 45  220
================================================================================
NOTES:
# LAST OF SEVERAL OCCURRENCES

COLUMN 17 PEAK WIND IN M.P.H.

PRELIMINARY LOCAL CLIMATOLOGICAL DATA (WS FORM: F-6) , PAGE 2

                                          STATION:  HOLLAND
                                          MONTH:    MAY
                                          YEAR:     2019
                                          LATITUDE:   42 49 N
                                          LONGITUDE:  86 10 W

[TEMPERATURE DATA]      [PRECIPITATION DATA]       SYMBOLS USED IN COLUMN 16

AVERAGE MONTHLY: 53.5   TOTAL FOR MONTH:   4.09    1 = FOG OR MIST
DPTR FM NORMAL:  -3.9   DPTR FM NORMAL:    1.62    2 = FOG REDUCING VISIBILITY
HIGHEST:    80 ON 18    GRTST 24HR  1.35 ON  1- 1      TO 1/4 MILE OR LESS
LOWEST:     36 ON 14,11                            3 = THUNDER
                        SNOW, ICE PELLETS, HAIL    4 = ICE PELLETS
                        TOTAL MONTH:   0.0 INCH    5 = HAIL
                        GRTST 24HR     0.0         6 = FREEZING RAIN OR DRIZZLE
                        GRTST DEPTH:   0           7 = DUSTSTORM OR SANDSTORM:
                                                       VSBY 1/2 MILE OR LESS
                                                   8 = SMOKE OR HAZE
[NO. OF DAYS WITH]      [WEATHER - DAYS WITH]      9 = BLOWING SNOW
                                                   X = TORNADO
MAX 32 OR BELOW:   0    0.01 INCH OR MORE:  13
MAX 90 OR ABOVE:   0    0.10 INCH OR MORE:   7
MIN 32 OR BELOW:   0    0.50 INCH OR MORE:   3
MIN  0 OR BELOW:   0    1.00 INCH OR MORE:   1

[HDD (BASE 65) ]
TOTAL THIS MO.   260    CLEAR  (SCALE 0-3)   5
DPTR FM NORMAL    66    PTCLDY (SCALE 4-7)  12
TOTAL FM JUL 1  6494    CLOUDY (SCALE 8-10)  6
DPTR FM NORMAL   421

[CDD (BASE 65) ]
TOTAL THIS MO.     0
DPTR FM NORMAL   -20    [PRESSURE DATA]
TOTAL FM JAN 1     0    HIGHEST SLP M ON M
DPTR FM NORMAL   -24    LOWEST  SLP 29.56 ON 19

[REMARKS]
